MONTHLY CLIMATOLOGICAL SUMMARY for OCT. 2007

NAME: LaCrosseWS2300   CITY: Rossano Veneto (VI) STATE: Italia
ELEV: 86m/slm  LAT: 045:42:2 LONG: Long.-011:48:60 

                            TEMPERATURE ( C), RAIN (mm), WIND SPEED (kmh)

                                                 HEAT     COOL           AVG
      MEAN                                       DEG      DEG            WIND                         DOM
DAY   TEMP    HIGH   TIME      LOW     TIME      DAYS     DAYS   RAIN    SPEED    HIGH    TIME        DIR
----------------------------------------------------------------------------------------------------------
01    17.6    25.8   ------    10.9   ------     ----     00.0    00.0   ----     ----    ------     ---
02    18.3    26.1   ------    11.8   ------     ----     00.0    00.0   ----     ----    ------     ---
03    18.2    25.8   ------    11.7   ------     ----     00.0    00.0   ----     ----    ------     ---
04    18.7    22.9   ------    15.9   ------     ----     00.0    02.1   ----     ----    ------     ---
05    19.5    24.2   ------    15.6   ------     ----     00.0    00.0   ----     ----    ------     ---
06    16.0    19.6   ------    11.8   ------     ----     00.0    14.5   ----     ----    ------     ---
07    14.2    22.1   ------    10.5   ------     ----     00.0    00.0   ----     ----    ------     ---
08    14.8    21.9   ------    09.8   ------     ----     00.0    00.0   ----     ----    ------     ---
09    14.8    20.9   ------    09.8   ------     ----     00.0    00.0   ----     ----    ------     ---
10    15.0    20.3   ------    10.7   ------     ----     00.0    00.0   ----     ----    ------     ---
11    14.1    20.5   ------    09.1   ------     ----     00.0    00.0   ----     ----    ------     ---
12    14.9    21.6   ------    08.8   ------     ----     00.0    00.0   ----     ----    ------     ---
13    14.8    21.8   ------    10.4   ------     ----     00.0    00.0   ----     ----    ------     ---
14    12.7    15.1   ------    08.2   ------     ----     00.0    00.0   ----     ----    ------     ---
15    11.1    18.7   ------    05.4   ------     ----     00.0    00.0   ----     ----    ------     ---
16    11.5    18.9   ------    05.9   ------     ----     00.0    00.0   ----     ----    ------     ---   
17    11.7    15.9   00:00a    06.4   22:46p     07.6     00.0    00.0   00.0     00.0    00:00a     ENE
18    11.3    13.5   12:55p    07.3   23:22p     07.0     00.0    01.0   00.0     01.9    15:10p     ENE
19    10.7    14.4   14:05p    04.8   07:39a     07.6     00.0    00.0   00.2     09.3    13:08p     ENE
20    09.2    14.1   14:27p    04.3   07:17p     09.1     00.0    00.0   00.2     68.5    14:47p      NE
21    06.4    14.5   14:42p    03.9   11:31a     11.9     00.0    00.0   00.0     05.5    14:23p      NE
22    09.7    13.9   14:14p    03.9   00:28a     08.6     00.0    00.0   00.1     11.1    15:45p     SSE
23    10.8    14.4   16:04p    07.8   07:12a     07.5     00.0    00.0   00.0     01.9    14:38p      SE
24    09.4    11.6   16:11p    07.4   08:04a     08.9     00.0    12.4   00.3     12.9    03:08a      N 
25    10.4    14.2   15:27p    06.8   01:12a     07.9     00.0    00.0   00.0     03.7    11:20a     WNW
26    11.2    12.3   03:04a    10.3   08:42a     07.1     00.0    08.7   00.4     11.1    10:34a     ENE
27    14.1    20.2   15:20p    11.0   07:32a     04.2     00.0    00.0   00.1     07.4    13:55p     SSW
28    13.4    16.5   13:35p    08.9   00:00a     04.9     00.0    01.0   00.0     03.7    19:52p     ESE
29    11.3    16.7   14:01p    06.7   04:56a     07.0     00.0    00.0   00.1     11.1    14:58p      SE
30    10.0    10.9   15:44p    08.3   01:00a     08.3     00.0    12.8   00.8     11.1    14:36p     ENE
31    12.4    18.1   14:15p    07.8   23:53p     05.9     00.0    00.0   00.0     07.4    12:51p      NE
----------------------------------------------------------------------------------------------------------
      13.2    26.1   day 02    03.9   day 21    113.5    000.0    69.1   00.2     11.1    day 20     ENE
Min <=   5.0: 5
Max Rain: 14.5 ON 06-10-07
Days of Rain: 7 (> .2mm) 4 (> 2mm) 0 (> 25mm)