MONTHLY CLIMATOLOGICAL SUMMARY for OCT. 2010

NAME: Davis Vantage pro 2   CITY: Rossano Veneto STATE: Italia
ELEV: 86 LAT: 4542'30.22" LONG: 1148'17.75"

                            TEMPERATURE ( C), RAIN (mm), WIND SPEED (kmh)

                                               HEAT     COOL           AVG
      MEAN                                     DEG      DEG            WIND                       DOM
DAY   TEMP    HIGH   TIME     LOW    TIME      DAYS     DAYS    RAIN   SPEED    HIGH    TIME      DIR
----------------------------------------------------------------------------------------------------------------------------------------------------------
01    15.2    18.0   13:37    13.5   00:00     00.0     02.4    00.8   01.2     18.5    14:23     ENE
02    15.9    20.4   16:01    11.4   07:43     00.0     03.1    00.0   00.9     12.9    13:32      W 
03    17.0    19.9   12:22    14.8   07:46     00.0     04.2    00.0   01.2     11.1    11:03      E 
04    16.6    20.7   13:12    13.8   07:28     00.0     03.8    18.2   02.4     20.4    13:37      NE
05    18.6    22.9   13:54    16.5   02:20     00.0     05.8    36.6   02.0     31.4    14:28     NNE
06    18.6    24.0   15:11    14.0   08:02     00.0     05.8    00.0   01.6     18.5    15:36     ENE
07    18.0    22.8   15:06    14.6   07:16     00.0     05.2    00.0   02.2     18.5    18:49      E 
08    15.7    18.3   16:13    13.2   20:22     00.0     02.9    00.0   03.8     20.4    10:58      NE
09    14.4    18.8   15:22    09.9   23:36     00.0     01.6    00.0   02.7     18.5    13:18     ENE
10    12.3    18.6   15:36    07.6   07:47     00.5     00.0    00.0   02.7     29.6    14:04     ENE
11    12.9    19.1   15:54    07.4   06:56     00.0     00.1    00.0   03.4     24.1    13:05     ENE
12    12.8    19.0   15:03    08.7   06:22     00.0     00.0    00.0   02.2     24.1    14:20     ENE
13    12.8    17.6   14:08    08.1   07:44     00.0     00.0    00.0   02.2     16.6    21:38      NE
14    14.6    20.0   14:35    10.6   23:53     00.0     01.8    00.0   01.8     12.9    16:31      NW
15    12.7    18.6   14:27    08.4   07:48     00.1     00.0    00.0   02.2     18.5    14:43      E 
16    11.9    14.7   14:16    09.7   00:00     00.9     00.0    06.8   03.6     20.4    11:13      NE
17    09.8    10.9   16:15    08.5   00:00     03.0     00.0    24.6   06.2     31.4    09:12      NE
18    10.9    17.1   15:50    06.5   04:41     01.9     00.0    00.0   01.8     16.6    16:01     NNW
19    12.1    19.2   14:18    07.0   08:20     00.7     00.0    00.0   02.4     18.5    12:02     WNW
20    11.9    17.8   15:14    07.8   23:58     00.9     00.0    00.0   01.6     14.8    18:34     NNE
21    09.9    17.1   14:25    04.0   08:13     02.9     00.0    00.0   01.6     14.8    16:26     ESE
22    09.7    16.0   14:57    04.1   07:21     03.1     00.0    00.0   01.2     12.9    13:21     WNW
23    10.8    14.7   14:55    07.2   06:36     02.0     00.0    00.0   00.8     09.3    10:34      NW
24    10.9    13.0   13:06    09.3   06:01     01.9     00.0    15.0   01.5     18.5    20:48      NE
25    10.5    11.9   09:25    07.9   20:27     02.3     00.0    76.4   06.5     31.4    15:42     NNE
26    08.7    11.1   17:33    04.7   00:00     04.1     00.0    03.0   01.8     18.5    08:39     WNW
27    07.4    13.2   14:54    03.5   03:26     05.4     00.0    00.0   02.1     18.5    16:28     WNW
28    07.1    12.8   14:33    02.8   08:29     05.7     00.0    00.0   00.9     11.1    15:02     NNE
29    09.4    17.8   14:26    03.5   08:08     03.4     00.0    00.0   01.1     11.1    15:45     WNW
30    09.8    15.4   14:59    04.5   07:40     03.0     00.0    00.0   02.4     18.5    14:37     ENE
31    12.6    14.9   23:42    10.9   04:18     00.2     00.0    62.2   06.4     20.4    21:32     ENE
----------------------------------------------------------------------------------------------------------------------------------------------------------
12.6 (13.1)   24.0  day 06     02.8  day 28   041.9    036.8   243.8   02.4     31.5   day 17      NE
Max >=  20: 6
Max Rain: 76.4 ON 25-10-10
Days of Rain: 63 (> .2mm) 62 (> 2mm) 58 (> 20mm)