MONTHLY CLIMATOLOGICAL SUMMARY for OCT. 2011

NAME: Davis Vantage pro 2   CITY: Rossano Veneto STATE: Italia
ELEV: 86 LAT: 4542'30.22" LONG: 1148'17.75"

                            TEMPERATURE ( C), RAIN (mm), WIND SPEED (kmh)

                                               HEAT     COOL           AVG
      MEAN                                     DEG      DEG            WIND                       DOM
DAY   TEMP    HIGH   TIME     LOW    TIME      DAYS     DAYS    RAIN   SPEED    HIGH    TIME      DIR
----------------------------------------------------------------------------------------------------------------------------------------------------------
01    20.9    28.1   14:41    15.4   07:38     00.0     07.2    00.0   01.6     13.0    13:11      NE
02    21.2    28.2   15:11    14.8   05:57     00.0     07.5    00.0   01.8     18.5    12:46      NE
03    20.8    27.9   14:36    14.6   07:23     00.0     07.1    00.0   01.4     13.0    14:53     ESE
04    20.2    27.0   14:47    14.6   07:46     00.0     06.5    00.0   01.2     11.1    15:58      N 
05    20.6    27.3   14:49    15.3   07:40     00.0     06.9    00.0   00.9     11.1    16:05     ENE
06    20.2    26.2   15:31    14.7   07:30     00.0     06.5    00.0   02.1     18.5    14:58      E 
07    14.7    19.3   00:07    09.4   00:00     00.0     01.0    27.6   03.4     33.3    12:57      SE
08    11.0    17.3   15:42    06.6   05:08     02.7     00.0    00.0   01.8     14.8    16:46      NE
09    12.3    19.2   14:39    07.3   05:16     01.4     00.0    00.0   02.3     16.7    15:20     SSE
10    13.8    19.3   15:17    09.3   01:36     00.0     00.1    00.0   01.9     16.7    12:47     SSE
11    13.8    20.5   16:51    08.2   06:53     00.0     00.1    00.0   00.8     07.4    15:39     ESE
12    15.5    22.9   14:20    10.2   04:06     00.0     01.8    00.0   00.9     09.3    12:37      E 
13    16.5    22.8   14:02    11.9   06:33     00.0     02.8    00.0   03.4     18.5    21:49      E 
14    13.8    17.1   14:53    11.2   00:00     00.0     00.1    00.0   04.0     24.1    23:25      E 
15    10.5    16.0   15:03    06.3   07:38     03.2     00.0    00.0   03.0     22.2    10:13      NE
16    09.0    15.1   14:20    04.6   07:23     04.7     00.0    00.0   02.0     18.5    12:19      E 
17    09.1    15.1   14:16    04.1   07:36     04.6     00.0    00.0   01.1     13.0    12:45     ENE
18    09.6    16.3   15:18    03.9   06:41     04.1     00.0    00.0   01.2     14.8    13:55      SE
19    11.1    12.7   14:08    09.9   06:56     02.6     00.0    11.4   01.1     09.3    09:19      N 
20    10.7    12.0   07:30    09.0   00:00     03.0     00.0    40.8   03.2     27.8    12:47      NE
21    10.7    15.3   14:39    08.0   08:44     03.0     00.0    00.2   01.6     14.8    14:58     ENE
22    08.8    14.6   14:31    03.7   08:17     04.9     00.0    00.0   02.3     18.5    15:04     ENE
23    08.4    14.4   14:17    03.9   07:03     05.3     00.0    00.0   02.1     22.2    15:29     ENE
24    09.9    14.0   13:47    05.3   08:12     03.8     00.0    01.2   02.2     18.5    13:40     ENE
25    10.8    14.2   22:41    09.0   03:44     02.9     00.0    85.0   02.9     24.1    19:34      NE
26    14.1    16.1   16:36    11.6   00:00     00.0     00.4    25.8   03.3     27.8    03:56     ENE
27    13.4    18.4   14:36    08.7   08:49     00.3     00.0    00.0   01.6     18.5    03:30     SSE
28    12.8    16.6   15:04    10.0   00:00     00.9     00.0    00.0   01.2     13.0    13:21     SSE
29    11.5    17.3   14:30    07.0   08:35     02.2     00.0    00.2   00.8     11.1    23:49     WSW
30    11.6    16.1   13:08    08.5   03:51     02.1     00.0    00.0   00.8     13.0    11:02      N 
31    10.3    16.5   12:51    05.5   07:40     03.4     00.0    00.2   00.8     11.1    14:44     WSW
----------------------------------------------------------------------------------------------------------------------------------------------------------
13.5 (14.0)   28.2  day 02     03.7  day 22   055.1    048.1   192.6   01.9     33.3   day 07     ENE
Max >=  20: 9
Max Rain: 85.0 ON 25-10-11
Days of Rain: 6 (> .2mm) 5 (> 2mm) 4 (> 20mm)