MONTHLY CLIMATOLOGICAL SUMMARY for OCT. 2012

NAME: Davis Vantage pro 2   CITY: Rossano Veneto STATE: Italia
ELEV: 86 LAT: 4542'30.22" LONG: 1148'17.75"

                            TEMPERATURE ( C), RAIN (mm), WIND SPEED (kmh)

                                               HEAT     COOL           AVG
      MEAN                                     DEG      DEG            WIND                       DOM
DAY   TEMP    HIGH   TIME     LOW    TIME      DAYS     DAYS    RAIN   SPEED    HIGH    TIME      DIR
----------------------------------------------------------------------------------------------------------------------------------------------------------
01    18.5    22.6   14:02    16.2   04:59     00.0     04.8    21.2   03.2     31.5    01:50      NE
02    19.4    25.3   14:13    15.6   08:09     00.0     05.7    00.2   01.9     18.5    21:04      SW
03    18.9    23.7   15:27    15.1   08:09     00.0     05.2    00.0   01.2     16.7    16:12      W 
04    17.6    22.4   14:30    13.4   07:38     00.0     03.9    00.0   01.1     14.8    16:42     WNW
05    18.5    23.6   15:40    13.8   07:37     00.0     04.8    00.0   00.9     13.0    13:11      NE
06    18.6    23.5   14:56    15.4   08:01     00.0     04.9    00.0   00.7     14.8    15:12      NE
07    18.8    23.9   15:20    15.8   06:48     00.0     05.1    00.0   01.3     16.7    21:11      NE
08    17.2    19.3   15:08    15.5   08:08     00.0     03.5    00.0   03.4     22.2    06:03     ENE
09    16.9    20.4   13:50    14.5   08:01     00.0     03.2    00.4   00.8     14.8    13:37     ESE
10    16.8    19.6   15:14    14.9   08:20     00.0     03.1    00.0   01.4     14.8    15:38      E 
11    16.2    18.9   15:35    14.7   05:37     00.0     02.5    01.8   01.6     18.5    14:08     ENE
12    16.0    20.4   14:15    13.2   06:14     00.0     02.3    00.0   00.4     11.1    10:24      N 
13    15.7    19.4   14:04    12.3   00:00     00.0     02.0    01.4   03.0     27.8    15:39      NE
14    13.4    16.8   17:22    09.4   07:36     00.3     00.0    01.6   00.6     09.3    22:36      N 
15    14.0    15.6   17:55    11.4   23:31     00.0     00.3    38.4   03.8     29.6    21:18      N 
16    13.2    18.5   14:40    09.7   08:08     00.5     00.0    01.4   03.1     20.4    00:02     WNW
17    13.4    17.3   17:17    09.2   06:03     00.3     00.0    00.0   00.6     13.0    09:02      NW
18    14.3    19.9   15:16    09.7   08:20     00.0     00.6    00.0   00.5     09.3    15:12     WSW
19    13.5    19.2   14:34    08.9   08:11     00.2     00.0    00.0   00.5     11.1    14:33     SSW
20    13.6    19.2   13:43    08.6   08:16     00.1     00.0    00.2   00.5     11.1    17:31     SSE
21    14.8    19.3   15:29    12.0   08:27     00.0     01.1    00.0   00.4     09.3    15:12     WNW
22    15.8    23.2   15:18    10.6   07:13     00.0     02.1    00.0   01.1     11.1    14:53     NNE
23    15.2    22.8   15:12    10.5   08:24     00.0     01.5    00.0   01.7     18.5    14:20     ENE
24    13.7    21.0   14:43    08.9   08:36     00.0     00.0    00.0   00.8     13.0    15:34      NE
25    11.8    18.6   14:26    06.9   08:05     01.9     00.0    00.0   00.3     09.3    15:11      W 
26    11.7    14.2   15:10    09.1   04:30     02.0     00.0    23.8   00.5     09.3    21:52      NE
27    13.8    15.3   17:29    11.9   00:12     00.0     00.1    20.6   00.5     09.3    23:56     NNE
28    08.9    13.9   00:01    05.8   23:14     04.8     00.0    15.4   09.5     42.6    13:41     ENE
29    06.2    09.4   13:05    03.1   00:00     07.5     00.0    00.6   01.6     14.8    14:20     WNW
30    05.3    10.8   13:58    01.5   07:21     08.4     00.0    00.0   00.4     09.3    11:23     NNW
31    08.9    12.6   12:21    05.6   00:05     04.8     00.0    15.6   06.9     53.7    23:41      NE
----------------------------------------------------------------------------------------------------------------------------------------------------------
14.5 (15.1)   25.3  day 02     01.5  day 30   030.6    056.8   142.8   01.8     53.7   day 31      NE
Max <=   21: 22
Min <=   13: 19
Min <= 11: 15
Max Rain: 38.4 ON 15-10-12
Days of Rain: 15 (> .2mm) 9 (> 2mm) 4 (> 20mm)