MONTHLY CLIMATOLOGICAL SUMMARY for OCT. 2013

NAME: Davis Vantage pro 2   CITY: Rossano Veneto STATE: Italia
ELEV: 86 LAT: 4542'30.22" LONG: 1148'17.75"

                            TEMPERATURE ( C), RAIN (mm), WIND SPEED (kmh)

                                               HEAT     COOL           AVG
      MEAN                                     DEG      DEG            WIND                       DOM
DAY   TEMP    HIGH   TIME     LOW    TIME      DAYS     DAYS    RAIN   SPEED    HIGH    TIME      DIR
----------------------------------------------------------------------------------------------------------------------------------------------------------
01    17.1    21.6   13:28    13.8   07:41     00.0     03.4    00.0   01.0     14.8    15:57     SSW
02    17.0    20.8   13:38    14.6   07:18     00.0     03.3    00.0   02.7     25.9    22:12      E 
03    13.8    15.4   00:01    12.6   00:00     00.0     00.1    00.0   02.1     20.4    00:23     ENE
04    12.0    13.5   17:42    10.6   08:29     01.7     00.0    00.0   02.8     18.5    08:15     ENE
05    12.2    16.1   16:12    10.2   09:41     01.5     00.0    04.0   01.0     16.7    16:15      NE
06    13.5    16.9   11:36    10.3   01:57     00.2     00.0    07.0   02.1     22.2    12:36      NE
07    15.3    16.8   16:49    14.4   22:14     00.0     01.6    15.4   01.8     20.4    04:11      NE
08    15.6    18.9   15:10    13.9   07:40     00.0     01.9    02.2   01.0     18.5    17:06      NE
09    16.0    20.5   14:30    13.8   08:08     00.0     02.3    00.6   00.4     16.7    15:11     NNE
10    15.5    16.6   17:35    14.6   10:51     00.0     01.8    02.6   01.8     16.7    16:05     ENE
11    13.4    17.2   14:54    09.5   09:27     00.3     00.0    00.4   01.9     18.5    13:45      S 
12    12.3    18.3   15:39    09.4   05:22     01.4     00.0    13.0   02.2     24.1    05:47      N 
13    13.6    19.6   15:02    08.3   07:42     00.1     00.0    00.0   01.3     14.8    14:50     NNW
14    14.3    17.2   16:20    10.9   05:49     00.0     00.6    00.4   00.3     09.3    02:49     NNE
15    14.1    18.0   15:52    11.2   04:52     00.0     00.4    00.0   00.5     11.1    16:46     SSW
16    14.6    20.5   14:32    11.7   08:54     00.0     00.9    00.0   00.9     14.8    14:42      SE
17    13.7    20.2   14:35    09.2   08:21     00.0     00.0    00.0   00.4     13.0    14:44     NNE
18    13.5    19.8   15:18    08.5   08:31     00.2     00.0    00.0   00.5     14.8    16:13      W 
19    13.9    19.2   14:35    09.6   08:27     00.0     00.2    00.0   00.3     09.3    16:02     SSE
20    13.9    17.9   14:43    11.3   00:41     00.0     00.2    08.0   00.6     13.0    19:51     NNE
21    15.7    20.1   15:07    13.1   07:52     00.0     02.0    00.0   00.7     11.1    16:17      SW
22    16.6    19.3   12:35    14.1   00:02     00.0     02.9    03.4   00.5     11.1    14:38      SE
23    17.3    18.6   12:32    16.1   08:06     00.0     03.6    05.4   02.2     16.7    23:23     ENE
24    17.3    20.5   15:29    15.9   09:03     00.0     03.6    04.4   00.9     13.0    01:35     ENE
25    17.0    21.2   14:26    13.7   07:45     00.0     03.3    00.0   00.8     13.0    13:20      S 
26    16.8    19.9   14:32    13.8   00:00     00.0     03.1    00.0   00.4     09.3    14:34     SSW
27    15.3    17.3   14:04    13.0   02:59     00.0     01.6    00.0   00.4     07.4    20:27     ESE
28    17.0    21.4   13:43    14.6   00:00     00.0     03.3    01.8   00.7     14.8    13:07     SSE
29    16.4    18.4   12:27    14.3   01:18     00.0     02.7    38.4   01.4     18.5    10:23     ENE
30    16.5    19.5   13:37    14.7   00:00     00.0     02.8    00.2   04.1     24.1    20:30      NE
31    15.6    19.1   13:36    11.8   07:17     00.0     01.9    00.0   02.8     25.9    09:21     ENE
----------------------------------------------------------------------------------------------------------------------------------------------------------
15.1 (15.5)   21.6  day 01     08.3  day 13   005.5    047.6   107.2   01.3     25.9   day 31     ENE
Max <=   21: 28
Min <=   13: 16
Min <= 11: 10
Max Rain: 38.4 ON 29-10-13
Days of Rain: 15 (> .2mm) 11 (> 2mm) 1 (> 20mm)