MONTHLY CLIMATOLOGICAL SUMMARY for NOV. 2009

NAME: LaCrossWS3600   CITY: Rossano Veneto STATE: Italia
ELEV: 86 LAT: 4542'30.22" LONG: 1148'17.75"

                            TEMPERATURE ( C), RAIN (mm), WIND SPEED (kmh)

                                                 HEAT     COOL           AVG
      MEAN                                       DEG      DEG            WIND                        DOM
DAY   TEMP    HIGH   TIME      LOW     TIME      DAYS     DAYS   RAIN    SPEED    HIGH    TIME       DIR
----------------------------------------------------------------------------------------------------------------------------------------------------------
01    08.0    14.3   13:50    03.6   06:41     10.3     00.0    00.0   00.4     09.3    12:58      W 
02    07.0    08.5   20:42    04.3   03:02     11.3     00.0    40.1   03.0     18.5    22:50      NE
03    08.7    11.5   15:18    06.9   23:25     09.6     00.0    09.6   01.6     13.0    03:40      SW
04    07.5    08.3   15:05    06.9   06:26     10.8     00.0    07.3   01.9     13.0    07:50      NE
05    09.0    14.2   13:55    05.4   05:54     09.3     00.0    00.3   01.3     13.0    23:35     NNE
06    09.0    10.8   13:07    07.6   23:01     09.3     00.0    11.3   02.6     18.5    09:12     NNE
07    09.2    12.4   13:42    06.3   08:03     09.1     00.0    00.3   01.8     11.1    21:40     ENE
08    09.3    11.7   12:29    07.8   20:14     09.0     00.0    17.7   07.6     31.5    12:52     ENE
09    09.3    11.7   14:31    07.5   03:11     09.0     00.0    07.3   05.2     27.8    00:59     ENE
10    11.1    16.3   13:47    07.2   00:00     07.2     00.0    00.0   01.7     16.7    12:34      W 
11    08.9    15.2   13:20    04.0   07:40     09.4     00.0    00.0   00.7     09.3    15:20     WNW
12    07.3    13.7   13:40    02.4   06:50     11.0     00.0    00.0   00.4     11.1    15:33      NW
13    09.0    13.7   14:00    04.6   06:09     09.3     00.0    00.0   00.4     05.6    16:18      NW
14    10.5    11.9   15:44    09.6   09:13     07.8     00.0    00.0   00.5     13.0    10:53     WNW
15    10.2    14.0   13:07    06.4   07:48     08.1     00.0    00.3   00.4     07.4    12:43     NNW
16    11.9    14.3   14:03    10.4   06:48     06.4     00.0    00.0   00.8     11.1    13:09     SSW
17    12.2    14.3   14:10    11.1   07:09     06.1     00.0    00.0   00.6     07.4    14:12      SW
18    11.4    12.8   14:37    09.1   00:00     06.9     00.0    00.0   00.2     05.6    14:57     SSW
19    10.2    14.8   13:01    06.3   05:21     08.1     00.0    00.0   00.7     09.3    15:06     WNW
20    09.9    13.8   13:11    06.4   05:17     08.4     00.0    00.0   00.5     11.1    13:21      E 
21    10.0    11.7   12:19    07.7   07:50     08.3     00.0    00.0   00.5     07.4    13:04      N 
22    08.1    09.2   00:08    07.7   17:16     10.2     00.0    01.2   00.8     07.4    15:00     NNE
23    09.1    11.7   13:10    07.8   21:13     09.2     00.0    02.9   00.8     11.1    04:27     WSW
24    08.3    11.5   14:04    04.3   07:36     10.0     00.0    00.0   00.5     07.4    15:32      SW
25    09.1    10.9   14:12    07.1   01:12     09.2     00.0    00.0   00.3     07.4    04:43     NNW
26    09.2    10.2   13:07    07.8   07:09     09.1     00.0    07.9   00.5     07.4    11:14      NE
27    09.7    11.5   13:03    07.8   00:00     08.6     00.0    02.4   00.5     07.4    12:37      SW
28    09.3    12.4   13:56    07.1   23:20     09.0     00.0    00.0   00.7     14.8    11:38     WSW
29    09.1    11.4   14:53    06.2   04:43     09.2     00.0    24.1   03.8     27.8    21:50     ENE
30    12.0    14.1   12:44    09.9   23:54     06.3     00.0    31.6   05.7     24.1    09:56     ENE
----------------------------------------------------------------------------------------------------------------------------------------------------------
09.5 (9.7)   16.3  day 10     02.4  day 12   265.5    000.0   164.3   01.6     31.5   day 29      NE
Max <=   10: 3
Max Rain: 40.1 ON 2-11-09
Days of Rain: 15 (> .2mm) 11 (> 2mm) 3 (> 20mm)