MONTHLY CLIMATOLOGICAL SUMMARY for NOV. 2010

NAME: Davis Vantage pro 2   CITY: Rossano Veneto STATE: Italia
ELEV: 86 LAT: 4542'30.22" LONG: 1148'17.75"

                            TEMPERATURE ( C), RAIN (mm), WIND SPEED (kmh)

                                               HEAT     COOL           AVG
      MEAN                                     DEG      DEG            WIND                       DOM
DAY   TEMP    HIGH   TIME     LOW    TIME      DAYS     DAYS    RAIN   SPEED    HIGH    TIME      DIR
----------------------------------------------------------------------------------------------------------------------------------------------------------
01    15.1    15.8   11:41    13.8   20:57     00.0     02.3    76.2   05.8     27.8    03:26     ENE
02    13.8    14.7   15:43    12.2   22:17     00.0     01.0    48.4   06.8     31.4    09:17      NE
03    14.0    18.2   13:19    11.3   00:00     00.0     01.2    00.0   02.1     18.5    14:08      E 
04    13.2    18.1   14:27    10.1   03:24     00.0     00.4    00.0   01.4     12.9    12:49     SSW
05    12.3    14.9   14:44    08.7   06:50     00.5     00.0    00.0   01.0     12.9    06:05     SSE
06    12.2    12.8   15:29    11.6   08:57     00.6     00.0    00.0   01.0     11.1    09:17     SSE
07    11.4    12.1   14:37    10.8   08:44     01.4     00.0    06.6   02.6     16.6    09:34     ENE
08    09.6    12.6   14:05    06.0   22:07     03.2     00.0    08.6   01.8     35.1    16:15     ESE
09    08.0    10.3   15:52    06.1   00:02     04.8     00.0    12.0   01.5     14.8    14:19      N 
10    09.6    13.0   13:34    07.2   05:22     03.2     00.0    05.0   02.5     18.5    20:37     WSW
11    08.3    13.5   13:54    04.2   08:09     04.5     00.0    00.0   01.4     09.3    23:52     WSW
12    08.2    10.4   14:22    06.1   00:00     04.6     00.0    00.0   01.1     11.1    13:49     NNE
13    09.9    14.4   13:59    05.5   02:25     02.9     00.0    00.0   01.6     18.5    07:20     WNW
14    11.3    14.3   14:25    08.5   23:43     01.5     00.0    00.0   00.4     09.3    14:49     ENE
15    11.2    13.5   12:06    07.9   07:01     01.6     00.0    00.0   01.9     18.5    20:45      NE
16    13.1    13.8   14:47    11.1   00:00     00.0     00.3    54.4   04.7     20.4    03:16     ENE
17    11.7    14.9   13:17    08.8   08:10     01.1     00.0    00.6   01.4     12.9    13:36     NNE
18    11.0    13.8   14:05    09.6   07:30     01.8     00.0    06.0   01.8     16.6    23:45     ENE
19    09.6    12.3   15:27    06.4   00:00     03.2     00.0    03.6   02.8     20.4    00:46     WSW
20    09.0    12.7   13:23    05.8   01:28     03.8     00.0    01.8   01.3     12.9    13:31      NE
21    09.4    10.3   08:56    09.0   02:55     03.4     00.0    52.6   06.5     29.6    13:13      NE
22    09.7    11.1   14:49    08.2   00:00     03.1     00.0    01.0   02.1     18.5    00:46      S 
23    07.9    09.7   13:47    05.3   00:00     04.9     00.0    00.0   01.8     11.1    19:38     WNW
24    06.0    10.9   13:10    03.1   00:00     06.8     00.0    00.2   01.5     14.8    13:31      W 
25    05.3    10.1   12:20    02.3   07:54     07.5     00.0    00.0   00.8     09.3    15:03      N 
26    02.1    04.3   06:04    00.6   10:00     10.7     00.0    22.6   04.1     38.9    08:14      NE
27    03.2    07.6   13:27   -00.8   07:43     09.6     00.0    07.4   01.5     18.5    22:37      N 
28    04.4    06.4   09:13    03.3   06:02     08.4     00.0    12.4   04.6     31.4    15:33      N 
29    03.5    06.6   15:00    00.6   23:47     09.3     00.0    00.0   02.1     18.5    12:16      W 
30    04.4    08.6   11:35    00.3   00:54     08.4     00.0    00.0   03.3     24.1    19:26      NE
----------------------------------------------------------------------------------------------------------------------------------------------------------
09.3 (9.4)   18.2  day 03    -00.8  day 27   110.6    005.3   318.8   02.4     38.9   day 26      NE
Max <=   10: 6
Min <=   2: 4
Max Rain: 76.2 ON 1-11-10
Days of Rain: 17 (> .2mm) 13 (> 2mm) 5 (> 20mm)