MONTHLY CLIMATOLOGICAL SUMMARY for NOV. 2011

NAME: Davis Vantage pro 2   CITY: Rossano Veneto STATE: Italia
ELEV: 86 LAT: 4542'30.22" LONG: 1148'17.75"

                            TEMPERATURE ( C), RAIN (mm), WIND SPEED (kmh)

                                               HEAT     COOL           AVG
      MEAN                                     DEG      DEG            WIND                       DOM
DAY   TEMP    HIGH   TIME     LOW    TIME      DAYS     DAYS    RAIN   SPEED    HIGH    TIME      DIR
----------------------------------------------------------------------------------------------------------------------------------------------------------
01    10.1    16.1   13:14    05.7   07:07     03.6     00.0    00.0   01.0     13.0    13:41      W 
02    09.5    14.3   14:38    06.2   07:31     04.2     00.0    00.0   00.6     07.4    11:09      W 
03    10.5    12.8   15:06    07.2   00:50     03.2     00.0    00.0   00.2     09.3    05:38     ENE
04    12.0    13.9   00:00    10.9   06:15     01.7     00.0    04.6   03.0     18.5    23:35      NE
05    14.9    16.0   14:51    13.9   00:07     00.0     01.2    11.4   08.4     25.9    00:00      NE
06    14.3    16.6   11:01    12.7   23:08     00.0     00.6    40.0   12.0     42.6    22:58      NE
07    12.9    14.5   12:09    11.8   23:25     00.8     00.0    29.4   09.3     33.3    01:00      NE
08    12.7    15.1   13:57    10.7   00:00     01.0     00.0    29.8   05.0     18.5    14:41      NE
09    12.1    17.7   13:23    09.2   07:27     01.6     00.0    00.2   01.2     09.3    15:53     NNW
10    11.6    17.4   13:06    08.0   06:21     02.1     00.0    00.0   01.9     18.5    11:25      NW
11    10.0    12.5   13:24    07.1   00:00     03.7     00.0    00.0   03.6     22.2    11:30      NE
12    07.7    12.3   12:51    04.0   00:00     06.0     00.0    00.0   01.4     16.7    09:31      NE
13    07.1    14.2   13:55    02.0   07:41     06.6     00.0    00.0   01.0     09.3    23:41      NW
14    07.4    14.4   13:59    02.5   07:16     06.3     00.0    00.0   00.7     09.3    11:59     NNW
15    07.2    14.2   13:24    02.0   07:48     06.5     00.0    00.0   01.2     11.1    09:50      NW
16    06.8    13.8   14:09    02.3   07:57     06.9     00.0    00.0   01.2     14.8    12:44     NNE
17    05.6    12.3   13:47    00.8   07:42     08.1     00.0    00.0   01.5     13.0    12:49      W 
18    04.0    10.9   14:01   -00.3   06:52     09.7     00.0    00.0   00.7     11.1    11:28     WSW
19    03.7    11.0   13:51   -00.6   08:02     10.0     00.0    00.0   00.8     09.3    12:50      SW
20    03.0    09.5   13:19   -00.9   08:11     10.7     00.0    00.2   00.5     07.4    13:29      S 
21    02.5    08.9   13:22   -02.8   07:29     11.2     00.0    00.2   01.0     11.1    12:24      W 
22    05.5    12.2   13:52    00.8   05:06     08.2     00.0    00.0   01.5     11.1    12:04     WNW
23    07.6    14.4   13:47    02.8   05:49     06.1     00.0    00.0   01.9     16.7    13:30     NNE
24    06.7    14.0   13:59    01.4   07:56     07.0     00.0    00.0   01.5     13.0    10:42     NNE
25    06.1    13.3   13:18    01.4   07:38     07.6     00.0    00.0   01.6     13.0    10:07      W 
26    05.1    12.2   13:32   -00.1   08:01     08.6     00.0    00.0   00.6     07.4    14:37      NW
27    04.7    11.7   13:49    00.3   07:54     09.0     00.0    00.0   00.6     05.6    15:03      SE
28    05.3    11.7   12:55    00.8   04:23     08.4     00.0    00.0   00.4     05.6    20:12     NNW
29    07.0    13.7   12:43    03.0   05:19     06.7     00.0    00.0   01.6     13.0    08:52      NW
30    05.6    12.4   13:35    01.2   08:23     08.1     00.0    00.0   00.7     07.4    13:42     NNW
----------------------------------------------------------------------------------------------------------------------------------------------------------
08.0 (8.8)   17.7  day 09    -02.8  day 21   173.6    001.7   116.0   02.2     42.6   day 06     NNE
Max <=   10: 2
Min <=   2: 13
Min <= -2: 1
Max Rain: 40.0 ON 6-11-11
Days of Rain: 5 (> .2mm) 5 (> 2mm) 3 (> 20mm)