MONTHLY CLIMATOLOGICAL SUMMARY for NOV. 2012

NAME: Davis Vantage pro 2   CITY: Rossano Veneto STATE: Italia
ELEV: 86 LAT: 4542'30.22" LONG: 1148'17.75"

                            TEMPERATURE ( C), RAIN (mm), WIND SPEED (kmh)

                                               HEAT     COOL           AVG
      MEAN                                     DEG      DEG            WIND                       DOM
DAY   TEMP    HIGH   TIME     LOW    TIME      DAYS     DAYS    RAIN   SPEED    HIGH    TIME      DIR
----------------------------------------------------------------------------------------------------------------------------------------------------------
01    10.5    12.6   16:09    08.6   22:57     03.2     00.0    15.8   04.9     46.3    00:05      NE
02    10.8    16.3   13:39    06.6   07:14     02.9     00.0    00.2   01.1     14.8    23:48     WNW
03    10.6    12.9   14:31    07.9   05:58     03.1     00.0    01.2   00.5     09.3    09:47      N 
04    12.0    13.7   00:00    10.8   03:42     01.7     00.0    23.4   01.7     16.7    23:26      NE
05    14.1    18.0   12:16    09.2   00:00     00.0     00.4    11.4   03.4     27.8    12:38     WSW
06    10.5    16.4   13:42    06.7   06:27     03.2     00.0    00.0   01.9     20.4    21:27      N 
07    09.0    14.8   13:48    05.4   06:18     04.7     00.0    00.0   01.5     18.5    12:49     WNW
08    08.0    13.9   13:35    03.3   06:06     05.7     00.0    00.0   00.4     09.3    13:43      W 
09    08.2    14.1   14:12    03.7   07:23     05.5     00.0    00.0   00.3     11.1    13:19      NW
10    10.3    12.7   23:52    08.1   00:01     03.4     00.0    02.6   02.5     22.2    22:49      NE
11    13.7    15.7   16:31    12.0   04:20     00.0     00.0    124.4   04.7     29.6    10:36     ENE
12    13.3    14.1   15:41    12.4   03:16     00.4     00.0    03.4   00.6     11.1    15:35      NE
13    13.8    17.0   13:17    11.2   06:29     00.0     00.1    00.0   03.1     20.4    14:49      NE
14    12.1    15.4   13:09    08.1   00:00     01.6     00.0    00.0   03.2     18.5    11:09     ENE
15    07.9    12.6   13:13    04.4   07:36     05.8     00.0    00.0   01.0     13.0    11:12      NE
16    07.0    12.8   13:51    03.6   06:57     06.7     00.0    00.0   00.7     13.0    10:30      N 
17    05.8    11.7   13:27    02.3   06:56     07.9     00.0    00.0   00.4     09.3    13:41      NW
18    06.4    09.5   16:25    02.7   01:20     07.3     00.0    00.0   01.2     13.0    10:08     WNW
19    08.6    12.2   16:20    04.6   03:08     05.1     00.0    00.0   00.7     09.3    23:18      N 
20    09.5    15.1   12:50    06.3   00:00     04.2     00.0    00.0   00.5     11.1    12:17     ENE
21    08.9    15.4   12:41    04.3   08:01     04.8     00.0    00.0   00.4     11.1    11:10     NNW
22    10.2    13.6   13:21    06.7   07:03     03.5     00.0    00.0   00.6     07.4    17:14     NNW
23    11.0    15.6   13:13    08.3   23:26     02.7     00.0    00.0   00.5     09.3    14:06      W 
24    09.5    14.1   13:10    06.7   08:29     04.2     00.0    00.0   00.4     09.3    13:42      S 
25    08.2    11.2   14:15    05.4   08:12     05.5     00.0    00.0   00.2     11.1    04:05     ENE
26    10.2    11.9   15:28    09.1   02:27     03.5     00.0    00.6   00.2     05.6    20:55     ENE
27    10.6    12.3   12:28    08.9   04:46     03.1     00.0    28.0   04.1     24.1    13:13      NE
28    12.0    13.8   14:13    10.2   07:39     01.7     00.0    79.0   07.6     35.2    11:33      NE
29    10.8    15.0   13:03    08.6   23:14     02.9     00.0    04.0   01.4     22.2    19:19     NNE
30    08.3    10.1   11:48    06.2   22:35     05.4     00.0    01.8   06.8     33.3    16:20     ENE
----------------------------------------------------------------------------------------------------------------------------------------------------------
10.0 (10.4)   18.0  day 05     02.3  day 17   110.1    000.5   295.8   01.9     46.3   day 01      NE
Max <=   21: 30
Min <=   13: 30
Min <= 11: 27
Max Rain: 124.4 ON 11-11-12
Days of Rain: 14 (> .2mm) 9 (> 2mm) 4 (> 20mm)