MONTHLY CLIMATOLOGICAL SUMMARY for NOV. 2013

NAME: Davis Vantage pro 2   CITY: Rossano Veneto STATE: Italia
ELEV: 86 LAT: 4542'30.22" LONG: 1148'17.75"

                            TEMPERATURE ( C), RAIN (mm), WIND SPEED (kmh)

                                               HEAT     COOL           AVG
      MEAN                                     DEG      DEG            WIND                       DOM
DAY   TEMP    HIGH   TIME     LOW    TIME      DAYS     DAYS    RAIN   SPEED    HIGH    TIME      DIR
----------------------------------------------------------------------------------------------------------------------------------------------------------
01    13.9    18.8   13:02    10.6   07:50     00.0     00.2    00.0   00.3     09.3    14:04     ESE
02    13.1    15.3   14:52    10.9   00:25     00.6     00.0    01.4   00.1     07.4    17:10      E 
03    13.3    14.6   14:50    12.5   21:52     00.4     00.0    19.2   00.5     13.0    23:05     ENE
04    12.7    15.1   11:44    10.4   04:47     01.0     00.0    11.0   00.6     11.1    10:06      NE
05    12.9    17.5   13:25    10.6   08:01     00.8     00.0    00.2   01.5     16.7    10:47     SSW
06    12.1    16.9   13:31    09.6   23:03     01.6     00.0    00.0   00.3     11.1    15:18      E 
07    11.6    17.8   13:25    07.1   08:00     02.1     00.0    00.0   00.4     13.0    13:06      E 
08    14.1    17.1   13:35    11.7   00:17     00.0     00.4    04.0   00.2     07.4    23:22      N 
09    14.3    17.2   13:37    12.8   00:00     00.0     00.6    14.2   00.8     16.7    10:03     WSW
10    11.2    14.2   13:00    09.6   06:01     02.5     00.0    01.0   01.3     14.8    13:47      N 
11    12.5    16.4   14:36    08.7   00:00     01.2     00.0    00.0   01.0     20.4    06:23     NNE
12    11.8    18.1   13:48    07.4   05:07     01.9     00.0    00.0   00.8     14.8    16:02     NNE
13    12.8    18.4   13:50    09.5   06:19     00.9     00.0    00.0   00.7     13.0    13:23     ENE
14    09.9    12.7   14:03    07.1   07:28     03.8     00.0    11.6   01.7     20.4    23:49      NE
15    09.1    09.7   16:48    08.4   01:24     04.6     00.0    38.6   06.7     35.2    05:55      NE
16    09.7    14.6   13:37    06.6   08:03     04.0     00.0    00.0   02.2     20.4    12:03      NE
17    09.5    14.6   12:50    06.9   05:57     04.2     00.0    00.0   00.4     09.3    13:45     ENE
18    10.9    13.8   15:21    08.3   02:13     02.8     00.0    00.0   00.2     07.4    22:26     NNE
19    11.0    12.3   02:13    09.3   00:00     02.7     00.0    26.6   04.4     29.6    07:04      NE
20    11.0    14.9   13:05    08.1   00:00     02.7     00.0    01.2   01.9     14.8    05:10     WSW
21    07.4    09.4   12:05    05.5   03:39     06.3     00.0    19.0   05.9     29.6    22:35     ENE
22    07.4    12.1   13:26    04.2   08:17     06.3     00.0    00.0   01.9     20.4    10:32      NE
23    08.0    10.1   13:35    04.5   00:19     05.7     00.0    23.2   05.7     33.3    16:11      NE
24    09.3    13.1   13:15    06.9   07:03     04.4     00.0    00.6   01.6     20.4    00:20     NNW
25    06.8    12.0   12:37    02.3   00:00     06.9     00.0    00.0   04.2     29.6    14:29     NNW
26    03.2    08.9   13:27   -00.6   08:41     10.5     00.0    00.0   01.8     13.0    05:28      N 
27    04.7    08.4   12:17    00.2   00:01     09.0     00.0    00.0   03.1     18.5    09:14      NW
28    02.4    07.9   12:51   -01.3   08:19     11.3     00.0    00.0   00.5     11.1    14:07      NW
29    02.0    07.7   13:45   -01.9   08:14     11.7     00.0    00.0   00.2     07.4    14:47     ESE
30    03.9    07.4   14:52    00.8   00:37     09.8     00.0    00.0   00.8     11.1    12:00      N 
----------------------------------------------------------------------------------------------------------------------------------------------------------
09.7 (10.2)   18.8  day 01    -01.9  day 29   119.7    001.1   171.8   01.7     35.2   day 15      NE
Max <=   21: 30
Min <=   13: 30
Min <= 11: 27
Max Rain: 38.6 ON 15-11-13
Days of Rain: 14 (> .2mm) 9 (> 2mm) 3 (> 20mm)