MONTHLY CLIMATOLOGICAL SUMMARY for JAN. 2010

NAME: LaCrossWS3600   CITY: Rossano Veneto STATE: Italia
ELEV: 86 LAT: 4542'30.22" LONG: 1148'17.75"

                            TEMPERATURE ( C), RAIN (mm), WIND SPEED (kmh)

                                                 HEAT     COOL           AVG
      MEAN                                       DEG      DEG            WIND                        DOM
DAY   TEMP    HIGH   TIME      LOW     TIME      DAYS     DAYS   RAIN    SPEED    HIGH    TIME       DIR
----------------------------------------------------------------------------------------------------------------------------------------------------------
01    05.2    06.9   16:23    03.5   00:00     07.6     00.0    00.0   01.2     14.8    03:54      SW
02    03.4    05.8   08:54    00.1   00:00     09.4     00.0    13.1   03.0     27.8    10:11      E 
03   -00.3    05.6   13:26   -03.4   08:13     13.1     00.0    00.0   01.1     16.7    14:27     NNW
04   -00.8    01.6   13:54   -04.1   04:08     13.6     00.0    00.0   00.7     07.4    23:57      N 
05    01.8    04.7   13:41   -00.3   00:47     11.0     00.0    02.5   00.6     09.3    19:47     NNW
06    02.4    05.8   14:12    00.6   20:20     10.4     00.0    00.6   01.3     09.3    15:23     WSW
07    03.9    07.7   13:13    01.3   04:38     08.9     00.0    00.0   00.9     09.3    23:07     NNW
08    05.1    06.6   14:25    03.6   06:04     07.7     00.0    25.4   03.4     24.1    03:00      NE
09    06.1    08.1   11:02    04.8   05:35     06.7     00.0    23.4   06.7     57.4    12:17     ENE
10    05.7    07.9   13:59    03.8   00:00     07.1     00.0    02.6   00.6     07.4    11:45     ESE
11    04.4    06.6   13:57    02.9   04:40     08.4     00.0    00.0   00.8     11.1    14:39     SSW
12    04.1    05.9   14:37    02.3   06:09     08.7     00.0    00.0   00.2     05.6    11:40      N 
13    04.0    05.5   12:10    02.6   07:39     08.8     00.0    00.0   00.5     05.6    23:04     WNW
14    03.7    05.8   14:55    02.0   07:46     09.1     00.0    00.0   00.8     11.1    11:57     ENE
15    03.7    07.9   14:18    00.9   00:00     09.1     00.0    00.0   00.8     09.3    11:35     ENE
16    01.7    05.8   13:33   -01.3   07:50     11.1     00.0    00.0   01.0     11.1    13:43     NNE
17    02.1    04.9   14:56   -00.6   00:00     10.7     00.0    00.0   00.8     09.3    17:08     WSW
18    00.8    06.1   15:10   -02.9   07:31     12.0     00.0    00.0   01.3     14.8    13:00     WSW
19   -00.1    06.8   14:04   -04.3   07:52     12.9     00.0    00.0   00.8     07.4    14:49     SSW
20   -00.8    04.1   14:29   -03.4   09:34     13.6     00.0    00.0   00.9     13.0    23:29      SW
21   -00.8    04.6   14:31   -04.6   06:37     13.6     00.0    00.0   00.6     07.4    06:17     WSW
22    00.4    04.5   12:47   -03.3   05:47     12.4     00.0    00.0   00.8     11.1    13:06     NNE
23   -00.3    04.0   14:14   -03.4   07:30     13.1     00.0    00.0   00.5     07.4    14:14      N 
24   -01.5    01.6   14:46   -03.6   05:23     14.3     00.0    00.0   00.4     05.6    13:00     NNE
25   -00.8    02.6   14:28   -03.4   04:50     13.6     00.0    00.0   01.0     09.3    12:34      NE
26   -00.2    01.6   15:54   -02.7   08:14     13.0     00.0    00.0   02.5     22.2    22:22     ENE
27    00.1    04.6   14:30   -03.7   07:54     12.7     00.0    00.0   01.1     16.7    13:27      NE
28   -01.2    02.0   14:56   -03.0   00:00     14.0     00.0    00.0   00.7     14.8    15:27     ENE
29   -00.3    04.3   13:50   -04.6   07:21     13.1     00.0    00.0   00.3     05.6    15:31     WNW
30    00.4    02.1   13:37   -00.6   06:02     12.4     00.0    05.6   01.2     16.7    23:59      S 
31    00.4    03.1   15:35   -03.0   23:42     12.4     00.0    07.1   02.7     24.1    02:23     NNE
----------------------------------------------------------------------------------------------------------------------------------------------------------
01.7 (2.1)   08.1  day 09    -04.6  day 29   344.5    000.0   080.4   01.3     57.4   day 09      NE
Max <=   10: 31
Min <=   2: 24
Min <= -2: 15
Max Rain: 25.4 ON 8-01-10
Days of Rain: 8 (> .2mm) 7 (> 2mm) 2 (> 20mm)