MONTHLY CLIMATOLOGICAL SUMMARY for JAN. 2011

NAME: Davis Vantage pro 2   CITY: Rossano Veneto STATE: Italia
ELEV: 86 LAT: 4542'30.22" LONG: 1148'17.75"

                            TEMPERATURE ( C), RAIN (mm), WIND SPEED (kmh)

                                               HEAT     COOL           AVG
      MEAN                                     DEG      DEG            WIND                       DOM
DAY   TEMP    HIGH   TIME     LOW    TIME      DAYS     DAYS    RAIN   SPEED    HIGH    TIME      DIR
----------------------------------------------------------------------------------------------------------------------------------------------------------
01    01.2    05.8   12:40   -01.3   09:01     12.5     00.0    00.2   00.9     09.3    12:46      W 
02    01.9    06.1   15:45   -01.9   03:23     11.8     00.0    00.0   01.5     12.9    22:12     NNW
03    01.6    06.7   13:02   -01.0   07:29     12.1     00.0    00.0   02.0     12.9    23:42     NNW
04   -00.1    04.0   13:12   -02.4   03:19     13.8     00.0    00.0   01.4     12.9    21:35      N 
05   -01.2    01.2   15:29   -03.8   09:14     14.9     00.0    00.0   00.3     09.3    09:24     NNW
06    00.8    02.9   13:18   -00.2   00:05     12.9     00.0    00.0   01.3     14.8    12:03     WNW
07    01.8    03.2   22:53    00.4   00:44     11.9     00.0    11.2   00.8     07.4    22:40     WNW
08    04.4    05.7   16:17    03.2   06:18     09.3     00.0    01.8   00.1     05.5    19:57      W 
09    05.6    06.7   15:44    04.4   07:11     08.1     00.0    00.0   00.2     07.4    14:33      SW
10    07.2    08.2   15:04    05.9   00:11     06.5     00.0    18.8   00.7     14.8    20:45      NE
11    07.7    08.0   15:37    07.0   23:37     06.0     00.0    12.2   00.5     12.9    18:59      N 
12    07.1    10.6   13:17    03.7   00:00     06.6     00.0    00.2   01.9     09.3    16:37     WSW
13    03.8    05.9   15:09    01.4   07:59     09.9     00.0    00.2   01.2     09.3    00:54      W 
14    05.1    06.4   15:56    03.8   08:36     08.6     00.0    00.0   02.1     09.3    20:35     WNW
15    05.7    09.8   13:33    02.4   00:00     08.0     00.0    00.0   01.8     12.9    09:50     WSW
16    02.7    06.5   14:12    00.6   08:05     11.0     00.0    00.2   02.0     12.9    12:31     WSW
17    01.5    03.0   14:50    00.2   08:06     12.2     00.0    00.0   01.3     07.4    20:15     WSW
18    00.8    02.7   15:14   -00.9   09:03     12.9     00.0    00.2   01.0     09.3    13:27      W 
19    01.5    04.9   23:31   -00.8   07:07     12.2     00.0    02.4   02.1     14.8    21:22      NE
20    04.7    07.9   14:38    01.7   23:53     09.0     00.0    01.4   02.0     16.6    00:12     NNW
21    02.6    05.7   14:27   -00.2   04:47     11.1     00.0    00.2   01.4     12.9    20:16     NNE
22    01.9    05.8   13:51   -01.4   00:00     11.8     00.0    00.0   02.4     22.2    10:28     ENE
23    00.2    05.2   14:21   -03.0   08:26     13.5     00.0    00.0   01.3     12.9    14:54     WNW
24    00.8    06.2   13:34   -03.3   07:30     12.9     00.0    00.0   02.1     18.5    13:27     ENE
25    00.9    04.7   16:19   -02.1   03:51     12.8     00.0    00.0   00.5     09.3    15:57     ENE
26    01.6    05.8   13:37   -01.7   07:41     12.1     00.0    00.0   00.9     09.3    14:57      N 
27    03.7    07.9   13:40   -00.2   03:26     10.0     00.0    00.0   02.0     24.1    22:18      NE
28    04.9    09.1   13:12    02.7   06:39     08.8     00.0    00.0   06.8     29.6    13:18     ENE
29    02.9    05.6   14:31    00.4   23:46     10.8     00.0    00.0   03.1     24.1    11:21     ENE
30    02.7    05.5   13:29   -00.9   07:57     11.0     00.0    00.0   00.7     09.3    22:14      N 
31    04.1    10.3   14:02   -00.3   06:48     09.6     00.0    00.0   01.2     09.3    22:48     SSW
----------------------------------------------------------------------------------------------------------------------------------------------------------
02.9 (3.2)   10.6  day 12    -03.8  day 05   334.7    000.0   049.0   01.5     29.6   day 28      N 
Max <=   10: 29
Min <=   2: 23
Min <= -2: 5
Max Rain: 18.8 ON 10-01-11
Days of Rain: 11 (> .2mm) 4 (> 2mm) 0 (> 20mm)