MONTHLY CLIMATOLOGICAL SUMMARY for JAN. 2012

NAME: Davis Vantage pro 2   CITY: Rossano Veneto STATE: Italia
ELEV: 86 LAT: 4542'30.22" LONG: 1148'17.75"

                            TEMPERATURE ( C), RAIN (mm), WIND SPEED (kmh)

                                               HEAT     COOL           AVG
      MEAN                                     DEG      DEG            WIND                       DOM
DAY   TEMP    HIGH   TIME     LOW    TIME      DAYS     DAYS    RAIN   SPEED    HIGH    TIME      DIR
----------------------------------------------------------------------------------------------------------------------------------------------------------
01    03.3    09.2   13:40   -00.1   06:41     10.4     00.0    00.0   01.7     13.0    09:47     WNW
02    03.3    07.0   13:43   -00.4   05:37     10.4     00.0    14.0   01.2     16.7    23:34      N 
03    06.9    11.8   12:59    04.8   22:41     06.8     00.0    04.4   02.7     20.4    09:38     WNW
04    03.3    06.7   16:05    01.0   23:36     10.4     00.0    00.0   00.9     09.3    23:44     WSW
05    01.7    04.0   12:42   -00.5   08:56     12.0     00.0    00.0   02.5     20.4    20:00      SW
06    07.7    13.4   13:38    00.8   03:48     06.0     00.0    00.2   09.2     42.6    14:58     WNW
07    05.4    10.2   14:06    01.5   22:30     08.3     00.0    00.0   02.1     18.5    01:49     NNW
08    04.1    10.9   13:22   -01.1   07:09     09.6     00.0    00.0   02.7     16.7    23:59      W 
09    03.5    09.8   13:51   -00.1   08:45     10.2     00.0    00.0   02.1     18.5    00:27      NE
10    03.4    09.9   14:21   -01.2   08:34     10.3     00.0    00.0   01.9     18.5    14:09      NW
11    03.4    10.5   13:56   -00.6   07:46     10.3     00.0    00.0   01.0     13.0    14:16     WSW
12    02.9    09.6   14:12   -01.2   06:51     10.8     00.0    00.0   01.1     09.3    14:07     WSW
13    02.4    08.7   13:46   -01.2   05:07     11.3     00.0    00.0   01.2     18.5    22:59     NNW
14    04.3    09.9   13:56   -00.8   08:50     09.4     00.0    00.0   03.3     25.9    02:05      NW
15    01.1    07.5   13:14   -02.9   08:52     12.6     00.0    00.0   01.5     11.1    23:03     NNE
16    00.8    05.9   13:57   -03.0   05:14     12.9     00.0    00.0   02.0     18.5    11:46      NE
17   -01.6    01.7   14:01   -04.1   07:28     15.3     00.0    00.0   01.8     13.0    12:32      SW
18   -01.2    04.4   14:40   -04.5   04:17     14.9     00.0    00.0   01.2     09.3    12:17      SW
19   -02.7   -00.4   15:49   -04.6   03:53     16.4     00.0    00.0   00.8     07.4    18:46      W 
20   -00.8    04.5   12:51   -05.2   07:38     14.5     00.0    00.2   01.7     16.7    18:48     WSW
21    03.2    10.8   14:17   -01.2   04:24     10.5     00.0    00.0   01.6     11.1    12:26      W 
22    02.5    09.0   13:14   -01.7   07:53     11.2     00.0    00.0   00.7     05.6    23:57     NNE
23    04.6    12.2   13:35   -00.1   07:49     09.1     00.0    00.0   01.7     16.7    13:41      N 
24    05.8    13.6   13:38    00.1   07:26     07.9     00.0    00.0   04.6     37.0    15:46      NW
25    02.6    10.3   13:15   -02.5   08:27     11.1     00.0    00.0   01.6     14.8    14:05     WSW
26    01.5    07.8   13:49   -02.7   07:01     12.2     00.0    00.0   01.3     14.8    14:41     ESE
27    00.9    06.7   14:13   -03.2   08:19     12.8     00.0    00.0   00.9     11.1    12:12      NE
28    02.2    06.8   14:51   -01.4   06:57     11.5     00.0    00.0   02.0     18.5    23:02      NE
29    02.1    05.9   14:42   -00.4   22:48     11.6     00.0    00.0   05.0     29.6    10:24     ENE
30    00.6    05.6   15:17   -03.3   08:01     13.1     00.0    00.0   03.9     24.1    15:37      NE
31    00.0    01.9   14:02   -01.7   04:46     13.7     00.0    00.0   05.3     22.2    23:00     ENE
----------------------------------------------------------------------------------------------------------------------------------------------------------
02.5 (3.3)   13.6  day 24    -05.2  day 20   347.5    000.0   018.8   02.3     42.6   day 24     NNW
Max >=  5: 25
Max <=   0: 1
Min <=   0: 26
Min <= -4: 4
Min <=  -5: 1
Max Rain: 14.0 ON 2-01-12
Days of Rain: 3 (> .2mm) 2 (> 2mm) 0 (> 20mm)