MONTHLY CLIMATOLOGICAL SUMMARY for JAN. 2013

NAME: Davis Vantage pro 2   CITY: Rossano Veneto STATE: Italia
ELEV: 86 LAT: 4542'30.22" LONG: 1148'17.75"

                            TEMPERATURE ( C), RAIN (mm), WIND SPEED (kmh)

                                               HEAT     COOL           AVG
      MEAN                                     DEG      DEG            WIND                       DOM
DAY   TEMP    HIGH   TIME     LOW    TIME      DAYS     DAYS    RAIN   SPEED    HIGH    TIME      DIR
----------------------------------------------------------------------------------------------------------------------------------------------------------
01    03.1    08.2   13:25   -00.8   08:42     10.6     00.0    00.0   00.4     07.4    15:19     ENE
02    05.3    06.9   15:47    04.1   08:06     08.4     00.0    05.8   00.8     07.4    22:13     NNW
03    06.5    11.0   13:12    03.4   00:00     07.2     00.0    00.2   01.2     11.1    14:04     WNW
04    04.3    09.3   14:05    01.1   08:18     09.4     00.0    00.0   00.3     07.4    05:28      N 
05    04.7    11.4   15:04    00.3   07:46     09.0     00.0    00.0   00.9     11.1    23:17      NW
06    05.6    11.4   13:32    01.8   08:26     08.1     00.0    00.0   00.5     07.4    13:53     NNW
07    05.5    11.2   13:53    01.2   06:41     08.2     00.0    00.0   01.7     18.5    20:15     ENE
08    06.5    08.3   15:14    05.3   08:47     07.2     00.0    00.2   00.3     11.1    03:35      N 
09    06.9    09.6   13:56    05.1   07:25     06.8     00.0    00.0   00.3     05.6    00:00      W 
10    06.5    08.8   15:55    04.6   23:54     07.2     00.0    00.0   00.9     09.3    13:51      SW
11    05.1    08.3   14:10    02.6   22:39     08.6     00.0    00.0   00.6     11.1    22:50      N 
12    03.9    07.0   14:41    01.7   03:48     09.8     00.0    00.0   01.0     13.0    13:14      NE
13    04.5    06.1   15:10    02.9   00:02     09.2     00.0    09.6   04.1     25.9    23:57      NE
14    03.1    04.3   23:36    01.6   03:34     10.6     00.0    18.0   04.3     31.5    04:40      NE
15    04.1    06.5   15:18    02.0   09:27     09.6     00.0    07.2   03.0     22.2    03:16     ENE
16    03.9    05.6   07:00    01.2   23:47     09.8     00.0    29.4   11.2     61.1    18:06      NE
17    02.6    04.6   15:16    00.9   08:30     11.1     00.0    12.2   06.4     35.2    01:01     NNE
18    04.5    07.8   12:33   -00.3   00:00     09.2     00.0    00.0   04.4     22.2    04:14      NW
19    01.8    04.7   14:42   -01.2   06:45     11.9     00.0    01.6   00.7     14.8    18:44     NNE
20    04.1    05.7   16:52    02.3   00:18     09.6     00.0    16.2   02.2     18.5    21:03     NNW
21    06.3    07.9   14:23    05.3   06:18     07.4     00.0    07.8   01.3     11.1    21:25      W 
22    05.3    05.8   14:41    04.0   23:59     08.4     00.0    04.4   02.8     29.6    10:51      NE
23    04.9    09.1   13:45    00.6   07:27     08.8     00.0    00.0   01.5     16.7    14:50      NE
24    06.3    09.3   15:35    04.2   07:31     07.4     00.0    00.0   03.0     27.8    09:09     NNW
25    04.6    08.6   13:34    01.3   08:27     09.1     00.0    00.0   01.4     13.0    17:00      E 
26    02.1    05.7   13:51   -00.5   00:00     11.6     00.0    00.0   00.7     11.1    14:10      E 
27    01.2    06.0   13:51   -02.5   07:50     12.5     00.0    00.0   00.5     11.1    14:19     SSW
28    01.9    03.1   10:24    00.6   23:14     11.8     00.0    05.8   01.0     13.0    10:39     NNW
29    00.7    02.3   16:17   -02.1   07:42     13.0     00.0    00.2   01.9     11.1    10:48     WSW
30    03.4    06.2   16:04    00.6   06:53     10.3     00.0    00.0   01.4     13.0    05:27     WSW
31    04.8    08.9   13:39    00.9   08:28     08.9     00.0    00.0   01.3     13.0    19:13      SW
----------------------------------------------------------------------------------------------------------------------------------------------------------
04.3 (4.5)   11.4  day 05    -02.5  day 27   290.9    000.0   118.6   02.0     61.1   day 16     NNE
Max <=   21: 31
Min <=   13: 31
Min <= 11: 31
Max Rain: 29.4 ON 16-01-13
Days of Rain: 11 (> .2mm) 10 (> 2mm) 1 (> 20mm)