MONTHLY CLIMATOLOGICAL SUMMARY for JAN. 2014

NAME: Davis Vantage pro 2   CITY: Rossano Veneto STATE: Italia
ELEV: 86 LAT: 4542'30.22" LONG: 1148'17.75"

                            TEMPERATURE ( C), RAIN (mm), WIND SPEED (kmh)

                                               HEAT     COOL           AVG
      MEAN                                     DEG      DEG            WIND                       DOM
DAY   TEMP    HIGH   TIME     LOW    TIME      DAYS     DAYS    RAIN   SPEED    HIGH    TIME      DIR
----------------------------------------------------------------------------------------------------------------------------------------------------------
01    04.5    09.8   13:06    01.5   08:04     09.2     00.0    00.0   01.0     16.7    11:46     NNW
02    04.0    05.7   11:53    01.4   01:36     09.7     00.0    05.4   00.5     11.1    11:28     NNW
03    06.5    10.1   13:07    04.3   00:08     07.2     00.0    00.2   01.5     09.3    15:54      W 
04    06.9    08.8   22:02    05.9   09:08     06.8     00.0    56.6   00.8     13.0    19:45     NNE
05    08.8    09.9   10:43    07.8   04:26     04.9     00.0    34.8   02.5     29.6    10:29     NNE
06    09.4    14.7   13:33    07.4   06:34     04.3     00.0    00.0   03.0     24.1    01:36     NNW
07    07.3    11.1   15:23    05.0   08:27     06.4     00.0    00.2   00.5     07.4    21:03      NW
08    05.6    08.3   12:33    02.8   08:09     08.1     00.0    00.0   00.7     09.3    23:56      N 
09    04.9    06.2   00:01    03.2   09:08     08.8     00.0    00.2   00.6     09.3    00:28     WSW
10    07.0    09.7   14:09    05.6   00:01     06.7     00.0    00.0   00.4     07.4    14:21     WSW
11    08.0    10.0   15:24    06.1   00:00     05.7     00.0    00.0   00.2     05.6    18:05     SSE
12    04.7    07.3   14:30    02.1   08:33     09.0     00.0    00.2   01.0     07.4    23:46      SW
13    06.8    08.4   14:01    05.5   04:24     06.9     00.0    00.6   00.5     07.4    22:11      N 
14    06.4    07.8   14:35    04.0   00:00     07.3     00.0    46.2   02.8     27.8    11:48     NNE
15    04.1    05.9   15:40    02.3   02:34     09.6     00.0    00.4   03.1     14.8    13:43      W 
16    05.4    07.7   14:53    03.4   09:18     08.3     00.0    00.8   01.0     09.3    03:44     SSW
17    06.8    07.8   15:13    05.8   00:12     06.9     00.0    26.6   02.2     20.4    04:38     NNE
18    08.0    09.4   00:00    07.1   01:00     05.7     00.0    20.2   01.5     18.5    00:00     NNE
19    09.9    12.0   14:36    08.6   07:44     03.8     00.0    18.0   02.4     18.5    19:45     NNE
20    09.5    11.6   13:47    08.2   00:00     04.2     00.0    02.0   00.3     09.3    00:02     NNW
21    09.5    15.0   13:09    06.9   23:39     04.2     00.0    00.0   00.9     13.0    11:25     WNW
22    08.3    13.3   14:08    05.2   06:11     05.4     00.0    00.0   00.6     09.3    12:20      N 
23    08.3    11.2   14:22    06.3   02:09     05.4     00.0    05.2   00.6     09.3    23:35     NNW
24    06.8    08.4   13:36    04.1   00:00     06.9     00.0    05.4   01.9     16.7    16:09     NNW
25    04.4    10.3   14:00    00.4   06:48     09.3     00.0    00.2   01.5     16.7    13:05      SW
26    04.2    08.5   14:10    00.7   04:07     09.5     00.0    00.0   01.0     16.7    06:33     ENE
27    04.8    06.9   13:39    03.2   23:19     08.9     00.0    12.2   04.2     25.9    21:20     ENE
28    04.9    07.8   15:15    03.2   05:56     08.8     00.0    05.2   03.3     31.5    02:34      N 
29    03.8    06.5   14:11    02.3   19:55     09.9     00.0    01.2   04.2     20.4    14:40     ENE
30    04.7    07.7   00:00    02.2   03:11     09.0     00.0    65.6   06.7     29.6    03:21      NE
31    08.2    08.8   16:08    07.6   23:53     05.5     00.0    43.4   03.3     24.1    00:33      NE
----------------------------------------------------------------------------------------------------------------------------------------------------------
06.5 (6.9)   15.0  day 21     00.4  day 25   222.3    000.0   351.4   01.8     31.5   day 30     N
Max <=   21: 31
Min <=   13: 31
Min <= 11: 31
Max Rain: 65.6 ON 30-01-14
Days of Rain: 21 (> .2mm) 16 (> 2mm) 10 (> 20mm)