MONTHLY CLIMATOLOGICAL SUMMARY for DEC. 2009

NAME: LaCrossWS3600   CITY: Rossano Veneto STATE: Italia
ELEV: 86 LAT: 4542'30.22" LONG: 1148'17.75"

                            TEMPERATURE ( C), RAIN (mm), WIND SPEED (kmh)

                                                 HEAT     COOL           AVG
      MEAN                                       DEG      DEG            WIND                        DOM
DAY   TEMP    HIGH   TIME      LOW     TIME      DAYS     DAYS   RAIN    SPEED    HIGH    TIME       DIR
----------------------------------------------------------------------------------------------------------------------------------------------------------
01    09.3    12.8   13:36    06.8   22:38     03.5     00.0    08.4   01.8     16.7    15:47      NE
02    08.4    13.3   13:10    05.6   00:00     04.4     00.0    00.3   01.2     14.8    00:49      NW
03    06.0    09.9   13:35    02.6   07:54     06.8     00.0    00.0   00.9     07.4    19:09      NW
04    05.9    07.6   16:32    04.3   00:32     06.9     00.0    32.2   03.7     25.9    15:47      NE
05    07.7    11.5   13:41    03.8   00:00     05.1     00.0    01.8   01.3     14.8    06:17      NW
06    05.8    09.8   12:46    02.8   07:16     07.0     00.0    00.0   00.7     14.8    12:44      W 
07    06.2    08.8   14:54    03.1   06:53     06.6     00.0    07.3   00.1     03.7    12:14      N 
08    07.6    08.9   15:01    05.4   00:00     05.2     00.0    13.6   01.4     16.7    17:43     WSW
09    06.2    13.5   13:51    01.8   07:03     06.6     00.0    00.0   00.6     11.1    14:13      W 
10    06.9    12.9   13:36    03.3   21:50     05.9     00.0    00.0   01.4     11.1    09:35      NW
11    03.8    07.1   14:44    00.5   07:44     09.0     00.0    00.0   00.3     05.6    13:01     WNW
12    04.2    08.4   13:26    00.5   03:16     08.6     00.0    00.0   01.0     09.3    17:23     ENE
13    03.2    05.7   13:20    01.0   20:43     09.6     00.0    00.0   03.2     16.7    14:09     ENE
14    01.5    04.3   15:14   -01.9   23:58     11.3     00.0    00.0   02.1     16.7    12:16      NE
15    00.6    04.8   12:44   -02.1   05:42     12.2     00.0    00.0   00.5     11.1    10:59     WNW
16   -00.8    03.3   13:40   -03.6   08:09     13.6     00.0    00.0   00.7     07.4    23:13      N 
17   -00.9    02.4   12:43   -03.1   23:44     13.7     00.0    00.0   01.4     14.8    12:59      NE
18   -02.2    01.0   13:32   -04.4   08:39     15.0     00.0    00.0   01.7     20.4    23:52      NE
19   -03.2   -01.7   13:59   -06.5   22:30     16.0     00.0    00.0   02.2     22.2    02:43      E 
20   -07.2   -03.2   12:48   -10.1   06:31     20.0     00.0    00.0   01.0     13.0    16:29      S 
21   -05.0   -00.2   00:00   -10.5   01:30     17.8     00.0    00.0   00.3     05.6    17:15      W 
22    01.2    02.8   00:00   -00.2   01:09     11.6     00.0    42.7   01.1     13.0    11:56     WNW
23    04.0    05.3   19:58    02.3   10:07     08.8     00.0    25.0   02.4     18.5    07:31      NE
24    08.2    10.8   22:58    05.0   00:03     04.6     00.0    46.4   02.6     16.7    20:53      NE
25    08.4    10.6   02:03    04.1   00:00     04.4     00.0    03.2   01.8     14.8    12:58     ESE
26    04.0    07.7   14:28    00.4   08:23     08.8     00.0    00.0   00.9     11.1    01:58     NNW
27    04.6    08.1   15:02    00.3   23:19     08.2     00.0    00.0   02.8     16.7    12:02      NW
28    01.7    05.7   13:23   -02.3   07:41     11.1     00.0    00.0   00.3     05.6    21:38     NNW
29    03.6    06.4   15:03    00.9   08:02     09.2     00.0    00.0   00.9     07.4    22:14     WNW
30    04.4    05.8   14:06    03.3   08:58     08.4     00.0    08.2   00.6     07.4    20:16     WSW
31    04.7    05.7   16:22    03.9   07:58     08.1     00.0    02.3   00.3     05.6    21:55     NNW
----------------------------------------------------------------------------------------------------------------------------------------------------------
03.5 (3.7)   13.5  day 09    -10.5  day 21   287.9    000.0   191.0   01.3     25.9   day 04      N 
Max <=   10: 24
Min <=   2: 17
Min <= -2: 8
Min <=  -5: 3
Min <= -10: 2
Max Rain: 46.4 ON 24-12-10
Days of Rain: 12 (> .2mm) 10 (> 2mm) 4 (> 20mm)