MONTHLY CLIMATOLOGICAL SUMMARY for DEC. 2010

NAME: Davis Vantage pro 2   CITY: Rossano Veneto STATE: Italia
ELEV: 86 LAT: 4542'30.22" LONG: 1148'17.75"

                            TEMPERATURE ( C), RAIN (mm), WIND SPEED (kmh)

                                               HEAT     COOL           AVG
      MEAN                                     DEG      DEG            WIND                       DOM
DAY   TEMP    HIGH   TIME     LOW    TIME      DAYS     DAYS    RAIN   SPEED    HIGH    TIME      DIR
----------------------------------------------------------------------------------------------------------------------------------------------------------
01    04.2    04.6   16:27    03.6   23:34     08.6     00.0    21.6   04.6     18.5    16:49     NNE
02    03.9    06.1   15:07    02.5   07:57     08.9     00.0    03.2   01.8     12.9    23:29     WSW
03    04.5    06.5   13:32    03.1   20:58     08.3     00.0    04.8   02.5     18.5    23:59     NNE
04    02.3    04.0   00:14   -00.1   23:57     10.5     00.0    21.6   03.5     24.1    10:44      W 
05    01.5    03.4   12:52   -00.4   07:45     11.3     00.0    00.6   01.8     12.9    05:37      NW
06    03.5    05.1   00:00    01.6   04:11     09.3     00.0    19.2   00.9     09.3    11:11      E 
07    06.5    07.6   15:08    05.1   00:06     06.3     00.0    13.0   01.4     12.9    09:26     WNW
08    07.7    08.8   15:30    07.0   00:29     05.1     00.0    10.2   00.9     11.1    16:05     NNW
09    07.4    11.0   14:55    03.0   00:00     05.4     00.0    00.0   03.4     33.3    17:27      W 
10    03.8    07.9   13:12    00.6   00:00     09.0     00.0    00.0   04.3     25.9    07:05     WNW
11    02.0    07.4   12:59   -00.9   05:56     10.8     00.0    00.0   00.7     09.3    14:00     NNE
12    02.1    08.1   13:57   -01.4   03:57     10.7     00.0    00.0   01.7     12.9    18:21     NNW
13    01.4    07.6   12:43   -01.7   07:21     11.4     00.0    00.0   01.8     24.1    13:47     NNW
14   -00.6    04.3   13:12   -03.6   08:48     13.4     00.0    00.0   01.7     18.5    06:38     NNE
15   -01.4    02.8   13:18   -03.9   03:33     14.2     00.0    00.0   01.0     09.3    14:50     WSW
16   -01.4    02.1   12:59   -04.9   00:00     14.2     00.0    00.0   01.6     11.1    14:20      N 
17   -03.3   -01.7   17:40   -04.9   01:42     16.1     00.0    00.0   01.6     18.5    14:02     ENE
18   -02.1    02.4   12:14   -06.4   08:44     14.9     00.0    01.8   02.8     18.5    01:18     NNW
19   -00.7    03.0   12:59   -05.6   03:29     13.5     00.0    00.0   00.8     09.3    20:41     WNW
20    02.9    05.7   14:23    01.4   02:29     09.9     00.0    00.0   02.3     14.8    07:13      NW
21    03.4    04.7   14:20    01.7   04:52     09.4     00.0    02.6   00.6     11.1    20:24     WSW
22    06.5    08.2   15:03    04.4   00:57     06.3     00.0    29.8   00.8     09.3    22:43      N 
23    10.3    12.9   22:17    07.2   00:11     02.5     00.0    53.4   05.5     27.8    12:03     NNE
24    10.6    12.7   00:03    08.9   00:00     02.2     00.0    11.0   03.3     31.4    02:16     ENE
25    08.6    09.7   10:20    06.4   00:00     04.2     00.0    10.2   02.6     20.4    23:32     NNE
26    04.3    06.4   00:01    02.4   00:00     08.5     00.0    04.6   03.7     24.1    04:32      NE
27    01.4    05.0   13:15   -01.1   08:14     11.4     00.0    00.2   01.4     12.9    14:27     NNE
28   -00.1    02.0   15:00   -02.4   08:14     12.9     00.0    00.0   00.8     09.3    05:02      NW
29    01.0    05.8   13:24   -01.9   08:33     11.8     00.0    00.0   01.0     11.1    12:55      W 
30    01.5    06.1   14:06   -01.8   07:38     11.3     00.0    00.0   00.8     11.1    10:44      W 
31    01.6    05.9   13:19   -02.9   07:10     11.2     00.0    00.0   00.3     11.1    22:43      SW
----------------------------------------------------------------------------------------------------------------------------------------------------------
03.0 (3.3)   12.9  day 23    -06.4  day 18   303.3    000.0   207.8   02.0     33.3   day 23      N 
Max <=   10: 28
Min <=   2: 20
Min <= -2: 8
Min <=  -5: 2
Max Rain: 53.4 ON 23-12-11
Days of Rain: 16 (> .2mm) 13 (> 2mm) 4 (> 20mm)