MONTHLY CLIMATOLOGICAL SUMMARY for DEC. 2011

NAME: Davis Vantage pro 2   CITY: Rossano Veneto STATE: Italia
ELEV: 86 LAT: 4542'30.22" LONG: 1148'17.75"

                            TEMPERATURE ( C), RAIN (mm), WIND SPEED (kmh)

                                               HEAT     COOL           AVG
      MEAN                                     DEG      DEG            WIND                       DOM
DAY   TEMP    HIGH   TIME     LOW    TIME      DAYS     DAYS    RAIN   SPEED    HIGH    TIME      DIR
----------------------------------------------------------------------------------------------------------------------------------------------------------
01    05.4    11.9   13:24    01.0   08:13     08.3     00.0    00.0   00.8     13.0    05:19      NW
02    07.1    10.8   13:47    03.1   01:13     06.6     00.0    00.0   01.0     11.1    15:21      W 
03    08.1    09.3   14:11    07.1   08:12     05.6     00.0    07.2   00.9     07.4    23:49      NW
04    08.4    09.6   14:26    07.6   08:00     05.3     00.0    00.0   00.9     09.3    14:49     SSW
05    08.2    09.6   16:03    04.6   00:00     05.5     00.0    00.0   01.0     09.3    20:52     WSW
06    06.6    11.1   13:26    02.1   00:00     07.1     00.0    00.0   02.5     18.5    04:28     ENE
07    03.8    09.1   12:44    00.5   08:18     09.9     00.0    00.0   01.2     09.3    14:33      N 
08    04.6    11.1   14:06    00.1   06:44     09.1     00.0    00.0   01.3     16.7    22:44      N 
09    06.2    09.8   15:17    03.6   02:28     07.5     00.0    00.0   01.7     07.4    21:01      NW
10    05.8    09.9   13:19    03.2   23:36     07.9     00.0    00.0   00.5     07.4    13:55      NW
11    05.8    09.8   14:05    02.0   04:07     07.9     00.0    00.0   01.0     07.4    22:06     NNW
12    07.6    08.7   15:20    06.5   06:13     06.1     00.0    17.0   00.9     16.7    20:16      NW
13    07.2    10.9   14:20    03.2   00:00     06.5     00.0    00.2   03.0     18.5    08:24     WNW
14    06.0    07.3   23:59    02.7   01:08     07.7     00.0    07.2   01.5     11.1    15:09      NW
15    06.8    09.0   14:53    04.8   00:00     06.9     00.0    00.0   02.6     18.5    20:39     WSW
16    05.4    06.2   14:01    03.9   02:07     08.3     00.0    12.0   02.0     16.7    00:00     NNE
17    06.3    09.9   14:56    02.1   00:00     07.4     00.0    00.0   05.6     29.6    04:31     WNW
18    02.9    07.3   12:09   -01.4   08:17     10.8     00.0    00.0   02.4     18.5    00:50      N 
19    03.6    09.3   12:30    00.1   00:00     10.1     00.0    00.0   02.7     18.5    00:17     WNW
20    00.7    06.1   12:01   -02.8   07:43     13.0     00.0    00.0   01.2     11.1    11:18      N 
21   -00.2    05.6   13:18   -03.7   08:41     13.9     00.0    00.0   01.0     11.1    11:01     WNW
22    02.1    09.7   12:51   -01.7   08:40     11.6     00.0    00.0   01.0     09.3    13:14     WNW
23    02.0    07.9   14:02   -01.8   08:35     11.7     00.0    00.0   00.7     07.4    22:45      N 
24    02.1    05.6   13:02   -00.8   10:01     11.6     00.0    00.0   01.6     18.5    15:52      NW
25    04.6    11.6   13:18   -00.3   08:39     09.1     00.0    00.0   01.6     11.1    14:30     WNW
26    04.2    09.8   13:17   -00.8   06:39     09.5     00.0    00.0   01.4     11.1    00:20     WNW
27    05.2    10.9   13:23    01.6   08:32     08.5     00.0    00.0   01.6     11.1    14:42      W 
28    03.7    10.7   13:52   -00.2   07:51     10.0     00.0    00.0   00.6     07.4    15:09     NNW
29    04.1    08.3   13:41    00.3   03:26     09.6     00.0    00.6   01.3     11.1    16:16     NNW
30    03.8    05.8   15:18    00.9   21:19     09.9     00.0    00.2   02.3     16.7    23:53     WNW
31    02.4    08.9   13:37   -00.5   03:02     11.3     00.0    00.0   01.6     13.0    15:31     WSW
----------------------------------------------------------------------------------------------------------------------------------------------------------
04.9 (5.3)   11.9  day 01    -03.7  day 21   274.2    000.0   044.4   01.6     29.6   day 17      NW
Max <=   10: 23
Min <=   2: 18
Min <= -2: 2
Max Rain: 17.0 ON 12-12-12
Days of Rain: 6 (> .2mm) 4 (> 2mm) 0 (> 20mm)