MONTHLY CLIMATOLOGICAL SUMMARY for DEC. 2012

NAME: Davis Vantage pro 2   CITY: Rossano Veneto STATE: Italia
ELEV: 86 LAT: 4542'30.22" LONG: 1148'17.75"

                            TEMPERATURE ( C), RAIN (mm), WIND SPEED (kmh)

                                               HEAT     COOL           AVG
      MEAN                                     DEG      DEG            WIND                       DOM
DAY   TEMP    HIGH   TIME     LOW    TIME      DAYS     DAYS    RAIN   SPEED    HIGH    TIME      DIR
----------------------------------------------------------------------------------------------------------------------------------------------------------
01    06.5    08.4   13:48    05.6   22:37     07.2     00.0    02.8   04.0     24.1    10:38      NE
02    05.2    06.9   14:48    02.7   00:00     08.5     00.0    01.4   01.5     24.1    16:03     NNE
03    04.1    11.4   13:18   -00.5   06:57     09.6     00.0    00.0   02.7     22.2    13:19     WNW
04    02.7    05.8   15:08    00.1   00:00     11.0     00.0    00.0   00.8     11.1    17:01     NNW
05    02.6    06.1   15:54    00.0   01:13     11.1     00.0    00.0   00.8     09.3    20:11      N 
06    03.0    08.6   12:57    00.2   01:28     10.7     00.0    00.0   02.0     14.8    10:03      NW
07    00.9    03.7   14:01   -01.3   05:20     12.8     00.0    00.0   03.0     18.5    17:35      NE
08    00.8    02.3   16:01   -00.1   23:31     12.9     00.0    02.2   01.5     14.8    12:20     WSW
09    00.3    06.7   12:43   -03.3   08:37     13.4     00.0    00.2   00.9     09.3    14:23     WNW
10    00.8    06.6   12:36   -03.3   04:26     12.9     00.0    00.0   01.9     14.8    19:42     NNW
11    03.6    10.3   13:47   -00.6   05:38     10.1     00.0    00.0   02.9     24.1    19:41     NNE
12    00.8    06.1   13:33   -02.4   08:34     12.9     00.0    00.0   00.9     14.8    00:35     NNE
13    00.3    03.6   15:31   -03.7   06:09     13.4     00.0    00.0   00.7     13.0    10:49      N 
14    02.0    02.9   00:00    00.6   07:10     11.7     00.0    21.2   00.8     09.3    13:11     NNW
15    04.0    06.4   15:47    02.1   23:21     09.7     00.0    25.7   01.1     14.8    10:57      NW
16    05.5    08.6   14:04    02.4   00:08     08.2     00.0    00.0   01.2     11.1    22:57     WNW
17    05.7    08.9   15:05    02.4   23:02     08.0     00.0    00.0   01.2     13.0    11:48     WNW
18    02.3    06.4   15:41    00.2   21:24     11.4     00.0    00.0   01.5     14.8    02:01     WSW
19    03.2    10.3   13:22   -00.3   21:41     10.5     00.0    00.0   01.5     13.0    13:43      W 
20    02.3    07.0   12:32   -01.5   08:22     11.4     00.0    00.2   00.7     09.3    22:22      W 
21    03.2    05.8   15:14    00.3   00:00     10.5     00.0    01.2   00.7     09.3    02:45      W 
22    00.5    04.0   14:03   -01.5   07:35     13.2     00.0    00.2   00.8     09.3    11:18     WSW
23    00.2    02.3   15:19   -02.1   08:53     13.5     00.0    00.2   00.6     09.3    06:59      W 
24    02.6    05.8   13:16   -00.7   07:44     11.1     00.0    00.0   00.4     07.4    23:50      W 
25    05.7    07.0   15:55    04.3   05:20     08.0     00.0    00.0   00.2     05.6    22:13      N 
26    06.6    07.6   15:41    04.2   00:00     07.1     00.0    07.4   00.6     14.8    12:26     WNW
27    05.0    06.7   12:57    02.2   05:28     08.7     00.0    00.4   00.5     13.0    06:33      N 
28    05.0    08.3   15:18    00.4   00:00     08.7     00.0    00.0   01.8     14.8    20:33     WSW
29    03.8    09.3   14:03    00.2   06:47     09.9     00.0    00.2   01.0     18.5    08:45     NNW
30    02.8    09.3   12:50   -00.2   05:47     10.9     00.0    00.0   00.5     11.1    13:51     WNW
31    04.5    11.7   13:04   -00.1   07:26     09.2     00.0    00.0   01.1     11.1    20:12      NW
----------------------------------------------------------------------------------------------------------------------------------------------------------
03.1 (3.6)   11.7  day 31    -03.7  day 13   328.1    000.0   063.3   01.3     24.1   day 01      NW
Max <=   21: 31
Min <=   13: 31
Min <= 11: 31
Max Rain: 25.7 ON 15-12-13
Days of Rain: 10 (> .2mm) 5 (> 2mm) 2 (> 20mm)