MONTHLY CLIMATOLOGICAL SUMMARY for DEC. 2013

NAME: Davis Vantage pro 2   CITY: Rossano Veneto STATE: Italia
ELEV: 86 LAT: 4542'30.22" LONG: 1148'17.75"

                            TEMPERATURE ( C), RAIN (mm), WIND SPEED (kmh)

                                               HEAT     COOL           AVG
      MEAN                                     DEG      DEG            WIND                       DOM
DAY   TEMP    HIGH   TIME     LOW    TIME      DAYS     DAYS    RAIN   SPEED    HIGH    TIME      DIR
----------------------------------------------------------------------------------------------------------------------------------------------------------
01    04.9    10.9   13:11    02.1   08:04     08.8     00.0    00.0   01.8     13.0    13:25     NNE
02    05.8    10.9   13:05    02.0   00:00     07.9     00.0    00.0   02.7     25.9    10:45      NE
03    04.6    11.6   13:02    01.0   23:48     09.1     00.0    00.0   01.4     09.3    20:46     WNW
04    02.8    10.1   13:30   -01.2   07:13     10.9     00.0    00.0   00.2     07.4    12:09      SW
05    03.9    12.4   12:34   -01.0   07:57     09.8     00.0    00.0   00.8     13.0    13:51      N 
06    03.6    09.8   13:48   -00.1   07:00     10.1     00.0    00.0   01.4     20.4    11:19     NNE
07    03.2    09.5   12:20   -00.1   08:22     10.5     00.0    00.0   00.6     13.0    13:10     NNE
08    04.4    10.5   13:28    00.8   06:55     09.3     00.0    00.0   01.5     09.3    21:29      NW
09    03.4    06.1   13:27    00.9   23:46     10.3     00.0    00.0   00.5     11.1    00:30     WNW
10    04.5    11.4   13:28    00.2   08:15     09.2     00.0    00.0   00.3     07.4    13:49     WNW
11    04.7    11.5   13:32    00.8   06:18     09.0     00.0    00.0   00.2     07.4    15:56      W 
12    02.2    09.1   13:01   -00.9   00:00     11.5     00.0    00.0   01.1     13.0    13:16     WSW
13    00.4    06.0   14:29   -02.2   07:54     13.3     00.0    00.2   00.8     07.4    14:44      SW
14   -00.8    01.9   15:13   -03.8   08:19     14.5     00.0    00.2   00.7     07.4    22:44      E 
15    04.3    11.7   14:23   -00.1   07:45     09.4     00.0    00.0   01.1     11.1    10:30      W 
16    03.6    11.0   13:33   -00.8   08:03     10.1     00.0    00.2   00.4     09.3    13:20      W 
17    03.8    12.2   13:05   -00.9   08:25     09.9     00.0    00.0   00.7     09.3    14:46     WNW
18    02.2    08.7   13:05   -01.8   08:03     11.5     00.0    00.0   00.1     05.6    14:23     ESE
19    03.4    08.1   14:09   -01.6   05:52     10.3     00.0    00.0   00.4     09.3    23:15      NE
20    07.5    10.6   14:05    05.4   07:03     06.2     00.0    00.6   00.8     11.1    00:27     NNW
21    08.4    10.5   14:38    06.4   07:50     05.3     00.0    00.4   00.3     05.6    23:19      W 
22    08.2    09.2   13:17    07.6   08:27     05.5     00.0    01.6   00.2     05.6    23:43      W 
23    08.1    09.0   14:09    07.4   08:40     05.6     00.0    00.6   00.2     05.6    18:49     WSW
24    07.5    08.2   14:55    07.1   08:48     06.2     00.0    02.8   00.5     11.1    21:02      E 
25    08.6    10.3   21:54    07.4   01:22     05.1     00.0    16.4   05.9     22.2    16:45      NE
26    10.9    11.6   17:07    09.9   04:28     02.8     00.0    41.2   07.4     29.6    22:47     ENE
27    09.6    13.6   15:03    05.6   00:00     04.1     00.0    00.0   03.1     18.5    10:11     NNW
28    07.0    11.3   13:05    04.0   05:39     06.7     00.0    00.0   00.7     11.1    02:13     NNW
29    08.4    10.4   14:36    07.3   21:21     05.3     00.0    06.0   00.7     18.5    03:31     NNW
30    07.2    09.8   13:07    04.7   22:08     06.5     00.0    00.2   02.5     18.5    01:07     NNE
31    05.6    10.9   12:35    02.5   08:52     08.1     00.0    00.0   02.7     14.8    23:01     NNW
----------------------------------------------------------------------------------------------------------------------------------------------------------
05.2 (6.1)   13.6  day 27    -03.8  day 14   262.9    000.0   070.4   01.3     29.6   day 26      N 
Max <=   21: 31
Min <=   13: 31
Min <= 11: 31
Max Rain: 41.2 ON 26-12-14
Days of Rain: 9 (> .2mm) 4 (> 2mm) 1 (> 20mm)