MONTHLY CLIMATOLOGICAL SUMMARY for FEB. 2010

NAME: LaCrossWS3600   CITY: Rossano Veneto STATE: Italia
ELEV: 86 LAT: 4542'30.22" LONG: 1148'17.75"

                            TEMPERATURE ( C), RAIN (mm), WIND SPEED (kmh)

                                                 HEAT     COOL           AVG
      MEAN                                       DEG      DEG            WIND                        DOM
DAY   TEMP    HIGH   TIME      LOW     TIME      DAYS     DAYS   RAIN    SPEED    HIGH    TIME       DIR
----------------------------------------------------------------------------------------------------------------------------------------------------------
01   -00.9    04.2   13:58   -05.1   06:29     13.7     00.0    00.3   00.6     13.0    07:55      NW
02    00.3    04.8   13:22   -04.6   06:48     12.5     00.0    00.0   01.3     14.8    08:43      N 
03    00.3    05.3   13:44   -03.2   07:56     12.5     00.0    00.0   01.1     07.4    15:53     NNW
04    02.4    06.6   13:45   -01.9   02:05     10.4     00.0    00.0   00.7     07.4    06:57      NW
05    03.5    05.0   23:05    02.1   08:44     09.3     00.0    35.3   02.9     27.8    22:50     NNE
06    05.8    07.7   14:33    04.6   00:00     07.0     00.0    04.5   03.3     22.2    03:15     NNE
07    05.7    10.4   14:50    01.9   00:00     07.1     00.0    00.0   02.2     22.2    17:52     SSW
08    01.5    06.7   14:45   -02.1   08:11     11.3     00.0    00.0   00.9     14.8    15:31      W 
09    00.8    05.0   14:55   -02.5   05:32     12.0     00.0    00.0   00.7     07.4    16:11      NE
10    03.4    07.0   11:46    00.4   00:04     09.4     00.0    12.1   01.9     18.5    14:34     NNE
11    02.0    03.3   16:01    00.7   08:28     10.8     00.0    06.5   01.7     14.8    11:37     NNE
12    04.0    08.6   14:34    00.3   07:25     08.8     00.0    00.0   01.4     20.4    11:16      NE
13    03.2    08.3   14:10   -01.0   05:57     09.6     00.0    00.0   01.2     14.8    14:24      SE
14    03.3    09.0   14:24   -00.8   06:46     09.5     00.0    00.0   01.0     13.0    21:38      NE
15    02.8    06.4   14:40    00.0   04:57     10.0     00.0    00.0   01.3     13.0    11:40      NE
16    04.2    07.4   15:42    01.9   06:57     08.6     00.0    00.0   00.6     07.4    14:29      NE
17    07.4    11.4   14:36    04.6   01:06     05.4     00.0    00.0   00.6     07.4    16:24     NNE
18    07.8    11.8   16:22    05.9   06:29     05.0     00.0    05.4   01.7     14.8    14:20     SSW
19    07.4    08.3   13:35    06.9   08:51     05.4     00.0    62.1   06.9     27.8    11:32     ENE
20    05.9    07.2   01:13    03.1   23:16     06.9     00.0    09.8   02.0     20.4    15:23     ESE
21    04.5    08.8   14:48    00.6   05:46     08.3     00.0    00.0   02.1     14.8    16:33      SW
22    05.3    07.4   16:50    03.9   07:40     07.5     00.0    02.8   00.7     07.4    14:04      E 
23    06.9    10.6   14:48    04.8   06:49     05.9     00.0    02.0   00.8     18.5    15:37      W 
24    08.0    12.4   15:13    04.9   00:00     04.8     00.0    00.0   00.9     11.1    16:15      SW
25    07.1    12.7   13:18    02.9   07:00     05.7     00.0    00.6   02.3     16.7    13:25     ESE
26    07.5    10.6   17:40    05.3   00:00     05.3     00.0    18.7   03.4     18.5    08:55      NE
27    08.5    13.4   13:55    04.7   02:40     04.3     00.0    00.0   03.4     24.1    07:05     NNW
28    08.2    10.0   15:56    06.6   08:09     04.6     00.0    00.0   02.5     16.7    13:47     ENE
----------------------------------------------------------------------------------------------------------------------------------------------------------
04.5 (4.9)   13.4  day 27    -05.1  day 01   231.4    000.0   160.0   01.8     27.8   day 19      NE
Max <=   10: 20
Min <=   2: 15
Min <= -2: 5
Min <=  -5: 1
Max Rain: 62.1 ON 19-02-10
Days of Rain: 12 (> .2mm) 9 (> 2mm) 2 (> 20mm)