MONTHLY CLIMATOLOGICAL SUMMARY for FEB. 2011

NAME: Davis Vantage pro 2   CITY: Rossano Veneto STATE: Italia
ELEV: 86 LAT: 4542'30.22" LONG: 1148'17.75"

                            TEMPERATURE ( C), RAIN (mm), WIND SPEED (kmh)

                                               HEAT     COOL           AVG
      MEAN                                     DEG      DEG            WIND                       DOM
DAY   TEMP    HIGH   TIME     LOW    TIME      DAYS     DAYS    RAIN   SPEED    HIGH    TIME      DIR
----------------------------------------------------------------------------------------------------------------------------------------------------------
01    02.7    08.9   15:21   -01.5   06:03     11.0     00.0    00.0   01.4     11.1    15:35     WSW
02    03.9    12.0   14:13   -01.3   07:24     09.8     00.0    00.0   01.3     11.1    22:27     NNW
03    03.5    10.2   15:14   -01.2   07:18     10.2     00.0    00.0   01.4     12.9    11:18      W 
04    04.7    11.7   14:12   -00.3   03:47     09.0     00.0    00.0   01.1     09.3    15:00      W 
05    04.7    09.9   16:47    01.4   23:55     09.0     00.0    00.0   00.4     07.4    00:05      NW
06    04.9    13.7   14:56   -01.0   05:58     08.8     00.0    00.0   00.9     09.3    15:37     WNW
07    05.4    13.9   14:08   -00.4   07:54     08.3     00.0    00.0   00.6     07.4    15:49     ENE
08    04.5    11.5   13:50   -00.3   08:20     09.2     00.0    00.0   00.9     09.3    14:03      E 
09    07.1    15.1   14:23    00.7   03:31     06.6     00.0    00.0   01.7     16.6    10:52     NNE
10    07.1    14.1   13:40    01.8   07:59     06.6     00.0    00.0   01.0     09.3    15:27      NW
11    05.1    11.2   13:54    00.9   05:54     08.6     00.0    00.0   01.5     14.8    14:59     ESE
12    07.1    11.1   13:57    03.3   08:18     06.6     00.0    00.0   01.7     11.1    22:12      NE
13    07.8    09.6   16:23    06.3   23:38     05.9     00.0    00.0   00.3     07.4    12:21     SSE
14    08.1    11.2   12:38    05.6   06:25     05.6     00.0    00.0   01.1     12.9    13:06     SSE
15    07.6    09.3   15:02    06.6   07:47     06.1     00.0    00.4   02.6     18.5    22:07     ENE
16    06.8    07.3   10:11    06.0   18:08     06.9     00.0    42.8   07.2     35.1    21:30      NE
17    07.1    08.7   15:18    06.2   07:25     06.6     00.0    04.2   03.2     25.9    00:12      NE
18    09.6    14.4   14:31    06.2   07:53     04.1     00.0    00.6   02.0     16.6    10:15      W 
19    07.6    12.7   14:59    03.3   08:19     06.1     00.0    00.0   01.6     16.6    13:31     SSE
20    07.0    08.9   14:41    04.7   00:26     06.7     00.0    00.6   02.6     20.4    13:10     ENE
21    07.0    10.2   14:23    04.6   07:49     06.7     00.0    00.4   03.8     22.2    21:19     ENE
22    04.7    07.2   13:47    02.6   00:00     09.0     00.0    00.0   02.0     14.8    22:03      E 
23    02.9    06.8   14:13   -00.4   07:39     10.8     00.0    00.0   02.3     14.8    14:16      E 
24    01.4    07.1   16:14   -03.0   07:29     12.3     00.0    00.0   01.5     14.8    13:59      SE
25    02.2    07.9   14:32   -01.9   08:06     11.5     00.0    00.0   01.3     16.6    13:35     WSW
26    03.4    10.1   14:34   -02.2   07:39     10.3     00.0    00.0   01.9     16.6    14:33     WSW
27    04.5    07.1   14:07    02.5   00:01     09.2     00.0    03.0   01.6     20.4    15:25      NE
28    06.5    10.3   16:34    03.6   03:31     07.2     00.0    07.4   04.3     22.2    05:55     ENE
----------------------------------------------------------------------------------------------------------------------------------------------------------
05.5 (6.2)   15.1  day 09    -03.0  day 24   228.7    000.0   059.4   01.9     35.2   day 16     ENE
Max <=   10: 12
Min <=   2: 15
Min <= -2: 2
Max Rain: 42.8 ON 16-02-11
Days of Rain: 62 (> .2mm) 58 (> 2mm) 1 (> 20mm)