MONTHLY CLIMATOLOGICAL SUMMARY for FEB. 2012

NAME: Davis Vantage pro 2   CITY: Rossano Veneto STATE: Italia
ELEV: 86 LAT: 4542'30.22" LONG: 1148'17.75"

                            TEMPERATURE ( C), RAIN (mm), WIND SPEED (kmh)

                                               HEAT     COOL           AVG
      MEAN                                     DEG      DEG            WIND                       DOM
DAY   TEMP    HIGH   TIME     LOW    TIME      DAYS     DAYS    RAIN   SPEED    HIGH    TIME      DIR
----------------------------------------------------------------------------------------------------------------------------------------------------------
01    00.6    02.4   11:38   -01.4   05:26     13.1     00.0    00.0   08.8     48.1    14:43     ENE
02   -00.1    01.4   15:37   -02.5   00:00     13.8     00.0    00.0   05.9     27.8    12:27     ENE
03   -03.1    01.1   13:21   -07.1   08:04     16.8     00.0    00.0   04.5     33.3    13:20     ENE
04   -03.0   -00.4   12:56   -06.2   02:01     16.7     00.0    00.0   02.5     18.5    19:21      W 
05   -03.3   -00.1   14:04   -05.6   00:00     17.0     00.0    00.0   02.2     16.7    20:32     NNE
06   -04.1    00.7   14:21   -08.3   07:18     17.8     00.0    00.0   01.6     14.8    14:03      W 
07   -00.7    02.4   16:53   -03.7   00:23     14.4     00.0    00.4   02.3     20.4    23:53      N 
08    01.3    07.7   14:44   -03.2   23:23     12.4     00.0    00.0   03.1     27.8    12:22      NE
09   -00.3    05.8   13:37   -06.3   08:28     14.0     00.0    00.0   02.9     37.0    23:57      NE
10   -02.3    00.8   15:14   -04.8   05:41     16.0     00.0    00.4   06.7     31.5    00:07     ENE
11   -01.4    01.4   12:18   -04.8   00:00     15.1     00.0    00.0   04.4     29.6    15:33     ENE
12   -02.7    01.7   15:43   -06.1   02:33     16.4     00.0    01.0   02.3     18.5    15:25      NW
13    00.1    05.1   14:12   -02.8   08:15     13.6     00.0    00.0   02.1     13.0    14:42      SW
14   -00.8    04.9   14:59   -04.7   07:53     14.5     00.0    00.0   01.1     11.1    11:23     WNW
15   -00.3    05.6   14:17   -04.7   04:05     14.0     00.0    00.0   01.6     14.8    16:47     ENE
16    02.5    10.3   13:14   -03.4   07:29     11.2     00.0    00.0   02.1     18.5    14:36      W 
17    03.2    10.8   13:05   -01.9   04:24     10.5     00.0    00.0   01.1     11.1    15:14     ESE
18    03.7    10.7   14:23   -01.2   07:15     10.0     00.0    00.0   01.0     11.1    12:30      E 
19    05.3    07.9   14:38    02.8   00:01     08.4     00.0    03.4   00.6     07.4    13:38      E 
20    03.8    06.1   17:11    01.1   00:00     09.9     00.0    30.6   05.4     29.6    10:52     ENE
21    04.6    10.0   13:10    00.4   07:28     09.1     00.0    00.0   02.0     14.8    22:27     WNW
22    06.0    14.1   14:27   -00.7   07:51     07.7     00.0    00.0   01.8     14.8    11:33     NNW
23    08.3    14.4   14:34    01.4   05:22     05.4     00.0    00.0   02.6     14.8    11:49      W 
24    09.6    17.4   14:26    02.8   07:29     04.1     00.0    00.0   01.4     16.7    14:18     SSE
25    08.9    16.3   15:25    03.1   07:45     04.8     00.0    00.0   00.9     09.3    14:37      NE
26    08.8    14.7   14:27    03.6   07:59     04.9     00.0    00.4   03.9     38.9    13:09      E 
27    06.5    12.2   14:22    01.0   07:20     07.2     00.0    00.0   03.8     22.2    12:26     ESE
28    07.0    12.7   14:40    02.5   07:35     06.7     00.0    00.0   02.7     18.5    15:42      S 
29    08.0    15.0   14:42    02.3   07:17     05.7     00.0    00.0   01.0     14.8    13:56     ENE
----------------------------------------------------------------------------------------------------------------------------------------------------------
02.3 (2.7)   17.4  day 24    -08.3  day 06   331.6    000.0   036.4   02.8     48.1   day 01     ENE
Max >=  5: 18
Max <=   0: 2
Min <=   0: 19
Min <= -4: 10
Min <=  -5: 6
Max Rain: 30.6 ON 20-02-12
Days of Rain: 6 (> .2mm) 2 (> 2mm) 1 (> 20mm)