MONTHLY CLIMATOLOGICAL SUMMARY for FEB. 2013

NAME: Davis Vantage pro 2   CITY: Rossano Veneto STATE: Italia
ELEV: 86 LAT: 4542'30.22" LONG: 1148'17.75"

                            TEMPERATURE ( C), RAIN (mm), WIND SPEED (kmh)

                                               HEAT     COOL           AVG
      MEAN                                     DEG      DEG            WIND                       DOM
DAY   TEMP    HIGH   TIME     LOW    TIME      DAYS     DAYS    RAIN   SPEED    HIGH    TIME      DIR
----------------------------------------------------------------------------------------------------------------------------------------------------------
01    05.8    09.2   14:15    04.0   08:16     07.9     00.0    00.0   01.6     13.0    14:39     NNW
02    05.5    06.4   13:49    04.5   00:00     08.2     00.0    29.0   01.4     27.8    18:05      N 
03    06.5    12.4   13:58    03.3   08:20     07.2     00.0    00.0   03.0     18.5    17:46      NW
04    04.5    09.8   14:04   -00.1   08:02     09.2     00.0    00.0   00.9     13.0    14:24      NE
05    03.6    07.7   15:10    00.8   03:00     10.1     00.0    00.0   00.5     09.3    05:52     NNW
06    03.7    06.6   14:23    00.7   00:00     10.0     00.0    00.0   03.4     25.9    14:05     NNE
07    02.8    08.3   14:19   -00.7   03:47     10.9     00.0    00.0   01.3     13.0    13:28      W 
08    02.1    08.3   13:47   -02.3   08:24     11.6     00.0    00.0   01.1     13.0    15:16      E 
09    02.0    06.5   15:11   -01.8   05:14     11.7     00.0    00.0   01.8     14.8    21:49     NNE
10    01.5    05.6   14:03   -01.1   08:10     12.2     00.0    00.0   03.1     18.5    15:19     WSW
11    00.4    01.6   00:00   -00.6   01:26     13.3     00.0    17.2   08.1     33.3    23:57      NE
12    01.9    03.5   14:08    00.0   00:00     11.8     00.0    19.6   04.2     29.6    00:10      NE
13    04.1    08.5   14:46   -01.2   08:03     09.6     00.0    00.2   01.8     18.5    13:55     WNW
14    05.8    10.8   14:31    01.6   00:00     07.9     00.0    00.0   02.2     16.7    15:01      W 
15    04.1    09.3   14:11    00.2   07:45     09.6     00.0    00.0   00.6     09.3    16:28     NNE
16    05.8    11.6   14:06    01.6   04:23     07.9     00.0    00.0   01.5     13.0    11:27      W 
17    06.6    10.6   14:23    03.9   08:31     07.1     00.0    00.0   03.3     20.4    07:54     ENE
18    04.7    09.5   13:26    01.1   07:55     09.0     00.0    00.0   00.8     13.0    10:06      NE
19    03.8    08.4   14:08   -01.0   07:53     09.9     00.0    00.0   01.6     16.7    13:48     SSE
20    05.8    09.3   14:17    03.9   08:06     07.9     00.0    00.0   02.9     31.5    23:53     ENE
21    02.3    04.9   00:01    00.3   21:14     11.4     00.0    01.0   08.5     35.2    01:35     ENE
22    01.6    04.4   13:36   -01.5   07:36     12.1     00.0    02.2   01.6     18.5    14:29      NE
23    02.6    05.2   13:33   -00.5   04:35     11.1     00.0    04.0   04.7     31.5    18:16     ENE
24    05.3    08.9   14:07    02.9   00:33     08.4     00.0    08.2   09.9     37.0    02:19     ENE
25    05.1    09.4   13:23    02.5   07:03     08.6     00.0    01.4   05.9     31.5    08:51      NE
26    07.3    13.5   14:48    03.6   05:29     06.4     00.0    00.0   04.2     20.4    07:04     NNW
27    07.8    10.4   15:32    06.0   00:18     05.9     00.0    04.8   03.0     18.5    05:05      NW
28    07.7    13.2   12:41    03.3   07:13     06.0     00.0    00.0   00.8     11.1    11:35     NNE
----------------------------------------------------------------------------------------------------------------------------------------------------------
04.3 (4.8)   13.5  day 26    -02.3  day 08   262.8    000.0   087.6   03.0     37.0   day 24      NE
Max <=   21: 28
Min <=   13: 28
Min <= 11: 28
Max Rain: 29.0 ON 2-02-13
Days of Rain: 9 (> .2mm) 7 (> 2mm) 1 (> 20mm)