MONTHLY CLIMATOLOGICAL SUMMARY for FEB. 2014

NAME: Davis Vantage pro 2   CITY: Rossano Veneto STATE: Italia
ELEV: 86 LAT: 4542'30.22" LONG: 1148'17.75"

                            TEMPERATURE ( C), RAIN (mm), WIND SPEED (kmh)

                                               HEAT     COOL           AVG
      MEAN                                     DEG      DEG            WIND                       DOM
DAY   TEMP    HIGH   TIME     LOW    TIME      DAYS     DAYS    RAIN   SPEED    HIGH    TIME      DIR
----------------------------------------------------------------------------------------------------------------------------------------------------------
01    08.9    09.5   16:44    07.6   00:47     04.8     00.0    34.4   04.6     25.9    23:37      NE
02    09.1    11.0   11:32    08.4   22:42     04.6     00.0    42.2   11.3     38.9    16:31     ENE
03    07.5    08.6   01:30    05.3   23:51     06.2     00.0    69.6   09.3     42.6    01:47     ENE
04    06.1    07.1   13:36    04.6   01:54     07.6     00.0    33.4   04.9     22.2    10:02      NE
05    07.2    08.6   16:16    06.4   07:08     06.5     00.0    03.8   00.9     13.0    23:07     ENE
06    08.4    13.5   14:23    05.4   00:00     05.3     00.0    04.6   01.8     14.8    15:06      W 
07    05.9    07.7   14:12    02.8   06:24     07.8     00.0    18.2   02.5     22.2    18:13     NNE
08    08.0    11.1   14:08    06.1   07:12     05.7     00.0    02.4   02.0     16.7    14:29     WSW
09    07.6    10.4   14:04    05.3   23:06     06.1     00.0    19.4   02.9     20.4    04:46     NNE
10    05.8    06.9   10:18    05.0   05:43     07.9     00.0    30.0   05.1     29.6    17:40      NE
11    07.6    09.9   15:16    05.6   03:03     06.1     00.0    02.0   01.6     18.5    01:16      N 
12    08.0    13.1   15:11    04.3   07:12     05.7     00.0    00.0   01.7     18.5    07:38     WNW
13    06.1    10.7   13:17    02.4   08:21     07.6     00.0    08.4   01.7     14.8    20:48     NNE
14    07.4    14.1   14:38    02.7   08:01     06.3     00.0    00.2   01.4     13.0    14:36      W 
15    07.3    10.1   16:35    03.7   06:45     06.4     00.0    00.0   00.3     07.4    12:28     NNW
16    09.9    13.1   15:44    07.8   00:30     03.8     00.0    00.0   00.9     09.3    23:57     NNE
17    09.8    13.3   13:09    06.7   00:00     03.9     00.0    12.0   02.0     25.9    13:32      NE
18    09.2    13.8   14:02    04.7   06:55     04.5     00.0    00.0   00.6     11.1    12:49      NE
19    10.4    11.7   15:08    09.4   05:11     03.3     00.0    19.2   01.8     24.1    23:56     NNE
20    09.6    11.1   16:21    08.5   06:08     04.1     00.0    05.0   03.4     24.1    00:14      NE
21    10.6    14.7   13:27    07.6   07:04     03.1     00.0    03.0   01.0     14.8    14:00     SSW
22    08.0    09.8   14:32    05.9   00:00     05.7     00.0    20.4   02.1     22.2    02:22      N 
23    08.1    14.0   14:44    02.8   06:22     05.6     00.0    00.0   02.4     18.5    10:02     WNW
24    08.4    15.1   14:44    03.6   05:42     05.3     00.0    00.0   01.1     13.0    14:31     NNW
25    07.8    14.0   15:34    02.7   07:11     05.9     00.0    00.0   01.1     16.7    15:30      SW
26    09.1    14.4   13:45    05.7   07:30     04.6     00.0    04.0   01.5     18.5    16:26      NE
27    09.1    14.0   13:39    06.8   21:00     04.6     00.0    00.2   01.9     25.9    15:37     NNW
28    08.2    12.1   13:23    05.1   07:40     05.5     00.0    00.4   02.8     29.6    23:52     ENE
----------------------------------------------------------------------------------------------------------------------------------------------------------
08.2 (8.5)   15.1  day 24     02.4  day 13   154.4    000.0   333.0   02.7     42.6   day 03      NE
Max <=   21: 28
Min <=   13: 28
Min <= 11: 28
Max Rain: 69.6 ON 3-02-14
Days of Rain: 21 (> .2mm) 17 (> 2mm) 6 (> 20mm)