MONTHLY CLIMATOLOGICAL SUMMARY for MAR. 2010

NAME: LaCrossWS3600   CITY: Rossano Veneto STATE: Italia
ELEV: 86 LAT: 4542'30.22" LONG: 1148'17.75"

                            TEMPERATURE ( C), RAIN (mm), WIND SPEED (kmh)

                                                 HEAT     COOL           AVG
      MEAN                                       DEG      DEG            WIND                        DOM
DAY   TEMP    HIGH   TIME      LOW     TIME      DAYS     DAYS   RAIN    SPEED    HIGH    TIME       DIR
----------------------------------------------------------------------------------------------------------------------------------------------------------
01    07.5    11.6   15:39    02.2   07:23     05.3     00.0    00.0   01.8     16.7    13:34     SSE
02    09.3    15.1   15:04    05.4   07:39     03.5     00.0    00.0   01.3     13.0    13:25     ESE
03    07.3    11.4   14:16    04.6   06:47     05.5     00.0    05.6   04.3     24.1    23:52     ENE
04    07.2    11.7   14:47    04.3   04:10     05.6     00.0    02.2   05.8     29.6    01:36      E 
05    04.2    07.6   15:42    00.9   00:00     08.6     00.0    00.0   02.1     16.7    16:08     SSE
06    01.7    06.9   15:10   -03.2   07:28     11.1     00.0    00.0   03.1     16.7    17:50      E 
07    02.5    07.0   13:56   -00.9   03:21     10.3     00.0    00.0   05.5     29.6    14:32      E 
08    01.1    05.8   14:32   -02.8   07:25     11.7     00.0    00.0   04.4     22.2    16:19      E 
09    01.8    04.7   15:57   -02.5   02:44     11.0     00.0    00.0   10.8     53.7    20:01      E 
10    01.2    04.1   06:42   -00.1   21:30     11.6     00.0    15.5   07.4     40.7    07:05     ENE
11    02.9    07.8   14:32   -00.2   02:10     09.9     00.0    05.9   01.3     14.8    16:36      W 
12    04.0    09.3   15:38    00.1   04:33     08.8     00.0    00.0   01.5     14.8    15:24     ESE
13    04.3    10.3   15:19   -00.8   06:52     08.5     00.0    00.0   01.0     13.0    14:46      SE
14    06.0    12.3   16:07    00.1   07:15     06.8     00.0    00.0   01.7     16.7    18:36     SSE
15    07.9    15.0   13:45    01.2   06:17     04.9     00.0    00.0   03.6     27.8    14:36     SSW
16    05.7    12.4   15:07    00.4   05:51     07.1     00.0    00.0   01.2     16.7    12:19     ESE
17    07.1    12.9   14:25    01.1   06:56     05.7     00.0    00.0   00.7     09.3    11:47      SE
18    08.9    13.8   14:53    04.4   04:54     03.9     00.0    00.0   01.1     11.1    12:00      SE
19    10.2    14.0   14:54    06.8   00:00     02.6     00.0    00.0   01.1     14.8    14:06      E 
20    09.4    12.5   14:44    05.9   03:07     03.4     00.0    00.0   01.5     11.1    12:24     ENE
21    10.5    12.1   14:58    09.0   07:19     02.3     00.0    00.0   00.6     05.6    22:03     ENE
22    11.1    13.0   12:26    09.6   06:50     01.7     00.0    02.6   00.7     07.4    23:58     ENE
23    13.1    18.3   15:16    09.6   00:00     00.0     00.3    01.4   01.4     14.8    17:13     WSW
24    13.6    20.0   15:18    07.5   06:32     00.0     00.8    00.0   01.8     18.5    16:39     ESE
25    14.6    19.4   14:25    11.1   07:07     00.0     01.8    00.0   01.9     18.5    17:50     SSE
26    11.2    12.4   00:04    09.9   00:00     01.6     00.0    01.1   05.8     22.2    12:57     ENE
27    12.0    17.5   16:55    08.0   04:18     00.8     00.0    00.3   01.6     14.8    14:09     SSW
28    12.6    19.3   17:05    06.6   06:05     00.2     00.0    00.0   01.8     14.8    16:25     SSE
29    12.6    18.3   16:00    07.4   07:31     00.2     00.0    00.0   02.9     18.5    11:37      E 
30    11.8    14.4   11:41    09.9   00:00     01.0     00.0    16.9   06.2     24.1    19:34     ENE
31    09.6    13.6   13:37    06.6   14:55     03.2     00.0    18.7   03.4     25.9    17:58     NNE
----------------------------------------------------------------------------------------------------------------------------------------------------------
07.8 (8.2)   20.0  day 24    -03.2  day 06   156.5    002.9   070.3   02.9     53.7   day 09      E 
Max >=  20: 1
Max <=   10: 8
Min <=   2: 13
Min <= -2: 3
Max Rain: 18.7 ON 31-03-10
Days of Rain: 10 (> .2mm) 7 (> 2mm) 0 (> 20mm)