MONTHLY CLIMATOLOGICAL SUMMARY for MAR. 2011

NAME: Davis Vantage pro 2   CITY: Rossano Veneto STATE: Italia
ELEV: 86 LAT: 4542'30.22" LONG: 1148'17.75"

                            TEMPERATURE ( C), RAIN (mm), WIND SPEED (kmh)

                                               HEAT     COOL           AVG
      MEAN                                     DEG      DEG            WIND                       DOM
DAY   TEMP    HIGH   TIME     LOW    TIME      DAYS     DAYS    RAIN   SPEED    HIGH    TIME      DIR
----------------------------------------------------------------------------------------------------------------------------------------------------------
01    06.1    10.8   13:51    02.1   00:00     07.6     00.0    00.0   05.8     35.1    16:58     ENE
02    03.9    08.2   12:39    01.2   05:24     09.8     00.0    00.0   06.8     38.9    13:35     ENE
03    03.7    05.0   21:38    02.7   05:25     10.0     00.0    05.0   02.6     18.5    11:34     ENE
04    05.9    11.7   13:34    01.1   07:22     07.8     00.0    00.0   01.8     18.5    13:17      E 
05    05.8    11.4   16:14    01.4   05:24     07.9     00.0    00.2   01.8     12.9    15:10      W 
06    07.8    15.9   14:47    01.5   07:34     05.9     00.0    00.0   04.8     31.4    23:22     ESE
07    05.4    08.8   14:38    00.9   00:00     08.3     00.0    00.0   04.0     22.2    00:08      SE
08    03.7    08.3   14:49    00.2   00:50     10.0     00.0    00.0   03.0     18.5    03:28      SE
09    03.6    09.9   14:38   -02.2   06:31     10.1     00.0    00.0   01.3     12.9    13:01     SSE
10    05.1    10.9   14:48   -00.7   05:57     08.6     00.0    00.0   01.1     16.6    13:54     ENE
11    06.9    11.2   14:41    00.9   06:48     06.8     00.0    00.0   00.9     12.9    11:49     ENE
12    09.5    13.7   15:15    06.4   07:51     04.2     00.0    00.0   03.7     22.2    12:03     ENE
13    09.1    11.6   16:09    07.8   06:53     04.6     00.0    19.8   05.3     24.1    16:19      NE
14    10.9    14.8   13:55    07.8   03:19     02.8     00.0    05.6   02.3     16.6    05:09     ENE
15    10.8    11.9   14:25    10.0   04:54     02.9     00.0    09.0   07.9     29.6    13:51     ENE
16    10.7    11.4   10:07    10.0   00:00     03.0     00.0    71.2   15.1     51.8    11:51     ENE
17    11.6    16.1   13:46    09.1   06:41     02.1     00.0    17.4   03.5     29.6    14:06     WSW
18    11.6    16.1   15:54    08.6   07:18     02.1     00.0    00.4   00.8     09.3    18:19      E 
19    10.5    15.1   12:38    07.6   06:36     03.2     00.0    06.4   03.2     22.2    19:31     ENE
20    09.6    15.1   14:32    05.1   06:50     04.1     00.0    00.0   03.2     22.2    15:41      SE
21    08.2    13.8   14:14    03.0   06:45     05.5     00.0    00.0   02.9     22.2    12:14      E 
22    09.6    15.8   14:47    03.7   06:20     04.1     00.0    00.0   02.1     12.9    14:25     WNW
23    12.0    18.9   14:37    04.3   06:29     01.7     00.0    00.0   02.5     18.5    14:44      SW
24    12.5    19.5   14:09    06.1   06:20     01.2     00.0    00.0   01.6     16.6    11:35     ESE
25    12.5    19.1   14:50    05.4   06:26     01.2     00.0    00.0   02.4     16.6    20:12     ENE
26    12.3    17.2   15:04    07.1   05:42     01.4     00.0    00.0   03.2     18.5    22:39     ENE
27    12.9    16.4   15:14    10.6   05:57     00.8     00.0    01.4   03.5     20.4    15:31     ENE
28    11.7    15.1   14:42    10.0   06:49     02.0     00.0    04.2   03.4     18.5    16:33      E 
29    12.9    19.3   14:28    06.7   07:20     00.8     00.0    00.2   02.2     22.2    13:01      SW
30    14.1    20.3   16:07    07.9   07:30     00.0     00.4    00.0   02.8     20.4    14:29     SSW
31    14.4    21.4   17:02    07.9   07:47     00.0     00.7    00.0   02.4     20.4    17:32     SSW
----------------------------------------------------------------------------------------------------------------------------------------------------------
09.2 (9.5)   21.4  day 31    -02.2  day 09   140.5    001.1   140.6   03.5     51.8   day 16     ENE
Max >=  20: 2
Max <=   10: 5
Min <=   2: 9
Min <= -2: 1
Max Rain: 71.2 ON 16-03-11
Days of Rain: 12 (> .2mm) 8 (> 2mm) 1 (> 20mm)