MONTHLY CLIMATOLOGICAL SUMMARY for MAR. 2012

NAME: Davis Vantage pro 2   CITY: Rossano Veneto STATE: Italia
ELEV: 86 LAT: 4542'30.22" LONG: 1148'17.75"

                            TEMPERATURE ( C), RAIN (mm), WIND SPEED (kmh)

                                               HEAT     COOL           AVG
      MEAN                                     DEG      DEG            WIND                       DOM
DAY   TEMP    HIGH   TIME     LOW    TIME      DAYS     DAYS    RAIN   SPEED    HIGH    TIME      DIR
----------------------------------------------------------------------------------------------------------------------------------------------------------
01    11.0    18.9   14:39    04.0   07:14     02.7     00.0    00.0   02.1     18.5    13:45      S 
02    10.8    17.9   15:10    04.8   07:41     02.9     00.0    00.0   00.9     13.0    12:53      SE
03    11.5    18.8   14:33    05.2   07:15     02.2     00.0    00.0   01.7     14.8    14:57      E 
04    10.9    14.3   16:32    08.7   02:30     02.8     00.0    00.8   00.9     11.1    23:24     NNE
05    09.8    12.3   11:49    08.3   07:20     03.9     00.0    00.0   04.5     24.1    15:30      NE
06    09.2    14.1   14:37    05.4   23:59     04.5     00.0    00.0   07.2     31.5    12:16     ENE
07    06.8    12.5   13:53    01.3   07:34     06.9     00.0    00.0   02.5     18.5    18:07      E 
08    07.8    13.5   15:15    01.5   06:28     05.9     00.0    00.0   01.6     16.7    20:57     ENE
09    10.0    14.8   14:33    06.1   00:00     03.7     00.0    00.0   02.9     22.2    00:54     ENE
10    08.2    14.4   14:19    02.2   06:44     05.5     00.0    00.0   02.3     20.4    09:10     ENE
11    09.4    17.0   14:19    02.5   06:19     04.3     00.0    00.0   02.5     20.4    14:08     WSW
12    09.6    16.4   15:03    03.5   06:21     04.1     00.0    00.0   02.5     16.7    13:30      E 
13    09.6    16.9   15:45    02.6   06:51     04.1     00.0    00.0   01.5     16.7    12:30     ESE
14    10.6    18.4   15:58    03.4   07:02     03.1     00.0    00.0   02.2     20.4    14:19     SSE
15    11.5    18.7   14:43    04.9   07:16     02.2     00.0    00.0   01.7     13.0    13:23     ESE
16    12.0    19.8   14:41    05.2   06:31     01.7     00.0    00.0   01.9     14.8    13:02     ESE
17    10.9    17.7   15:09    04.5   07:11     02.8     00.0    00.0   02.6     16.7    13:29      E 
18    11.9    16.0   15:34    08.4   01:56     01.8     00.0    00.0   04.1     24.1    22:02      NE
19    11.0    15.3   12:42    07.1   00:00     02.7     00.0    07.2   03.5     25.9    14:08     ENE
20    12.0    18.9   15:38    05.6   05:25     01.7     00.0    00.0   02.2     16.7    00:00     NNE
21    14.7    21.4   14:56    08.2   07:23     00.0     01.0    00.0   01.8     16.7    00:18      W 
22    15.1    22.1   14:51    08.3   06:28     00.0     01.4    00.0   01.8     14.8    15:16     WSW
23    14.3    21.8   15:10    08.3   06:44     00.0     00.6    00.0   02.5     18.5    16:47      SE
24    14.6    21.9   14:50    09.3   05:08     00.0     00.9    00.0   02.0     18.5    13:30     WNW
25    16.5    22.7   14:36    10.6   05:51     00.0     02.8    00.0   03.9     24.1    15:02     NNE
26    16.8    23.6   15:16    10.8   07:49     00.0     03.1    00.0   02.8     18.5    13:47     SSW
27    15.2    21.6   16:26    09.3   07:40     00.0     01.5    00.0   02.6     20.4    15:22     SSW
28    16.9    25.4   15:44    08.4   07:18     00.0     03.2    00.0   03.8     20.4    17:20     WSW
29    16.4    24.0   17:11    10.0   06:56     00.0     02.7    00.0   02.9     18.5    22:01     ENE
30    15.2    21.2   17:41    08.6   07:16     00.0     01.5    00.0   03.0     25.9    12:10      E 
31    14.4    21.3   16:07    08.5   07:06     00.0     00.7    00.0   02.5     16.7    17:08     ESE
----------------------------------------------------------------------------------------------------------------------------------------------------------
12.1 (12.4)   25.4  day 28     01.3  day 07   069.3    019.6   008.0   02.6     31.5   day 30     ENE
Max >=  18: 17
Min <=   4: 7
Min <= 2: 2
Max Rain: 7.2 ON 19-03-12
Days of Rain: 2 (> .2mm) 1 (> 2mm) 0 (> 20mm)