MONTHLY CLIMATOLOGICAL SUMMARY for MAR. 2013

NAME: Davis Vantage pro 2   CITY: Rossano Veneto STATE: Italia
ELEV: 86 LAT: 4542'30.22" LONG: 1148'17.75"

                            TEMPERATURE ( C), RAIN (mm), WIND SPEED (kmh)

                                               HEAT     COOL           AVG
      MEAN                                     DEG      DEG            WIND                       DOM
DAY   TEMP    HIGH   TIME     LOW    TIME      DAYS     DAYS    RAIN   SPEED    HIGH    TIME      DIR
----------------------------------------------------------------------------------------------------------------------------------------------------------
01    07.3    12.2   14:33    01.8   07:33     06.4     00.0    00.0   01.1     13.0    13:04     SSW
02    07.2    12.5   14:02    03.2   05:26     06.5     00.0    00.0   01.9     18.5    08:46     ESE
03    06.7    13.5   15:07    00.8   07:30     07.0     00.0    00.0   00.6     13.0    12:42     SSE
04    08.0    15.7   14:04    01.3   07:26     05.7     00.0    00.0   00.9     14.8    12:56     SSE
05    07.7    12.9   16:05    01.6   07:41     06.0     00.0    00.0   01.7     16.7    23:15     ENE
06    08.1    09.3   15:10    06.8   07:08     05.6     00.0    22.8   02.0     20.4    11:57      NE
07    10.9    15.1   12:54    08.4   01:18     02.8     00.0    07.0   01.6     14.8    14:36      E 
08    11.0    12.3   16:16    09.6   00:00     02.7     00.0    05.2   00.5     07.4    18:42      SE
09    10.6    12.7   23:00    08.5   00:00     03.1     00.0    12.6   00.0     00.0    00:00      SE
10    15.0    15.0   00:00    15.0   00:00     00.0     01.3    08.6   00.0     00.0    00:00      SE
11    11.6    14.3   13:47    07.8   08:05     02.1     00.0    01.4   02.4     16.7    22:09      S 
12    10.8    15.0   13:23    08.4   00:00     02.9     00.0    06.4   01.7     24.1    19:47     ESE
13    08.7    11.8   13:58    07.3   00:00     05.0     00.0    09.8   03.3     18.5    16:45     ENE
14    07.8    12.6   12:50    05.5   00:00     05.9     00.0    06.6   04.0     24.1    14:57     NNW
15    06.5    10.6   14:45    02.6   00:00     07.2     00.0    00.0   05.1     25.9    22:13      NW
16    04.4    09.2   13:23    00.2   06:50     09.3     00.0    00.0   02.5     20.4    15:22      S 
17    05.1    08.3   15:45    02.0   07:02     08.6     00.0    08.8   04.1     24.1    14:18     ENE
18    05.1    07.1   14:48    02.9   01:16     08.6     00.0    47.6   07.8     37.0    07:39      NE
19    07.4    13.8   14:51    01.9   07:08     06.3     00.0    00.0   01.9     16.7    12:35      E 
20    08.5    13.1   15:41    04.2   06:44     05.2     00.0    05.0   01.7     14.8    11:22      N 
21    10.8    18.2   15:02    05.3   07:18     02.9     00.0    06.0   05.2     29.6    15:34      W 
22    09.9    15.5   14:32    04.7   06:41     03.8     00.0    00.0   02.7     18.5    16:06     ESE
23    08.7    13.3   14:39    04.8   05:36     05.0     00.0    05.2   03.8     20.4    15:04     ENE
24    05.8    07.3   00:13    04.6   00:00     07.9     00.0    21.0   10.0     29.6    20:54     ENE
25    04.0    05.1   11:51    02.6   23:43     09.7     00.0    16.2   04.1     25.9    12:25     ENE
26    03.6    05.6   17:03    01.4   06:48     10.1     00.0    00.4   01.5     11.1    06:51     NNW
27    05.0    07.6   17:19    02.8   07:30     08.7     00.0    00.0   01.8     14.8    01:04      E 
28    06.3    09.2   11:23    04.1   07:07     07.4     00.0    15.8   01.2     14.8    11:27     ENE
29    07.4    09.7   16:15    05.3   05:46     06.3     00.0    04.8   00.8     11.1    12:25     SSW
30    08.3    09.4   15:33    07.2   07:03     05.4     00.0    28.2   01.9     18.5    23:52     NNW
31    09.0    13.8   14:33    06.8   23:52     04.7     00.0    15.6   03.7     22.2    01:52     NNW
----------------------------------------------------------------------------------------------------------------------------------------------------------
08.0 (8.2)   18.2  day 21     00.2  day 16   179.0    001.3   254.0   02.6     37.0   day 24     ENE
Max <=   21: 31
Min <=   13: 30
Min <= 11: 30
Max Rain: 47.6 ON 18-03-13
Days of Rain: 23 (> .2mm) 21 (> 2mm) 4 (> 20mm)