MONTHLY CLIMATOLOGICAL SUMMARY for MAR. 2014

NAME:    CITY:  STATE: 
ELEV:  LAT:  LONG: 

                            TEMPERATURE ( C), RAIN (mm), WIND SPEED (kmh)

                                               HEAT     COOL           AVG
      MEAN                                     DEG      DEG            WIND                       DOM
DAY   TEMP    HIGH   TIME     LOW    TIME      DAYS     DAYS    RAIN   SPEED    HIGH    TIME      DIR
----------------------------------------------------------------------------------------------------------------------------------------------------------
01    07.2    09.0   11:39    06.1   06:51     11.1     00.0    52.0   12.0     48.1    14:43     ENE
02    08.4    10.4   17:34    06.5   04:29     09.9     00.0    07.0   06.0     33.3    01:55     NNE
03    09.2    13.6   14:04    05.8   05:49     09.1     00.0    00.2   02.9     18.5    15:42     ENE
04    09.6    13.3   14:11    06.4   04:55     08.7     00.0    00.0   06.8     37.0    11:26     ENE
05    11.2    17.0   14:25    06.3   07:12     07.1     00.0    00.0   02.3     14.8    14:18     WSW
06    11.8    18.3   15:02    05.7   07:25     06.5     00.0    00.0   02.0     18.5    16:44      NE
07    11.6    17.9   14:55    05.7   07:14     06.7     00.0    00.0   02.8     16.6    13:06      W 
08    11.2    16.8   14:10    06.2   07:15     07.1     00.0    00.0   03.0     20.4    14:56     ENE
09    10.8    18.4   14:09    04.8   06:11     07.5     00.0    00.0   01.8     12.9    14:33     NNW
10    11.3    16.9   14:20    07.5   03:20     07.0     00.0    00.0   06.5     33.3    13:49     ENE
11    10.5    16.3   14:54    05.7   07:09     07.8     00.0    00.0   02.8     18.5    09:21     NNE
12    06.9    07.6   00:00    06.2   05:00     11.4     00.0    00.0   00.0     00.0    00:00      E 
13    12.3    19.2   15:40    05.5   05:36     06.0     00.0    00.0   00.8     12.9    13:51     ESE
14    12.4    20.1   15:07    05.5   07:16     05.9     00.0    00.0   01.0     12.9    16:43      S 
15    10.6    15.5   14:38    05.6   07:10     07.7     00.0    00.0   01.4     18.5    16:18     ENE
16    11.6    17.3   15:01    06.3   07:19     06.7     00.0    00.0   01.5     14.8    12:30     SSE
17    11.2    16.8   15:38    07.1   05:42     07.1     00.0    00.0   00.8     12.9    16:51      SE
18    12.0    18.3   15:37    05.7   07:47     06.3     00.0    00.2   00.9     11.1    15:42      S 
19    13.8    19.2   15:31    10.7   00:00     04.5     00.0    00.0   01.3     11.1    16:36      NE
20    14.1    21.1   14:32    08.7   05:47     04.2     00.0    00.0   01.6     16.6    10:50      SE
21    13.6    20.3   15:08    07.6   05:58     04.7     00.0    00.0   01.6     18.5    17:00      SE
22    12.7    17.3   13:54    09.7   04:13     05.6     00.0    18.4   01.9     16.6    16:33      NE
23    11.2    15.7   14:20    07.9   23:06     07.1     00.0    31.8   04.1     24.1    16:10      E 
24    09.0    11.4   17:06    06.2   23:58     09.3     00.0    01.0   04.7     25.9    10:23     ENE
25    08.3    12.7   14:27    05.7   00:52     10.0     00.0    00.0   04.5     29.6    08:57      NE
26    09.6    13.5   14:17    05.3   06:47     08.7     00.0    00.0   05.7     33.3    12:38     ENE
27    12.5    17.1   14:53    08.4   00:05     05.8     00.0    00.0   08.1     38.9    10:44      NE
28    14.6    20.7   14:13    09.8   05:38     03.7     00.0    00.0   03.9     24.1    14:57      W 
29    15.3    21.7   14:57    08.3   06:17     03.0     00.0    00.0   02.1     18.5    14:22      NW
30    15.7    22.0   16:09    08.9   06:09     02.6     00.0    00.0   02.4     16.6    16:39     WSW
31    14.7    20.8   15:30    08.6   07:20     03.6     00.0    00.0   00.8     12.9    14:37     ENE
----------------------------------------------------------------------------------------------------------------------------------------------------------
11.5 (11.8)   22.0  day 30     04.8  day 09   217.6    000.0   110.6   03.2     48.1   day 01     ENE
Min <=   30: 32
Max Rain: 52.0 ON 1-03-14
Days of Rain: 7 (> .2mm) 4 (> 2mm) 2 (> 20mm)