MONTHLY CLIMATOLOGICAL SUMMARY for APR. 2010

NAME: LaCrossWS3600   CITY: Rossano Veneto STATE: Italia
ELEV: 86 LAT: 4542'30.22" LONG: 1148'17.75"

                            TEMPERATURE ( C), RAIN (mm), WIND SPEED (kmh)

                                                 HEAT     COOL           AVG
      MEAN                                       DEG      DEG            WIND                        DOM
DAY   TEMP    HIGH   TIME      LOW     TIME      DAYS     DAYS   RAIN    SPEED    HIGH    TIME       DIR
----------------------------------------------------------------------------------------------------------------------------------------------------------
01    08.0    13.1   12:45    04.5   04:37     04.8     00.0    13.6   02.7     20.4    12:16     ENE
02    09.3    15.2   16:42    03.9   05:16     03.5     00.0    00.0   02.6     20.4    06:55     WNW
03    09.2    15.3   15:50    03.9   07:19     03.6     00.0    01.1   01.8     14.8    19:36      E 
04    10.8    15.8   15:29    07.6   07:38     02.0     00.0    00.6   05.0     27.8    23:25      E 
05    11.3    16.9   17:08    07.9   06:31     01.5     00.0    04.5   05.5     35.1    14:38      W 
06    12.1    17.8   17:45    05.4   07:06     00.7     00.0    00.0   03.1     22.2    02:15     SSE
07    12.1    18.4   16:16    06.0   06:28     00.7     00.0    00.0   01.8     16.6    13:39      SE
08    13.4    20.1   16:15    06.6   06:10     00.0     00.6    00.0   02.2     18.5    12:20      E 
09    15.2    22.6   16:35    07.1   06:10     00.0     02.4    00.0   02.0     16.6    14:34      S 
10    15.3    21.8   16:38    09.3   07:26     00.0     02.5    01.1   04.0     29.6    21:15      E 
11    10.7    14.5   13:46    06.2   00:00     02.1     00.0    00.0   05.1     37.0    19:54      E 
12    09.7    15.6   14:44    04.3   06:35     03.1     00.0    01.1   03.6     27.8    15:13      E 
13    10.1    14.8   14:50    05.3   06:03     02.7     00.0    00.0   03.2     29.6    14:51     ESE
14    11.0    16.4   16:09    07.1   07:27     01.8     00.0    01.1   02.8     24.1    20:25     ENE
15    12.1    18.0   16:06    07.4   07:22     00.7     00.0    00.0   02.2     20.4    17:04     ENE
16    13.5    20.3   15:57    06.3   07:04     00.0     00.7    00.6   02.8     20.4    15:37     ESE
17    13.6    18.7   14:09    10.9   00:00     00.0     00.8    02.8   04.6     33.3    09:22     ENE
18    11.9    17.0   16:24    08.8   06:43     00.9     00.0    08.3   04.2     27.8    05:40      NE
19    14.0    21.4   16:46    06.3   06:54     00.0     01.2    00.0   02.4     20.4    18:04      SW
20    16.2    23.5   17:25    08.3   06:43     00.0     03.4    00.0   02.4     24.1    17:28      SW
21    17.3    24.0   16:34    10.0   06:40     00.0     04.5    00.0   03.2     27.8    16:32      S 
22    15.4    19.6   16:43    10.8   07:03     00.0     02.6    00.0   05.4     31.4    11:49      E 
23    13.9    16.9   12:32    12.0   07:17     00.0     01.1    06.5   04.1     18.5    12:15     ENE
24    15.0    19.7   18:27    11.6   06:07     00.0     02.2    01.7   01.7     14.8    16:15      SW
25    18.2    25.3   15:59    10.6   06:17     00.0     05.4    00.0   02.5     20.4    14:55      E 
26    19.5    26.4   15:38    12.9   06:32     00.0     06.7    00.0   02.5     22.2    20:33     NNW
27    19.5    24.3   15:50    15.4   06:42     00.0     06.7    00.0   02.5     18.5    14:28      E 
28    19.7    24.7   16:51    15.0   06:44     00.0     06.9    00.0   03.1     22.2    16:01      SE
29    19.1    26.0   16:30    13.2   05:00     00.0     06.3    00.0   02.8     20.4    16:12      SE
30    18.0    24.0   15:12    11.7   06:34     00.0     05.2    00.0   02.9     18.5    12:15     ESE
----------------------------------------------------------------------------------------------------------------------------------------------------------
13.8 (14.1)   26.4  day 26     03.9  day 03   028.0    059.1   043.0   03.2     37.0   day 05      E 
Max >=  20: 13
Max Rain: 13.6 ON 1-04-10
Days of Rain: 12 (> .2mm) 5 (> 2mm) 0 (> 20mm)