MONTHLY CLIMATOLOGICAL SUMMARY for APR. 2011

NAME: Davis Vantage pro 2   CITY: Rossano Veneto STATE: Italia
ELEV: 86 LAT: 4542'30.22" LONG: 1148'17.75"

                            TEMPERATURE ( C), RAIN (mm), WIND SPEED (kmh)

                                               HEAT     COOL           AVG
      MEAN                                     DEG      DEG            WIND                       DOM
DAY   TEMP    HIGH   TIME     LOW    TIME      DAYS     DAYS    RAIN   SPEED    HIGH    TIME      DIR
----------------------------------------------------------------------------------------------------------------------------------------------------------
01    16.5    23.5   15:35    10.2   06:32     00.0     02.8    00.0   01.7     14.8    15:47      SE
02    17.3    24.0   15:24    11.1   06:09     00.0     03.6    00.0   02.1     18.5    14:06     ESE
03    16.8    24.0   16:42    10.1   07:32     00.0     03.1    00.0   02.2     18.5    14:30      SE
04    16.2    22.9   16:15    10.8   07:13     00.0     02.5    01.0   02.7     31.5    19:09     ENE
05    14.8    20.5   16:12    09.8   08:12     00.0     01.1    00.0   04.0     20.4    17:29      SW
06    16.3    22.9   17:09    10.6   05:38     00.0     02.6    00.0   02.4     16.7    15:42      SW
07    17.7    25.8   16:58    10.3   07:32     00.0     04.0    00.0   02.3     18.5    15:02     ESE
08    18.8    27.7   16:58    11.6   06:44     00.0     05.1    00.0   01.7     14.8    13:00     WSW
09    23.7    32.6   15:31    13.8   05:40     00.0     10.0    00.0   07.9     44.4    15:34      NW
10    19.5    24.0   16:44    13.8   00:00     00.0     05.8    00.0   04.6     25.9    12:26     SSE
11    17.4    24.4   16:42    09.8   06:21     00.0     03.7    00.0   03.4     18.5    16:57     SSW
12    16.4    22.6   14:08    11.2   07:21     00.0     02.7    02.2   03.7     29.6    21:21      E 
13    12.8    18.6   17:24    08.3   06:45     00.9     00.0    00.0   06.7     38.9    14:11     SSE
14    11.7    16.5   15:48    06.4   06:36     02.0     00.0    00.0   03.0     16.7    16:29     ESE
15    12.4    16.7   16:01    09.2   03:45     01.3     00.0    00.2   03.7     25.9    18:01      E 
16    13.1    18.0   15:07    08.6   06:44     00.6     00.0    00.0   03.6     24.1    19:55     ENE
17    14.0    19.8   15:09    08.5   06:54     00.0     00.3    00.0   03.9     25.9    12:34      E 
18    14.9    20.9   14:59    08.5   06:55     00.0     01.2    00.0   03.0     20.4    18:12      SE
19    15.9    22.3   16:06    09.5   06:48     00.0     02.2    00.0   03.2     20.4    16:48      SE
20    16.9    23.4   15:44    10.8   06:59     00.0     03.2    00.0   03.1     20.4    18:34     ESE
21    16.2    23.5   16:23    08.8   06:32     00.0     02.5    00.0   02.7     18.5    19:14      SE
22    16.2    23.3   16:04    09.4   06:45     00.0     02.5    00.0   02.9     16.7    16:57     ESE
23    16.8    22.3   15:42    11.6   02:04     00.0     03.1    00.0   02.2     18.5    14:54     SSE
24    16.9    22.2   13:27    10.9   06:37     00.0     03.2    00.0   02.8     22.2    15:28     ESE
25    17.6    23.6   15:22    12.2   06:12     00.0     03.9    00.0   03.0     25.9    20:23     ESE
26    16.4    22.8   13:21    11.6   04:23     00.0     02.7    10.0   04.0     27.8    15:13     ENE
27    16.4    22.8   16:09    12.2   04:21     00.0     02.7    06.0   06.6     35.2    14:02     ENE
28    15.4    20.7   17:31    12.3   06:43     00.0     01.7    03.2   05.1     27.8    17:51      NE
29    14.8    20.0   16:32    12.2   02:33     00.0     01.1    00.6   04.2     31.5    17:32      NE
30    15.6    20.7   16:17    10.9   06:45     00.0     01.9    00.0   04.4     22.2    18:47     ENE
----------------------------------------------------------------------------------------------------------------------------------------------------------
16.2 (16.5)   32.6  day 09     06.4  day 14   004.7    079.0   023.6   03.6     44.4   day 09      E 
Max >=  20: 25
Max Rain: 10.0 ON 26-04-11
Days of Rain: 7 (> .2mm) 4 (> 2mm) 0 (> 20mm)