MONTHLY CLIMATOLOGICAL SUMMARY for APR. 2012

NAME: Davis Vantage pro 2   CITY: Rossano Veneto STATE: Italia
ELEV: 86 LAT: 4542'30.22" LONG: 1148'17.75"

                            TEMPERATURE ( C), RAIN (mm), WIND SPEED (kmh)

                                               HEAT     COOL           AVG
      MEAN                                     DEG      DEG            WIND                       DOM
DAY   TEMP    HIGH   TIME     LOW    TIME      DAYS     DAYS    RAIN   SPEED    HIGH    TIME      DIR
----------------------------------------------------------------------------------------------------------------------------------------------------------
01    12.0    16.2   14:22    08.8   07:45     01.7     00.0    00.0   04.0     29.6    09:34     ESE
02    12.2    18.4   14:55    06.2   07:22     01.5     00.0    00.0   03.2     24.1    17:38     SSE
03    12.7    18.1   15:06    07.1   07:34     01.0     00.0    00.4   04.1     20.4    19:32      E 
04    14.0    18.6   14:57    11.6   06:33     00.0     00.3    02.0   04.8     20.4    18:21      E 
05    13.7    14.8   18:12    11.9   23:56     00.0     00.0    10.8   06.2     25.9    13:03     ENE
06    14.6    20.9   16:06    09.6   07:30     00.0     00.9    00.0   03.6     24.1    17:55      SW
07    14.2    19.6   16:13    11.0   23:19     00.0     00.5    02.6   05.6     37.0    16:05      S 
08    09.0    11.9   11:21    04.6   00:00     04.7     00.0    03.8   06.8     27.8    02:53     ENE
09    06.5    11.0   15:57    02.7   02:45     07.2     00.0    00.0   02.2     16.7    13:14      SW
10    09.3    14.9   15:49    04.6   03:36     04.4     00.0    01.8   02.6     16.7    19:48      S 
11    08.0    09.4   20:06    06.9   09:33     05.7     00.0    39.4   07.1     37.0    17:29     ENE
12    10.8    17.3   15:51    04.8   07:30     02.9     00.0    00.0   03.9     20.4    17:36      SE
13    10.6    12.1   12:27    09.7   23:09     03.1     00.0    08.0   05.9     29.6    08:19      NE
14    12.0    15.7   17:31    09.2   04:02     01.7     00.0    01.2   01.9     13.0    15:21     NNW
15    10.9    12.3   17:56    10.0   07:40     02.8     00.0    11.8   01.7     14.8    13:32     NNE
16    12.7    17.1   14:44    09.0   06:25     01.0     00.0    00.4   01.5     13.0    22:21     NNE
17    13.3    17.9   15:47    08.6   06:37     00.4     00.0    00.0   02.8     18.5    15:36     SSW
18    12.1    17.2   15:45    09.2   07:17     01.6     00.0    03.6   04.5     27.8    19:29      E 
19    11.0    16.6   14:11    08.4   07:22     02.7     00.0    07.6   03.3     24.1    17:03      E 
20    11.8    16.7   17:26    08.2   06:34     01.9     00.0    04.2   04.0     24.1    18:12      SW
21    13.0    19.8   16:40    07.6   02:49     00.7     00.0    04.8   03.6     40.7    21:04      SE
22    12.4    16.0   14:22    10.1   00:00     01.3     00.0    09.6   04.4     35.2    14:42      NE
23    11.8    16.3   14:50    07.6   04:05     01.9     00.0    00.0   04.2     27.8    12:18     ENE
24    12.5    18.4   16:03    09.2   09:09     01.2     00.0    17.8   07.5     42.6    09:41     SSW
25    14.0    20.2   16:37    08.4   04:54     00.0     00.3    00.0   03.5     22.2    18:28      S 
26    14.6    22.1   17:20    08.6   06:26     00.0     00.9    00.0   02.6     24.1    17:23      SE
27    16.4    23.1   18:01    09.6   05:49     00.0     02.7    00.0   02.0     20.4    11:13     ESE
28    20.9    29.2   16:21    12.0   06:34     00.0     07.2    00.0   04.0     24.1    19:07      E 
29    19.4    23.6   17:10    14.8   06:56     00.0     05.7    00.0   02.2     16.7    16:36     ESE
30    20.0    25.7   15:37    15.6   06:44     00.0     06.3    00.4   04.2     29.6    19:19     ESE
----------------------------------------------------------------------------------------------------------------------------------------------------------
12.9 (13.3)   29.2  day 28     02.7  day 09   049.2    024.8   130.2   03.9     42.6   day 07      E 
Max >=  18: 13
Max <=   10: 1
Min <=   4: 1
Max Rain: 39.4 ON 11-04-12
Days of Rain: 72 (> .2mm) 12 (> 2mm) 1 (> 20mm)