MONTHLY CLIMATOLOGICAL SUMMARY for APR. 2013

NAME: Davis Vantage pro 2   CITY: Rossano Veneto STATE: Italia
ELEV: 86 LAT: 4542'30.22" LONG: 1148'17.75"

                            TEMPERATURE ( C), RAIN (mm), WIND SPEED (kmh)

                                               HEAT     COOL           AVG
      MEAN                                     DEG      DEG            WIND                       DOM
DAY   TEMP    HIGH   TIME     LOW    TIME      DAYS     DAYS    RAIN   SPEED    HIGH    TIME      DIR
----------------------------------------------------------------------------------------------------------------------------------------------------------
01    08.4    11.9   14:29    05.1   08:10     05.3     00.0    00.0   03.9     29.6    09:36     ENE
02    09.7    15.6   14:32    06.6   03:58     04.0     00.0    00.0   04.3     25.9    09:05      E 
03    09.8    14.5   16:14    06.0   07:17     03.9     00.0    01.2   02.3     18.5    15:25      SW
04    10.0    12.9   13:35    06.9   07:30     03.7     00.0    03.6   04.1     20.4    13:23      E 
05    09.3    11.4   16:07    07.6   02:18     04.4     00.0    18.8   05.2     25.9    13:51      NE
06    10.8    14.8   14:25    08.1   05:20     02.9     00.0    01.2   01.8     16.7    23:21      NE
07    10.6    14.4   13:35    07.6   07:16     03.1     00.0    00.0   04.2     31.5    11:49     ENE
08    08.8    11.2   14:06    07.5   00:00     04.9     00.0    00.2   01.8     14.8    11:01     ENE
09    09.5    14.0   16:41    06.4   06:00     04.2     00.0    05.4   02.0     18.5    13:19     SSW
10    10.7    15.0   17:09    06.1   04:43     03.0     00.0    00.2   01.1     11.1    20:18      SE
11    12.3    15.4   18:13    08.4   07:07     01.4     00.0    01.4   01.4     13.0    13:32      N 
12    12.1    16.2   17:06    10.5   08:27     01.6     00.0    11.2   03.0     18.5    10:42     ENE
13    15.2    20.7   16:31    10.9   07:26     00.0     01.5    00.0   02.0     18.5    12:15      E 
14    16.6    22.3   16:41    10.5   07:05     00.0     02.9    00.0   02.3     18.5    16:17     SSW
15    16.7    22.7   14:20    11.3   07:10     00.0     03.0    00.0   01.1     14.8    14:05     ESE
16    17.2    23.6   15:08    11.2   06:33     00.0     03.5    00.0   02.1     18.5    17:36     ESE
17    18.7    24.4   16:31    12.6   07:16     00.0     05.0    00.0   01.4     18.5    12:37     SSW
18    19.3    26.1   15:53    12.9   06:29     00.0     05.6    00.0   01.9     16.7    16:02      SW
19    19.5    25.4   15:38    13.7   06:56     00.0     05.8    01.2   03.7     24.1    22:38      E 
20    15.4    17.6   15:10    13.9   21:11     00.0     01.7    04.2   09.1     35.2    10:37      NE
21    15.5    20.9   16:44    12.6   06:10     00.0     01.8    14.4   04.4     24.1    12:31     NNW
22    12.1    14.0   15:21    10.7   23:53     01.6     00.0    14.0   03.9     24.1    15:42     NNE
23    13.6    19.8   15:46    09.1   06:54     00.1     00.0    00.6   01.9     18.5    19:21      NE
24    15.8    22.7   16:04    08.3   06:03     00.0     02.1    00.0   01.8     16.7    16:25      SW
25    17.7    24.5   15:44    10.5   07:00     00.0     04.0    00.0   01.7     16.7    14:53     SSE
26    17.8    22.3   14:02    13.5   04:40     00.0     04.1    00.0   01.3     18.5    18:19     ESE
27    14.7    16.9   00:06    13.1   06:01     00.0     01.0    19.6   03.7     18.5    18:39      NE
28    17.2    23.1   15:09    12.4   07:06     00.0     03.5    05.8   02.8     22.2    18:26      E 
29    17.3    20.3   17:12    15.7   00:00     00.0     03.6    01.8   02.1     22.2    14:40      NE
30    17.9    21.1   16:33    15.3   02:49     00.0     04.2    00.8   01.4     20.4    09:52     NNE
----------------------------------------------------------------------------------------------------------------------------------------------------------
14.0 (14.3)   26.1  day 18     05.1  day 01   043.9    053.4   105.8   02.8     35.2   day 20     ENE
Max <=   21: 19
Min <=   13: 24
Min <= 11: 18
Max Rain: 19.6 ON 27-04-13
Days of Rain: 19 (> .2mm) 9 (> 2mm) 0 (> 20mm)