MONTHLY CLIMATOLOGICAL SUMMARY for APR. 2014

NAME:    CITY:  STATE: 
ELEV:  LAT:  LONG: 

                            TEMPERATURE ( C), RAIN (mm), WIND SPEED (kmh)

                                               HEAT     COOL           AVG
      MEAN                                     DEG      DEG            WIND                       DOM
DAY   TEMP    HIGH   TIME     LOW    TIME      DAYS     DAYS    RAIN   SPEED    HIGH    TIME      DIR
----------------------------------------------------------------------------------------------------------------------------------------------------------
01    15.0    20.8   16:11    08.9   07:53     03.3     00.0    00.0   01.2     16.6    14:05     SSW
02    14.6    20.3   15:24    09.2   06:50     03.7     00.0    00.0   01.6     16.6    15:19     SSE
03    13.3    16.4   16:17    10.9   06:17     05.0     00.0    00.0   02.9     18.5    17:18     ENE
04    14.6    18.1   12:18    11.3   07:21     03.7     00.0    00.2   05.6     29.6    15:32     ENE
05    15.8    19.2   16:49    13.8   00:28     02.5     00.0    01.0   01.9     20.4    21:01      N 
06    17.3    23.7   15:46    10.8   07:11     01.0     00.0    00.0   01.5     12.9    15:34     WNW
07    18.5    24.6   16:16    12.6   07:02     00.0     00.2    00.0   01.9     18.5    14:42      S 
08    17.6    23.2   14:11    11.9   07:31     00.7     00.0    00.0   01.7     16.6    17:21      E 
09    16.2    21.8   16:04    10.9   07:12     02.1     00.0    00.0   03.7     27.8    16:44     SSE
10    14.6    21.6   16:06    08.6   06:59     03.7     00.0    00.0   02.0     20.4    18:00      SE
11    13.3    17.2   14:29    08.9   04:59     05.0     00.0    00.0   03.0     18.5    17:35     ENE
12    14.9    18.7   14:33    12.4   06:55     03.4     00.0    00.2   01.1     18.5    18:18      SE
13    14.8    19.8   16:15    11.7   07:23     03.5     00.0    00.0   01.0     12.9    15:06      S 
14    14.6    21.7   16:35    08.9   07:03     03.7     00.0    01.0   02.7     22.2    20:30     ESE
15    13.5    18.8   15:15    09.5   06:51     04.8     00.0    00.0   03.5     24.1    09:41      E 
16    13.2    18.8   15:16    06.4   06:41     05.1     00.0    00.0   02.8     18.5    20:24     SSW
17    13.9    20.9   16:39    06.0   06:37     04.4     00.0    00.0   03.1     20.4    16:35     WSW
18    13.7    18.8   15:07    06.6   07:17     04.6     00.0    00.0   01.3     14.8    21:10      NW
19    14.6    19.2   16:08    11.4   07:42     03.7     00.0    00.0   09.8     38.9    14:39      NE
20    14.3    18.5   14:00    10.4   06:54     04.0     00.0    00.0   04.9     29.6    14:16     ENE
21    13.3    14.9   19:32    11.9   08:23     05.0     00.0    02.8   04.2     20.4    07:22      NE
22    15.2    21.6   13:57    08.4   06:55     03.1     00.0    01.2   01.8     18.5    15:38     WSW
23    17.1    24.3   15:18    10.6   07:25     01.2     00.0    00.0   02.8     29.6    17:34     NNE
24    20.2    26.4   14:53    15.1   01:46     00.0     01.9    00.0   04.8     20.4    18:42     WNW
25    19.4    26.0   15:56    12.0   07:01     00.0     01.1    00.0   01.9     22.2    23:30      SW
26    18.9    25.4   15:32    13.2   06:12     00.0     00.6    01.0   02.3     25.9    17:22     ENE
27    14.5    16.9   00:07    12.6   21:07     03.8     00.0    41.8   04.4     20.4    10:58     NNE
28    13.9    16.4   15:12    12.4   03:02     04.4     00.0    06.0   03.2     27.8    12:34      NE
29    17.4    23.3   14:50    13.3   02:32     00.9     00.0    02.8   03.5     35.1    19:23      NW
30    14.0    16.4   00:16    11.5   00:00     04.3     00.0    19.4   02.7     18.5    18:37     NNW
----------------------------------------------------------------------------------------------------------------------------------------------------------
15.4 (15.6)   26.4  day 24     06.0  day 17   090.4    003.8   077.4   03.0     38.9   day 04     ENE
Min <=   30: 30
Max Rain: 41.8 ON 27-04-14
Days of Rain: 11 (> .2mm) 5 (> 2mm) 1 (> 20mm)