MONTHLY CLIMATOLOGICAL SUMMARY for MAY. 2010

NAME: LaCrossWS3600   CITY: Rossano Veneto STATE: Italia
ELEV: 86 LAT: 4542'30.22" LONG: 1148'17.75"

                            TEMPERATURE ( C), RAIN (mm), WIND SPEED (kmh)

                                                 HEAT     COOL           AVG
      MEAN                                       DEG      DEG            WIND                        DOM
DAY   TEMP    HIGH   TIME      LOW     TIME      DAYS     DAYS   RAIN    SPEED    HIGH    TIME       DIR
----------------------------------------------------------------------------------------------------------------------------------------------------------
01    18.1    24.1   16:30    12.4   06:57     00.0     05.3    00.0   03.1     20.4    17:37     ESE
02    15.6    17.8   15:10    12.6   23:38     00.0     02.8    15.2   06.6     27.8    11:50     ENE
03    16.6    22.6   17:05    12.4   03:24     00.0     03.8    12.7   04.8     25.9    17:32      E 
04    14.2    15.9   00:05    13.1   23:57     00.0     01.4    70.3   09.1     35.2    14:25     ENE
05    15.1    18.9   15:59    13.2   00:17     00.0     02.3    21.8   08.1     42.6    14:47     ENE
06    13.7    18.9   17:26    10.4   00:00     00.0     00.9    04.5   04.1     31.5    18:32     SSW
07    13.0    18.3   16:18    07.7   07:03     00.0     00.2    00.0   02.1     18.5    14:04     SSW
08    13.6    18.4   16:10    10.7   07:22     00.0     00.8    02.0   03.0     16.7    14:33      E 
09    14.4    19.3   17:54    10.3   03:54     00.0     01.6    02.8   02.3     33.3    17:47     WSW
10    14.3    17.8   17:17    12.3   07:37     00.0     01.5    06.8   01.3     11.1    16:15     ENE
11    14.6    16.4   10:26    13.4   03:16     00.0     01.8    23.7   04.5     22.2    13:31     ENE
12    15.6    21.0   16:53    11.8   00:00     00.0     02.8    09.9   02.6     31.5    18:55      E 
13    15.5    21.5   16:26    11.3   06:48     00.0     02.7    00.6   03.7     27.8    18:40      SE
14    16.0    21.3   17:32    11.1   04:44     00.0     03.2    01.1   04.5     35.2    12:23     SSW
15    13.9    15.4   11:49    12.4   07:33     00.0     01.1    01.7   03.3     25.9    15:48      W 
16    15.9    21.7   16:07    11.4   06:37     00.0     03.1    00.0   03.9     18.5    14:46      SW
17    17.7    23.7   17:55    11.6   06:32     00.0     04.9    00.0   02.8     22.2    17:13     SSW
18    18.1    25.6   14:41    10.4   05:38     00.0     05.3    00.0   04.6     33.3    19:12     WNW
19    17.2    22.1   17:12    12.3   06:28     00.0     04.4    00.0   04.1     22.2    18:23      SE
20    17.9    22.7   17:11    13.1   06:56     00.0     05.1    00.0   02.8     20.4    16:53     SSE
21    19.4    26.4   15:18    11.6   06:41     00.0     06.6    00.0   03.2     22.2    16:47      S 
22    20.6    27.0   15:10    13.7   06:07     00.0     07.8    07.9   02.6     31.5    20:41      SW
23    20.5    26.7   16:20    14.0   06:28     00.0     07.7    00.0   01.6     16.7    11:45      E 
24    22.3    28.4   17:21    15.2   06:11     00.0     09.5    00.0   03.0     25.9    17:04     SSW
25    22.2    29.1   17:47    16.3   06:25     00.0     09.4    00.0   03.3     18.5    17:59     ESE
26    21.8    27.9   16:33    16.1   06:21     00.0     09.0    00.0   03.6     25.9    18:22     SSW
27    20.1    25.9   15:10    15.8   06:12     00.0     07.3    09.9   02.7     16.7    16:00     ENE
28    19.3    24.8   15:15    15.8   01:25     00.0     06.5    01.1   01.7     22.2    16:10     ENE
29    19.6    25.2   13:15    15.6   05:15     00.0     06.8    00.0   01.8     14.8    14:05     NNE
30    19.7    24.7   18:30    15.4   06:33     00.0     06.9    00.3   03.2     20.4    18:52      S 
31    20.9    26.1   17:23    16.4   23:54     00.0     08.1    00.0   05.4     40.7    12:32     NNE
----------------------------------------------------------------------------------------------------------------------------------------------------------
17.3 (17.7)   29.1  day 25     07.7  day 07   000.0    140.6   192.3   03.6     42.6   day 05      E 
Max >=  20: 21
Max Rain: 70.3 ON 4-05-10
Days of Rain: 17 (> .2mm) 12 (> 2mm) 3 (> 20mm)