MONTHLY CLIMATOLOGICAL SUMMARY for MAY. 2011

NAME: Davis Vantage pro 2   CITY: Rossano Veneto STATE: Italia
ELEV: 86 LAT: 4542'30.22" LONG: 1148'17.75"

                            TEMPERATURE ( C), RAIN (mm), WIND SPEED (kmh)

                                               HEAT     COOL           AVG
      MEAN                                     DEG      DEG            WIND                       DOM
DAY   TEMP    HIGH   TIME     LOW    TIME      DAYS     DAYS    RAIN   SPEED    HIGH    TIME      DIR
----------------------------------------------------------------------------------------------------------------------------------------------------------
01    17.4    24.2   15:41    11.7   06:54     00.0     03.7    00.0   03.9     31.4    23:54      NW
02    17.4    22.5   13:59    12.4   07:03     00.0     03.7    00.0   05.2     29.6    00:04      E 
03    18.4    23.8   17:33    13.5   06:39     00.0     04.7    00.0   04.1     22.2    15:52     ESE
04    15.6    20.1   17:28    12.7   04:50     00.0     01.9    01.8   05.8     37.0    00:37     ESE
05    14.9    19.9   16:00    09.8   06:41     00.0     01.2    00.0   05.1     24.1    16:10     ESE
06    15.9    22.8   16:04    08.3   05:41     00.0     02.2    00.0   03.4     22.2    16:59      S 
07    17.3    25.2   16:34    09.6   06:52     00.0     03.6    00.0   02.9     20.4    18:42      SE
08    18.6    26.6   16:56    11.5   06:23     00.0     04.9    00.2   04.1     42.5    19:35      E 
09    17.9    23.6   16:44    13.4   06:06     00.0     04.2    00.2   04.6     20.4    12:04      SW
10    19.7    26.4   16:35    11.9   05:52     00.0     06.0    00.0   03.0     20.4    14:41     WSW
11    21.6    28.4   16:05    13.3   05:55     00.0     07.9    00.0   02.4     16.6    13:19      W 
12    22.8    28.8   17:01    18.0   05:54     00.0     09.1    00.0   03.7     22.2    18:11      E 
13    22.0    27.9   15:01    15.6   06:17     00.0     08.3    00.0   04.0     25.9    15:26     ESE
14    21.6    27.9   17:01    15.8   07:15     00.0     07.9    06.8   04.4     29.6    22:43      E 
15    14.2    17.8   01:37    11.4   12:36     00.0     00.5    28.2   03.8     29.6    09:13     ENE
16    15.9    23.4   16:56    08.0   06:30     00.0     02.2    00.0   03.1     20.4    17:22     SSW
17    18.2    24.4   16:02    10.9   05:58     00.0     04.5    00.0   02.8     18.5    17:03     SSW
18    21.1    26.5   16:22    15.0   05:51     00.0     07.4    00.0   03.3     22.2    17:58      E 
19    21.7    28.0   15:42    15.1   06:21     00.0     08.0    00.0   02.1     20.4    14:16     ESE
20    22.2    29.0   15:55    15.2   06:21     00.0     08.5    00.0   02.6     18.5    18:09     SSW
21    23.0    29.5   16:59    16.8   06:46     00.0     09.3    00.0   02.5     27.8    21:06     ESE
22    23.5    29.9   15:49    16.4   06:05     00.0     09.8    00.0   02.2     18.5    14:41      E 
23    25.3    31.4   15:51    18.9   04:30     00.0     11.6    00.0   03.5     20.4    15:21      E 
24    25.9    31.7   15:22    20.7   05:58     00.0     12.2    00.0   03.0     16.6    12:24      W 
25    25.7    31.8   14:42    20.0   06:13     00.0     12.0    03.0   03.7     24.1    02:48      E 
26    24.9    30.9   16:54    19.6   06:16     00.0     11.2    00.0   03.9     22.2    17:28     ESE
27    21.2    26.8   12:14    15.9   00:00     00.0     07.5    23.4   05.0     62.9    15:52     ENE
28    17.8    23.6   16:16    12.7   06:51     00.0     04.1    05.6   03.9     31.4    00:20      NW
29    19.8    25.5   16:53    12.9   05:36     00.0     06.1    00.0   02.1     18.5    14:16      SW
30    21.8    28.1   16:32    00.0   16:12     00.0     08.1    00.0   02.5     24.1    18:11      E 
31    22.3    28.6   15:18    15.5   05:30     00.0     08.6    00.0   01.4     20.4    13:22     ESE
----------------------------------------------------------------------------------------------------------------------------------------------------------
20.2 (20.0)   31.8  day 25     00.0  day 30   000.0    201.2   069.2   03.5     62.9   day 27     ESE
Max >=  20: 29
Min <=   2: 1
Max Rain: 28.2 ON 15-05-11
Days of Rain: 8 (> .2mm) 5 (> 2mm) 2 (> 20mm)