MONTHLY CLIMATOLOGICAL SUMMARY for MAY. 2012

NAME: Davis Vantage pro 2   CITY: Rossano Veneto STATE: Italia
ELEV: 86 LAT: 4542'30.22" LONG: 1148'17.75"

                            TEMPERATURE ( C), RAIN (mm), WIND SPEED (kmh)

                                               HEAT     COOL           AVG
      MEAN                                     DEG      DEG            WIND                       DOM
DAY   TEMP    HIGH   TIME     LOW    TIME      DAYS     DAYS    RAIN   SPEED    HIGH    TIME      DIR
----------------------------------------------------------------------------------------------------------------------------------------------------------
01    19.6    26.7   14:53    15.6   06:57     00.0     05.9    02.4   04.3     35.2    18:42      NE
02    19.0    25.0   15:44    13.3   06:50     00.0     05.3    00.0   04.2     18.5    18:33      SW
03    18.4    24.3   14:36    12.0   06:53     00.0     04.7    00.0   02.1     18.5    14:08      SW
04    18.4    24.5   15:25    12.7   06:57     00.0     04.7    00.4   03.5     27.8    23:15      E 
05    16.4    22.4   13:48    12.6   06:36     00.0     02.7    06.4   04.3     50.0    14:21     WSW
06    14.5    19.6   14:12    11.7   21:01     00.0     00.8    14.6   03.4     22.2    18:27     ENE
07    16.5    22.7   14:43    10.4   06:54     00.0     02.8    00.2   03.5     29.6    14:55     SSE
08    18.4    24.1   16:59    11.7   06:44     00.0     04.7    00.0   02.8     20.4    16:05     SSW
09    20.0    25.2   15:33    13.5   06:48     00.0     06.3    00.0   02.0     18.5    09:14     ESE
10    22.4    28.7   15:27    15.3   06:52     00.0     08.7    00.0   01.8     16.7    16:02      SW
11    23.9    30.0   17:01    16.8   06:41     00.0     10.2    00.0   02.0     16.7    14:29      SE
12    24.1    30.7   15:12    17.8   06:45     00.0     10.4    00.0   01.8     16.7    18:35     ENE
13    14.2    23.2   00:12    10.8   10:27     00.0     00.5    31.4   06.4     35.2    02:59     ENE
14    14.8    20.8   15:40    09.8   06:51     00.0     01.1    00.2   03.0     31.5    17:08     SSE
15    15.6    21.8   15:50    09.2   06:40     00.0     01.9    00.0   03.0     20.4    14:46      S 
16    13.4    16.8   15:27    09.6   06:53     00.3     00.0    07.8   06.0     35.2    04:32     ESE
17    15.7    21.8   16:01    08.9   06:10     00.0     02.0    00.0   04.1     24.1    18:19      S 
18    15.1    21.1   15:17    08.7   06:08     00.0     01.4    00.0   03.2     24.1    15:19     ESE
19    18.0    24.2   15:36    10.9   06:06     00.0     04.3    00.0   02.2     20.4    15:09     ESE
20    16.5    21.0   11:41    12.3   06:31     00.0     02.8    08.6   02.0     20.4    11:34      E 
21    13.0    14.3   00:28    11.8   00:00     00.7     00.0    101.0   07.5     35.2    12:34      NE
22    16.0    21.3   13:09    09.5   06:01     00.0     02.3    00.8   02.5     18.5    15:01      SW
23    20.3    27.1   16:44    14.9   06:18     00.0     06.6    00.0   03.3     18.5    14:36     SSE
24    24.5    31.8   15:03    18.5   05:45     00.0     10.8    05.2   04.0     27.8    18:11      W 
25    21.4    26.7   15:27    17.5   06:36     00.0     07.7    01.0   03.9     20.4    23:04     WSW
26    19.4    24.1   17:02    15.3   07:16     00.0     05.7    00.4   03.7     31.5    02:08      E 
27    19.5    25.6   14:11    15.4   06:45     00.0     05.8    00.6   04.5     25.9    19:10     WNW
28    21.1    26.3   16:43    16.8   06:22     00.0     07.4    00.0   04.8     29.6    21:53     WSW
29    21.2    27.8   15:55    13.8   06:14     00.0     07.5    00.8   03.0     20.4    21:06      SW
30    22.3    29.1   15:01    15.2   06:38     00.0     08.6    00.0   03.5     20.4    15:55      SW
31    22.7    27.4   16:17    18.5   06:47     00.0     09.0    00.0   04.4     20.4    16:34     SSW
----------------------------------------------------------------------------------------------------------------------------------------------------------
18.6 (18.8)   31.8  day 24     08.7  day 18   001.1    152.2   181.8   03.6     50.0   day 05      SE
Max >=  27: 8
Max <=   21: 5
Min <=   13: 16
Min <= 11: 9
Max Rain: 101.0 ON 21-05-12
Days of Rain: 15 (> .2mm) 8 (> 2mm) 2 (> 20mm)