MONTHLY CLIMATOLOGICAL SUMMARY for MAY. 2013

NAME: Davis Vantage pro 2   CITY: Rossano Veneto STATE: Italia
ELEV: 86 LAT: 4542'30.22" LONG: 1148'17.75"

                            TEMPERATURE ( C), RAIN (mm), WIND SPEED (kmh)

                                               HEAT     COOL           AVG
      MEAN                                     DEG      DEG            WIND                       DOM
DAY   TEMP    HIGH   TIME     LOW    TIME      DAYS     DAYS    RAIN   SPEED    HIGH    TIME      DIR
----------------------------------------------------------------------------------------------------------------------------------------------------------
01    20.1    27.1   14:53    15.4   07:22     00.0     06.4    00.0   03.6     25.9    14:20     ENE
02    18.3    21.8   14:29    16.1   07:34     00.0     04.6    00.6   02.0     20.4    16:53     ENE
03    18.0    23.6   15:09    14.3   07:18     00.0     04.3    00.4   02.6     18.5    19:42     ESE
04    19.9    26.1   15:58    13.6   06:47     00.0     06.2    00.2   02.0     18.5    12:37      E 
05    19.4    25.2   13:38    15.7   00:00     00.0     05.7    12.0   05.2     38.9    12:01      E 
06    17.2    20.8   14:25    14.4   08:07     00.0     03.5    08.2   05.5     29.6    16:09     ENE
07    18.7    23.9   15:34    15.5   06:30     00.0     05.0    00.6   02.5     18.5    16:01      NE
08    19.6    24.6   17:10    13.9   06:52     00.0     05.9    00.2   02.4     18.5    18:29      W 
09    21.6    27.7   15:07    15.3   06:16     00.0     07.9    00.0   01.7     16.7    16:10      NW
10    18.8    20.7   14:21    17.1   00:00     00.0     05.1    00.4   01.7     14.8    17:57     NNW
11    15.9    19.3   15:39    14.0   00:00     00.0     02.2    29.4   03.0     22.2    13:55     ENE
12    16.8    24.1   15:24    10.8   06:25     00.0     03.1    00.2   04.3     20.4    18:54      NW
13    16.1    22.2   15:44    10.6   05:51     00.0     02.4    00.0   03.3     22.2    14:48      SW
14    17.9    24.0   15:16    11.3   06:39     00.0     04.2    00.0   02.4     18.5    19:18     ESE
15    18.6    24.8   16:11    12.7   06:44     00.0     04.9    00.0   04.0     25.9    14:45      E 
16    15.1    17.9   00:05    12.6   14:27     00.0     01.4    119.6   11.2     50.0    10:38     ENE
17    15.3    17.4   19:50    12.9   00:00     00.0     01.6    22.2   04.8     24.1    10:01     ENE
18    16.0    22.7   14:16    09.2   06:23     00.0     02.3    00.2   02.3     22.2    17:31      SE
19    16.2    20.7   16:23    13.3   11:45     00.0     02.5    09.0   04.6     31.5    17:11     WSW
20    15.6    21.8   14:51    09.7   06:18     00.0     01.9    00.4   03.9     33.3    17:07     SSW
21    15.6    21.8   16:07    09.4   06:39     00.0     01.9    00.0   03.6     29.6    22:01      E 
22    16.8    22.2   17:03    12.0   06:52     00.0     03.1    01.2   02.1     18.5    18:33      E 
23    16.6    23.7   14:38    12.5   23:29     00.0     02.9    13.2   04.4     42.6    16:03      NE
24    09.6    12.7   00:19    08.1   00:00     04.1     00.0    65.8   08.8     42.6    09:41      NE
25    10.7    15.8   13:20    07.0   06:08     03.0     00.0    04.2   03.5     27.8    15:38      E 
26    14.4    21.0   16:54    07.8   06:36     00.0     00.7    00.0   05.0     29.6    16:33      SW
27    15.8    22.2   15:53    09.6   06:19     00.0     02.1    00.0   03.6     27.8    19:12     ENE
28    16.0    19.4   10:44    13.9   06:26     00.0     02.3    00.4   04.4     25.9    16:22      NE
29    16.5    22.2   17:34    12.9   08:34     00.0     02.8    06.0   03.5     31.5    21:03     ENE
30    13.3    16.7   14:23    11.6   00:00     00.4     00.0    01.4   01.3     18.5    15:12     ENE
31    13.3    16.0   17:51    11.3   06:12     00.4     00.0    00.6   02.5     13.0    03:03     ESE
----------------------------------------------------------------------------------------------------------------------------------------------------------
16.6 (17.0)   27.7  day 09     07.0  day 25   007.9    097.0   296.4   03.7     50.0   day 16     ENE
Max >=  27: 2
Max <=   21: 12
Min <=   13: 18
Min <= 11: 9
Max Rain: 119.6 ON 16-05-13
Days of Rain: 25 (> .2mm) 10 (> 2mm) 4 (> 20mm)