MONTHLY CLIMATOLOGICAL SUMMARY for MAY. 2014

NAME:    CITY:  STATE: 
ELEV:  LAT:  LONG: 

                            TEMPERATURE ( C), RAIN (mm), WIND SPEED (kmh)

                                               HEAT     COOL           AVG
      MEAN                                     DEG      DEG            WIND                       DOM
DAY   TEMP    HIGH   TIME     LOW    TIME      DAYS     DAYS    RAIN   SPEED    HIGH    TIME      DIR
----------------------------------------------------------------------------------------------------------------------------------------------------------
01    16.8    24.4   15:52    08.9   06:55     01.5     00.0    00.2   02.6     18.5    21:19     NNW
02    13.8    16.3   00:01    12.5   05:46     04.5     00.0    23.2   01.7     22.2    13:06      N 
03    14.5    21.5   12:44    11.6   07:06     03.8     00.0    09.4   02.4     25.9    15:48     NNW
04    16.8    22.9   16:22    10.2   06:08     01.5     00.0    00.0   03.5     22.2    16:59      SW
05    16.3    21.0   15:47    11.8   03:35     02.0     00.0    00.0   02.7     20.4    15:28     SSW
06    16.7    23.0   14:42    10.4   06:36     01.6     00.0    00.0   01.8     18.5    18:41      S 
07    15.9    20.0   13:05    12.3   05:21     02.4     00.0    01.0   03.1     20.4    23:21     ENE
08    17.4    23.3   14:05    11.2   06:47     00.9     00.0    00.0   03.0     22.2    17:15      SW
09    19.2    25.6   15:25    12.7   06:45     00.0     00.9    00.0   01.2     14.8    19:51     SSE
10    20.8    27.0   16:24    13.9   06:34     00.0     02.5    00.0   01.6     18.5    20:54      SE
11    19.0    23.1   17:06    13.3   00:00     00.0     00.7    05.0   04.3     48.1    19:20     WSW
12    15.9    22.8   15:35    11.5   04:07     02.4     00.0    03.0   03.2     22.2    18:43     ENE
13    14.6    19.6   13:10    11.4   05:00     03.7     00.0    03.6   02.9     24.1    20:22      N 
14    17.0    25.5   16:07    09.1   06:30     01.3     00.0    00.0   04.4     33.3    17:05      NW
15    18.2    24.2   15:47    09.8   05:22     00.1     00.0    00.0   03.5     25.9    22:48     NNW
16    19.1    23.7   13:05    14.3   23:53     00.0     00.8    00.0   09.7     38.9    15:26      NW
17    18.2    24.3   17:07    11.9   04:23     00.1     00.0    00.0   04.8     24.1    16:28      SW
18    16.5    21.8   12:53    12.2   05:00     01.8     00.0    02.2   05.2     27.8    16:37     ENE
19    18.3    23.3   16:36    14.9   05:45     00.0     00.0    00.0   07.1     27.8    08:41     ENE
20    18.5    24.5   15:43    12.1   06:07     00.0     00.2    00.0   01.5     20.4    17:18      SE
21    20.1    26.0   15:50    13.7   06:34     00.0     01.8    00.0   02.1     18.5    18:57     ESE
22    21.6    27.9   15:32    15.1   06:26     00.0     03.3    00.0   02.0     18.5    14:56     ESE
23    20.5    25.2   13:11    17.8   06:00     00.0     02.2    01.4   03.8     29.6    17:38     ENE
24    21.8    27.7   15:10    16.0   06:18     00.0     03.5    00.0   02.6     24.1    15:50      SW
25    21.9    28.1   15:55    14.6   06:23     00.0     03.6    00.0   02.1     18.5    15:30      E 
26    18.6    22.6   18:02    16.4   05:21     00.0     00.3    02.4   02.9     29.6    03:31     NNW
27    18.2    22.9   12:11    15.8   06:18     00.1     00.0    05.2   02.4     29.6    15:03     SSW
28    18.4    24.8   15:18    14.9   05:38     00.0     00.1    00.4   02.1     31.4    18:06     ENE
29    18.2    24.9   15:22    14.9   06:19     00.1     00.0    07.4   02.6     35.1    16:11     NNE
30    18.5    25.4   17:30    13.7   04:03     00.0     00.2    06.4   02.6     31.4    18:55     ENE
31    17.4    22.3   14:07    14.4   03:41     00.9     00.0    01.2   05.1     20.4    18:13      N 
----------------------------------------------------------------------------------------------------------------------------------------------------------
18.0 (18.4)   28.1  day 25     08.9  day 01   028.7    020.1   072.0   03.3     48.1   day 11      NE
Min <=   30: 31
Max Rain: 23.2 ON 2-05-14
Days of Rain: 15 (> .2mm) 10 (> 2mm) 1 (> 20mm)