MONTHLY CLIMATOLOGICAL SUMMARY for JUN. 2010

NAME: LaCrossWS3600   CITY: Rossano Veneto STATE: Italia
ELEV: 86 LAT: 4542'30.22" LONG: 1148'17.75"

                            TEMPERATURE ( C), RAIN (mm), WIND SPEED (kmh)

                                                 HEAT     COOL           AVG
      MEAN                                       DEG      DEG            WIND                        DOM
DAY   TEMP    HIGH   TIME      LOW     TIME      DAYS     DAYS   RAIN    SPEED    HIGH    TIME       DIR
----------------------------------------------------------------------------------------------------------------------------------------------------------
01    20.1    28.5   16:06    12.6   06:28     00.0     07.3    00.0   05.3     38.9    12:34      SW
02    19.8    25.9   13:58    16.2   00:00     00.0     07.0    00.0   02.5     38.9    16:12      E 
03    18.6    23.4   16:15    15.4   07:11     00.0     05.8    01.7   04.4     20.4    10:34      E 
04    21.6    27.9   17:38    15.8   07:13     00.0     08.8    02.8   02.3     18.5    19:23     ESE
05    22.6    28.4   15:57    17.4   06:13     00.0     09.8    00.0   02.3     18.5    18:56      E 
06    24.0    30.6   16:51    17.2   05:47     00.0     11.2    00.0   02.5     20.4    19:21     SSE
07    23.3    28.5   18:24    18.1   06:12     00.0     10.5    01.1   02.3     14.8    15:04      E 
08    24.1    29.4   17:19    19.2   06:54     00.0     11.3    00.0   02.5     16.7    16:15      SE
09    24.2    30.3   16:30    18.8   06:09     00.0     11.4    00.0   03.9     20.4    16:12     ESE
10    24.5    29.8   16:08    19.1   05:28     00.0     11.7    00.0   03.2     22.2    13:49      E 
11    25.8    32.4   15:55    19.3   05:55     00.0     13.0    00.0   02.8     16.7    19:14      E 
12    26.0    32.1   16:13    19.8   05:19     00.0     13.2    00.0   02.8     18.5    18:12     ESE
13    23.5    30.8   15:05    18.8   00:00     00.0     10.7    02.3   03.0     27.8    17:13      E 
14    23.0    29.3   18:21    17.1   05:31     00.0     10.2    00.0   03.4     24.1    17:51      S 
15    19.9    21.3   00:09    18.4   12:18     00.0     07.1    30.4   02.4     16.7    07:16      NE
16    20.7    25.3   18:22    17.8   04:52     00.0     07.9    28.3   03.1     18.5    12:21     ENE
17    20.1    24.8   12:25    16.9   00:00     00.0     07.3    03.9   03.5     42.6    13:40      NE
18    21.5    26.9   17:09    15.3   06:21     00.0     08.7    00.0   03.6     25.9    15:48     WSW
19    18.2    23.8   13:28    15.1   20:00     00.0     05.4    18.3   04.6     20.4    19:32     ENE
20    14.4    15.9   00:49    12.8   09:40     00.0     01.6    45.9   04.1     25.9    12:28      NE
21    18.4    21.8   13:15    14.9   05:24     00.0     05.6    00.3   03.4     20.4    13:50     WSW
22    20.5    26.3   16:46    14.3   04:03     00.0     07.7    00.0   01.4     14.8    16:06      W 
23    22.5    27.3   17:16    17.8   06:51     00.0     09.7    00.0   02.3     22.2    13:53     SSW
24    21.5    26.9   16:15    16.7   05:22     00.0     08.7    00.0   02.4     16.7    16:33      SE
25    23.1    28.5   17:08    17.8   04:08     00.0     10.3    00.0   02.2     18.5    18:08      SW
26    23.5    29.6   18:24    17.8   06:27     00.0     10.7    00.0   02.3     14.8    19:25     ESE
27    24.9    30.1   17:49    19.6   04:45     00.0     12.1    00.0   02.3     20.4    13:50      S 
28    25.3    30.5   17:38    20.1   06:15     00.0     12.5    00.0   01.8     14.8    16:17      E 
29    26.1    31.7   16:33    20.9   06:35     00.0     13.3    00.0   01.5     14.8    16:19     ESE
30    27.0    32.8   16:10    20.9   06:23     00.0     14.2    00.0   02.5     18.5    15:57     WNW
----------------------------------------------------------------------------------------------------------------------------------------------------------
22.3 (22.5)   32.8  day 30     12.6  day 01   000.0    284.8   131.9   02.9     42.6   day 17      E 
Max >=  20: 29
Max Rain: 45.9 ON 20-06-10
Days of Rain: 10 (> .2mm) 7 (> 2mm) 3 (> 20mm)