MONTHLY CLIMATOLOGICAL SUMMARY for JUN. 2011

NAME: Davis Vantage pro 2   CITY: Rossano Veneto STATE: Italia
ELEV: 86 LAT: 4542'30.22" LONG: 1148'17.75"

                            TEMPERATURE ( C), RAIN (mm), WIND SPEED (kmh)

                                               HEAT     COOL           AVG
      MEAN                                     DEG      DEG            WIND                       DOM
DAY   TEMP    HIGH   TIME     LOW    TIME      DAYS     DAYS    RAIN   SPEED    HIGH    TIME      DIR
----------------------------------------------------------------------------------------------------------------------------------------------------------
01    21.1    24.9   16:42    18.9   07:01     00.0     07.4    00.6   00.8     14.8    20:31     ENE
02    21.9    26.9   16:50    17.7   02:47     00.0     08.2    03.8   00.8     12.9    16:22      N 
03    21.6    25.2   18:48    18.5   05:38     00.0     07.9    02.2   02.2     38.9    22:32      NW
04    23.6    29.4   15:34    18.9   06:20     00.0     09.9    00.4   05.3     25.9    12:31     ENE
05    21.2    27.2   14:20    16.8   22:10     00.0     07.5    35.2   05.1     42.5    21:31      NE
06    18.1    21.7   17:12    15.4   05:25     00.0     04.4    25.2   03.1     18.5    17:11      NE
07    16.8    20.4   12:42    14.3   04:58     00.0     03.1    45.8   02.7     38.9    14:15      N 
08    19.4    25.3   15:11    16.4   07:46     00.0     05.7    08.0   04.2     37.0    15:24      SW
09    18.6    23.9   14:18    16.1   02:41     00.0     04.9    08.8   03.0     25.9    19:08      NE
10    20.3    25.2   16:04    16.7   04:46     00.0     06.6    00.2   02.4     18.5    12:14     ENE
11    19.0    23.7   16:20    15.1   11:11     00.0     05.3    29.6   03.7     22.2    14:53      NE
12    21.7    26.9   14:32    16.3   06:38     00.0     08.0    00.0   03.1     22.2    10:18      NE
13    20.6    24.9   16:15    18.1   06:16     00.0     06.9    00.2   03.0     18.5    10:22     WNW
14    22.0    27.6   16:04    16.2   04:46     00.0     08.3    00.0   03.5     22.2    16:17      N 
15    23.6    29.1   15:31    17.4   06:24     00.0     09.9    00.0   02.3     16.6    14:19      S 
16    24.4    30.5   16:57    19.7   05:49     00.0     10.7    00.0   03.7     22.2    17:48      SE
17    22.9    27.9   13:53    19.9   03:46     00.0     09.2    00.2   04.4     24.1    16:36      NE
18    23.2    29.6   15:01    17.9   06:04     00.0     09.5    02.4   03.1     22.2    15:43      E 
19    20.4    24.4   17:22    16.4   00:00     00.0     06.7    01.8   05.8     33.3    10:40     ENE
20    21.2    27.4   15:54    14.3   05:53     00.0     07.5    00.0   03.2     20.4    12:54     ENE
21    22.9    29.5   16:56    16.8   06:03     00.0     09.2    00.0   02.8     16.6    17:56      SE
22    24.5    30.7   15:27    19.4   04:19     00.0     10.8    00.0   02.8     18.5    17:36      SE
23    24.9    30.2   16:38    19.3   05:50     00.0     11.2    00.2   04.5     25.9    17:27     SSE
24    22.2    26.2   12:50    18.6   23:58     00.0     08.5    00.0   06.2     33.3    15:26     ENE
25    22.2    27.5   15:32    17.1   06:08     00.0     08.5    00.0   04.0     24.1    15:57      SE
26    22.9    29.8   17:29    16.0   06:12     00.0     09.2    00.0   03.5     20.4    18:58      SE
27    24.7    30.2   15:39    18.2   06:14     00.0     11.0    00.0   02.8     18.5    19:17      E 
28    26.6    31.8   15:35    21.5   06:30     00.0     12.9    00.0   03.2     18.5    18:09      SE
29    27.1    32.6   16:46    22.6   06:39     00.0     13.4    00.0   03.5     24.1    17:31      SE
30    23.8    29.1   15:57    18.9   06:21     00.0     10.1    32.6   04.0     31.4    01:37      N 
----------------------------------------------------------------------------------------------------------------------------------------------------------
22.1 (22.5)   32.6  day 29     14.3  day 20   000.0    252.3   197.2   03.4     42.6   day 05     ENE
Max >=  20: 30
Max Rain: 45.8 ON 7-06-11
Days of Rain: 71 (> .2mm) 64 (> 2mm) 22 (> 20mm)