MONTHLY CLIMATOLOGICAL SUMMARY for JUN. 2012

NAME: Davis Vantage pro 2   CITY: Rossano Veneto STATE: Italia
ELEV: 86 LAT: 4542'30.22" LONG: 1148'17.75"

                            TEMPERATURE ( C), RAIN (mm), WIND SPEED (kmh)

                                               HEAT     COOL           AVG
      MEAN                                     DEG      DEG            WIND                       DOM
DAY   TEMP    HIGH   TIME     LOW    TIME      DAYS     DAYS    RAIN   SPEED    HIGH    TIME      DIR
----------------------------------------------------------------------------------------------------------------------------------------------------------
01    21.6    23.7   17:36    18.9   06:22     00.0     07.9    00.0   02.3     14.8    11:12     ENE
02    21.9    25.2   16:11    19.6   06:07     00.0     08.2    00.0   02.0     13.0    18:06      NE
03    21.7    25.7   16:12    19.1   04:56     00.0     08.0    00.0   00.6     14.8    21:20      E 
04    18.6    20.5   10:05    15.2   00:00     00.0     04.9    16.2   00.3     09.3    18:39      E 
05    19.6    25.9   15:17    12.6   05:54     00.0     05.9    00.0   02.3     20.4    15:04     SSE
06    21.0    24.9   14:05    17.9   06:12     00.0     07.3    00.0   03.7     20.4    08:28     ENE
07    21.8    25.3   16:50    18.8   06:35     00.0     08.1    00.0   01.4     14.8    17:15      E 
08    21.3    24.3   16:54    17.3   06:30     00.0     07.6    00.2   03.6     24.1    16:01     ENE
09    21.3    25.4   14:43    17.2   05:50     00.0     07.6    00.0   04.9     29.6    09:53     ENE
10    21.3    24.0   10:04    19.1   11:00     00.0     07.6    00.0   04.5     25.9    13:15      NE
11    18.8    24.7   17:05    15.1   23:09     00.0     05.1    21.8   02.9     44.4    20:03      NE
12    17.8    23.7   14:20    13.7   05:55     00.0     04.1    04.6   06.3     38.9    17:02     WSW
13    18.4    26.4   15:31    13.0   06:33     00.0     04.7    01.4   02.5     27.8    17:23     ENE
14    20.1    26.3   16:31    13.1   05:52     00.0     06.4    00.0   02.2     14.8    19:12     SSW
15    21.9    28.6   15:59    15.3   06:36     00.0     08.2    00.0   02.4     18.5    18:43     ESE
16    24.2    30.8   15:50    16.5   06:24     00.0     10.5    00.0   02.1     18.5    18:22      SE
17    26.1    32.4   16:16    18.9   06:30     00.0     12.4    00.0   01.5     14.8    04:11     ENE
18    27.7    33.9   15:27    20.7   05:37     00.0     14.0    00.0   01.9     14.8    13:02     ENE
19    28.4    34.3   16:47    21.3   06:26     00.0     14.7    00.0   01.9     14.8    12:13     SSE
20    28.7    34.2   16:13    22.8   06:17     00.0     15.0    00.0   02.1     16.7    13:50      SE
21    28.6    34.3   15:44    23.2   06:41     00.0     14.9    00.0   03.0     18.5    17:06     ESE
22    28.3    33.8   16:02    22.9   06:37     00.0     14.6    00.0   03.8     20.4    00:35      E 
23    25.2    29.6   11:48    20.3   14:10     00.0     11.5    04.0   04.7     33.3    12:08      NE
24    26.1    31.6   15:44    19.6   06:30     00.0     12.4    00.0   02.5     18.5    12:22     ENE
25    25.9    31.8   18:07    21.4   00:00     00.0     12.2    00.0   05.3     38.9    19:35     ENE
26    24.6    30.0   16:10    19.7   05:52     00.0     10.9    00.0   05.1     24.1    08:06     ENE
27    25.0    30.7   17:04    18.7   06:33     00.0     11.3    00.0   03.1     18.5    18:44     ESE
28    25.9    32.1   15:53    20.1   06:42     00.0     12.2    00.0   02.6     18.5    18:49      SE
29    27.0    33.2   16:33    20.8   05:48     00.0     13.3    00.0   02.5     16.7    17:43      SE
30    28.4    35.2   16:20    22.6   06:23     00.0     14.7    00.0   02.8     18.5    19:08     ESE
----------------------------------------------------------------------------------------------------------------------------------------------------------
23.6 (23.6)   35.2  day 30     12.6  day 05   000.0    296.2   048.2   02.9     44.4   day 11      E 
Max >=  27: 16
Max <=   21: 1
Min <=   13: 2
Max Rain: 21.8 ON 11-06-12
Days of Rain: 6 (> .2mm) 4 (> 2mm) 1 (> 20mm)