MONTHLY CLIMATOLOGICAL SUMMARY for JUN. 2013

NAME: Davis Vantage pro 2   CITY: Rossano Veneto STATE: Italia
ELEV: 86 LAT: 4542'30.22" LONG: 1148'17.75"

                            TEMPERATURE ( C), RAIN (mm), WIND SPEED (kmh)

                                               HEAT     COOL           AVG
      MEAN                                     DEG      DEG            WIND                       DOM
DAY   TEMP    HIGH   TIME     LOW    TIME      DAYS     DAYS    RAIN   SPEED    HIGH    TIME      DIR
----------------------------------------------------------------------------------------------------------------------------------------------------------
01    16.1    21.4   13:41    10.8   06:28     00.0     02.4    00.2   02.6     18.5    08:17     ESE
02    16.0    19.7   17:38    12.7   06:01     00.0     02.3    00.0   01.5     13.0    19:22     ENE
03    19.3    24.7   15:50    13.6   07:07     00.0     05.6    00.0   02.6     20.4    15:30     SSW
04    20.2    26.6   15:57    15.9   06:35     00.0     06.5    00.6   03.5     22.2    03:21     NNW
05    19.8    26.2   14:41    15.9   06:16     00.0     06.1    10.0   03.0     27.8    17:50      NW
06    19.3    27.1   16:10    14.7   02:56     00.0     05.6    49.0   02.3     44.4    18:51      SW
07    20.5    27.3   17:46    13.7   06:30     00.0     06.8    00.0   01.6     16.7    15:37      NW
08    22.5    29.2   16:35    16.3   05:56     00.0     08.8    00.0   03.4     42.6    19:57      E 
09    19.8    26.0   13:28    16.1   00:00     00.0     06.1    02.8   03.3     31.5    15:48      NE
10    18.9    22.5   18:54    15.1   06:39     00.0     05.2    00.0   02.0     16.7    18:49     WSW
11    20.2    27.2   14:47    15.0   03:33     00.0     06.5    00.8   01.5     14.8    17:27     NNE
12    22.7    29.0   16:48    16.3   06:33     00.0     09.0    00.0   02.0     18.5    17:49      SW
13    24.1    29.9   17:04    18.1   06:33     00.0     10.4    00.0   02.0     18.5    12:57     WSW
14    24.7    31.0   16:23    18.5   07:03     00.0     11.0    00.0   01.6     14.8    15:47      SE
15    25.9    31.8   15:54    19.3   06:24     00.0     12.2    00.0   01.9     18.5    18:32     ESE
16    26.2    32.4   16:32    20.9   04:14     00.0     12.5    00.0   02.1     18.5    18:19      E 
17    27.4    33.4   16:41    21.3   06:19     00.0     13.7    00.0   01.9     18.5    19:03     ESE
18    28.3    34.5   16:06    22.6   05:45     00.0     14.6    00.0   01.5     16.7    18:55     ESE
19    28.7    34.9   16:00    23.3   05:52     00.0     15.0    00.0   01.8     20.4    14:25      E 
20    28.7    34.7   15:31    23.2   06:14     00.0     15.0    00.0   02.7     24.1    18:07     ESE
21    27.3    32.0   15:51    21.8   06:11     00.0     13.6    00.0   02.5     18.5    16:50      SW
22    25.3    31.4   15:50    20.5   05:01     00.0     11.6    00.0   03.0     27.8    17:34      NE
23    25.6    31.3   16:03    19.3   06:24     00.0     11.9    00.0   03.0     22.2    15:44      SW
24    19.9    23.4   00:01    15.3   08:52     00.0     06.2    09.4   05.4     38.9    06:34     NNW
25    20.9    28.2   14:40    15.1   06:24     00.0     07.2    01.4   02.9     25.9    16:17     ENE
26    19.1    24.8   14:03    15.6   03:46     00.0     05.4    02.8   04.3     29.6    20:29      NW
27    18.9    23.9   14:20    14.4   06:23     00.0     05.2    00.6   02.6     22.2    23:43      E 
28    17.6    22.6   12:58    12.6   07:52     00.0     03.9    17.8   03.5     29.6    11:31      NE
29    19.6    24.5   14:13    14.3   05:19     00.0     05.9    00.0   03.6     18.5    17:57      W 
30    21.9    28.7   16:11    13.6   06:13     00.0     08.2    00.0   01.8     20.4    17:57      S 
----------------------------------------------------------------------------------------------------------------------------------------------------------
22.2 (22.4)   34.9  day 19     10.8  day 01   000.0    254.2   095.4   02.6     44.4   day 06     ENE
Max >=  27: 18
Max <=   21: 1
Min <=   13: 3
Min <= 11: 1
Max Rain: 49.0 ON 6-06-13
Days of Rain: 11 (> .2mm) 6 (> 2mm) 1 (> 20mm)