MONTHLY CLIMATOLOGICAL SUMMARY for JUN. 2014

NAME:    CITY:  STATE: 
ELEV:  LAT:  LONG: 

                            TEMPERATURE ( C), RAIN (mm), WIND SPEED (kmh)

                                               HEAT     COOL           AVG
      MEAN                                     DEG      DEG            WIND                       DOM
DAY   TEMP    HIGH   TIME     LOW    TIME      DAYS     DAYS    RAIN   SPEED    HIGH    TIME      DIR
----------------------------------------------------------------------------------------------------------------------------------------------------------
01    19.0    25.1   14:18    12.1   05:39     00.0     00.7    00.0   02.4     18.5    13:05      SW
02    19.4    24.8   14:09    14.5   01:49     00.0     01.1    00.0   02.3     20.4    14:24      N 
03    19.2    26.1   14:41    14.5   05:45     00.0     00.9    00.2   02.4     24.1    16:15      N 
04    20.2    25.4   14:03    15.1   06:20     00.0     01.9    00.0   01.8     20.4    20:17      SW
05    20.6    26.2   16:15    14.0   06:11     00.0     02.3    00.0   01.6     16.6    15:08      E 
06    22.4    28.7   16:30    15.9   05:45     00.0     04.1    00.0   01.9     18.5    15:52     SSE
07    24.4    30.9   17:21    17.4   05:39     00.0     06.1    00.0   01.0     14.8    12:12     WSW
08    26.5    33.5   15:09    18.1   05:46     00.0     08.2    00.0   01.3     14.8    19:13      SE
09    27.5    33.4   15:19    21.1   06:30     00.0     09.2    00.0   01.3     18.5    13:06     ESE
10    28.3    34.6   16:21    20.9   06:28     00.0     10.0    00.0   01.3     18.5    16:04      E 
11    28.7    35.4   16:22    21.2   05:23     00.0     10.4    00.0   01.6     29.6    22:07     NNE
12    28.9    35.8   15:18    19.6   23:56     00.0     10.6    19.4   03.5     37.0    20:20     NNE
13    25.1    31.2   15:30    19.2   01:37     00.0     06.8    01.6   03.7     25.9    22:35      N 
14    21.7    28.4   11:06    15.3   15:51     00.0     03.4    63.4   03.8     48.1    15:33      NE
15    20.4    24.1   15:53    16.5   00:42     00.0     02.1    00.6   05.3     25.9    12:23      NE
16    21.0    24.9   15:02    18.6   23:14     00.0     02.7    00.0   04.5     20.4    17:42     ENE
17    21.4    26.3   15:08    17.5   05:40     00.0     03.1    00.0   01.7     24.1    14:22     ENE
18    21.5    27.8   16:32    15.7   05:43     00.0     03.2    04.4   03.3     31.4    21:02      NE
19    22.0    28.0   14:41    17.2   03:24     00.0     03.7    00.4   03.7     22.2    16:07      W 
20    22.8    28.7   15:01    16.9   06:33     00.0     04.5    00.0   02.0     20.4    23:45      E 
21    22.2    26.6   15:17    18.7   06:35     00.0     03.9    00.0   03.9     24.1    01:29      E 
22    22.7    27.4   17:00    18.7   04:52     00.0     04.4    00.6   01.1     14.8    12:25     ENE
23    22.8    27.2   17:07    18.4   05:44     00.0     04.5    01.6   01.2     37.0    01:46     NNE
24    21.6    26.8   15:42    16.2   06:23     00.0     03.3    35.8   02.4     46.3    02:03     ENE
25    18.8    22.3   17:38    16.7   06:02     00.0     00.5    30.6   02.3     27.8    01:07      E 
26    21.8    27.2   14:56    16.2   06:06     00.0     03.5    00.2   02.9     24.1    15:29      E 
27    22.6    26.9   13:46    17.5   06:08     00.0     04.3    00.0   01.4     16.6    10:43     ENE
28    23.5    28.8   16:00    19.0   06:19     00.0     05.2    00.8   01.9     16.6    17:21     ENE
29    21.1    25.5   14:14    17.1   19:54     00.0     02.8    21.8   01.8     35.1    17:35      NE
30    19.4    26.9   15:19    15.0   06:03     00.0     01.1    06.2   03.4     33.3    00:43      NW
----------------------------------------------------------------------------------------------------------------------------------------------------------
22.6 (22.7)   35.8  day 12     12.1  day 01   000.0    128.5   187.6   02.4     48.1   day 14     ENE
Max >=  30: 7
Min <=   30: 30
Max Rain: 63.4 ON 14-06-14
Days of Rain: 15 (> .2mm) 7 (> 2mm) 4 (> 20mm)