MONTHLY CLIMATOLOGICAL SUMMARY for JUL. 2010

NAME: LaCrossWS3600   CITY: Rossano Veneto STATE: Italia
ELEV: 86 LAT: 4542'30.22" LONG: 1148'17.75"

                            TEMPERATURE ( C), RAIN (mm), WIND SPEED (kmh)

                                                 HEAT     COOL           AVG
      MEAN                                       DEG      DEG            WIND                        DOM
DAY   TEMP    HIGH   TIME      LOW     TIME      DAYS     DAYS   RAIN    SPEED    HIGH    TIME       DIR
----------------------------------------------------------------------------------------------------------------------------------------------------------
01    26.9    32.6   16:13    20.7   06:04     00.0     14.1    00.0   01.6     14.8    14:20      NE
02    27.3    33.2   15:43    21.7   05:12     00.0     14.5    00.0   02.0     16.7    12:57     SSE
03    28.0    33.7   16:21    22.9   04:44     00.0     15.2    00.0   02.5     14.8    16:29      W 
04    27.4    34.3   16:40    20.8   22:46     00.0     14.6    47.5   03.7     38.9    19:21     ENE
05    26.2    32.4   16:01    20.5   02:56     00.0     13.4    04.8   03.1     20.4    04:45      N 
06    24.5    31.1   15:33    20.3   00:00     00.0     11.7    02.3   02.6     37.0    16:50     ESE
07    23.7    28.8   13:48    18.6   06:07     00.0     10.9    00.0   02.7     18.5    16:58      E 
08    24.5    29.1   18:22    21.1   06:45     00.0     11.7    00.0   03.3     14.8    18:39      E 
09    25.6    31.2   18:01    19.4   06:33     00.0     12.8    00.0   01.8     13.0    14:52      S 
10    27.2    32.8   16:27    21.2   06:12     00.0     14.4    00.0   01.6     13.0    18:03     ESE
11    27.7    33.7   16:35    22.6   06:00     00.0     14.9    00.0   02.3     27.8    09:51      SE
12    28.1    33.6   15:30    23.1   06:07     00.0     15.3    00.0   02.1     16.7    15:25      SW
13    27.5    33.2   17:06    22.3   06:19     00.0     14.7    00.0   02.7     20.4    21:24     ESE
14    28.3    33.9   16:31    23.1   01:36     00.0     15.5    00.0   02.6     31.5    14:02     SSW
15    29.0    35.3   16:26    23.1   06:17     00.0     16.2    00.0   02.1     16.7    15:17     ESE
16    30.1    36.3   18:12    24.0   06:26     00.0     17.3    00.0   01.8     14.8    14:27     ENE
17    29.3    35.5   14:47    24.3   06:25     00.0     16.5    00.0   02.3     24.1    17:31      E 
18    23.8    28.5   18:07    18.0   04:27     00.0     11.0    32.1   03.8     61.1    03:47      NE
19    24.9    30.0   15:40    19.5   06:55     00.0     12.1    00.0   02.1     13.0    16:21     ENE
20    25.8    30.6   17:08    20.8   06:27     00.0     13.0    00.0   03.0     18.5    12:26      E 
21    26.6    32.3   17:09    20.6   06:34     00.0     13.8    00.0   02.3     16.7    13:36      SE
22    27.4    33.1   17:21    21.8   06:18     00.0     14.6    00.0   02.7     14.8    18:35      SE
23    26.3    32.4   15:48    19.6   22:22     00.0     13.5    21.5   03.1     44.4    21:48      E 
24    24.6    30.8   16:57    19.3   05:41     00.0     11.8    00.0   03.0     22.2    02:54      N 
25    22.5    29.4   16:59    16.4   06:39     00.0     09.7    17.3   03.1     31.5    20:01      SE
26    21.7    27.6   15:33    15.5   05:44     00.0     08.9    00.0   02.5     18.5    16:01     WSW
27    20.3    25.3   15:25    16.3   04:56     00.0     07.5    00.3   01.4     22.2    15:52     ENE
28    22.6    29.6   17:44    15.6   06:05     00.0     09.8    00.0   02.5     22.2    12:41      SE
29    19.3    21.8   00:12    17.1   00:00     00.0     06.5    48.8   03.4     24.1    11:30     ENE
30    19.1    25.6   16:22    14.4   06:52     00.0     06.3    00.3   02.5     16.7    16:58      E 
31    22.0    28.2   18:19    15.5   06:54     00.0     09.2    00.0   02.2     16.7    15:24      W 
----------------------------------------------------------------------------------------------------------------------------------------------------------
25.4 (25.6)   36.3  day 16     14.4  day 30   000.0    391.4   174.9   02.5     61.1   day 18      E 
Max >=  20: 31
Max Rain: 48.8 ON 29-07-10
Days of Rain: 9 (> .2mm) 7 (> 2mm) 4 (> 20mm)