MONTHLY CLIMATOLOGICAL SUMMARY for JUL. 2011

NAME: Davis Vantage pro 2   CITY: Rossano Veneto STATE: Italia
ELEV: 86 LAT: 4542'30.22" LONG: 1148'17.75"

                            TEMPERATURE ( C), RAIN (mm), WIND SPEED (kmh)

                                               HEAT     COOL           AVG
      MEAN                                     DEG      DEG            WIND                       DOM
DAY   TEMP    HIGH   TIME     LOW    TIME      DAYS     DAYS    RAIN   SPEED    HIGH    TIME      DIR
----------------------------------------------------------------------------------------------------------------------------------------------------------
01    21.3    26.2   16:30    18.2   02:29     00.0     07.6    00.0   04.0     37.0    00:33     ENE
02    20.2    24.9   15:42    14.7   06:33     00.0     06.5    00.0   03.3     18.5    18:07      E 
03    21.2    27.8   17:21    14.1   06:01     00.0     07.5    00.0   03.8     20.4    14:44      S 
04    22.9    28.4   17:03    17.0   06:28     00.0     09.2    00.0   03.6     16.6    19:16     ENE
05    23.1    27.1   16:11    18.7   07:06     00.0     09.4    10.6   04.7     22.2    13:32     ESE
06    23.0    28.7   15:21    17.2   06:30     00.0     09.3    14.8   03.5     22.2    00:07      SE
07    24.7    29.7   15:41    20.7   04:40     00.0     11.0    13.2   03.7     31.4    19:23      E 
08    25.2    31.7   16:48    19.7   05:44     00.0     11.5    00.4   03.5     18.5    13:44     ENE
09    26.9    32.3   16:46    21.3   06:24     00.0     13.2    00.0   03.0     20.4    12:32     ENE
10    27.6    33.4   16:44    21.7   05:36     00.0     13.9    00.0   02.7     16.6    18:05     ESE
11    27.3    32.9   17:26    20.7   06:40     00.0     13.6    03.6   02.9     31.4    01:58     SSW
12    27.9    33.1   16:30    23.3   06:30     00.0     14.2    00.0   03.0     18.5    12:17     ENE
13    27.2    32.6   14:46    22.9   05:59     00.0     13.5    00.0   03.4     18.5    21:58     ENE
14    27.5    32.5   17:21    22.8   05:03     00.0     13.8    00.0   04.1     20.4    16:21     ENE
15    24.7    29.9   13:57    21.8   22:25     00.0     11.0    00.2   05.1     29.6    18:42     ENE
16    23.4    28.9   16:46    18.1   06:11     00.0     09.7    01.2   04.1     31.4    17:39     ENE
17    23.4    28.6   16:49    19.1   05:52     00.0     09.7    14.2   02.9     18.5    22:41     ESE
18    24.4    30.2   15:40    19.1   06:35     00.0     10.7    00.2   03.9     31.4    15:26      W 
19    22.1    27.5   15:59    17.6   06:42     00.0     08.4    04.8   03.1     33.3    20:02     SSE
20    20.2    25.9   18:28    16.2   08:56     00.0     06.5    07.4   02.8     18.5    17:36      SE
21    22.1    29.3   16:29    15.8   06:53     00.0     08.4    00.0   03.9     31.4    19:41      W 
22    22.8    28.9   18:01    16.1   06:44     00.0     09.1    00.0   03.8     18.5    17:36     SSE
23    20.4    25.4   17:30    17.0   08:18     00.0     06.7    22.4   03.6     29.6    03:36      NE
24    16.9    19.0   00:01    14.7   06:42     00.0     03.2    40.2   03.2     22.2    00:27      W 
25    19.1    25.6   16:15    13.7   04:06     00.0     05.4    02.8   02.7     16.6    22:29      S 
26    19.5    25.2   14:28    15.8   06:28     00.0     05.8    01.8   02.4     25.9    15:55     WNW
27    19.9    24.4   13:57    15.9   06:17     00.0     06.2    05.4   03.0     25.9    19:22     ENE
28    21.4    27.1   15:32    16.8   05:42     00.0     07.7    00.2   02.6     18.5    15:59     WNW
29    23.1    28.1   16:38    18.6   06:22     00.0     09.4    00.0   02.8     24.1    16:39     WSW
30    22.3    28.3   16:48    17.6   06:53     00.0     08.6    16.6   04.1     33.3    21:14     ENE
31    22.7    28.4   16:03    17.8   06:19     00.0     09.0    00.2   02.7     18.5    14:02     ESE
----------------------------------------------------------------------------------------------------------------------------------------------------------
23.0 (23.3)   33.4  day 10     13.7  day 25   000.0    289.7   160.2   03.4     37.0   day 30      E 
Max >=  20: 30
Max Rain: 40.2 ON 24-07-11
Days of Rain: 73 (> .2mm) 12 (> 2mm) 2 (> 20mm)