MONTHLY CLIMATOLOGICAL SUMMARY for JUL. 2012

NAME: Davis Vantage pro 2   CITY: Rossano Veneto STATE: Italia
ELEV: 86 LAT: 4542'30.22" LONG: 1148'17.75"

                            TEMPERATURE ( C), RAIN (mm), WIND SPEED (kmh)

                                               HEAT     COOL           AVG
      MEAN                                     DEG      DEG            WIND                       DOM
DAY   TEMP    HIGH   TIME     LOW    TIME      DAYS     DAYS    RAIN   SPEED    HIGH    TIME      DIR
----------------------------------------------------------------------------------------------------------------------------------------------------------
01    29.2    35.7   17:41    23.1   06:27     00.0     15.5    00.0   02.1     18.5    18:08     ESE
02    28.6    35.3   15:27    21.9   19:57     00.0     14.9    12.4   04.4     35.2    19:27     ENE
03    27.3    32.7   15:52    22.8   04:50     00.0     13.6    00.0   04.1     24.1    17:02      N 
04    27.1    32.3   16:01    21.1   06:33     00.0     13.4    00.0   03.6     22.2    15:05      E 
05    27.9    33.4   16:48    21.7   06:38     00.0     14.2    00.0   02.4     16.7    21:31     ESE
06    25.4    32.1   15:05    21.3   19:47     00.0     11.7    01.4   05.4     35.2    09:01     NNW
07    26.0    31.6   17:06    20.3   06:46     00.0     12.3    00.0   03.4     22.2    17:22      SW
08    26.9    34.0   17:43    20.0   04:46     00.0     13.2    00.0   02.5     18.5    19:47     SSE
09    27.7    33.2   16:02    20.7   06:34     00.0     14.0    00.0   03.0     18.5    17:18     ESE
10    27.2    32.6   16:14    22.1   06:23     00.0     13.5    00.0   02.9     24.1    13:10      NE
11    27.4    33.4   16:12    20.3   00:00     00.0     13.7    06.0   05.1     48.1    22:20      SW
12    25.1    30.8   16:24    18.4   06:44     00.0     11.4    00.2   02.8     18.5    15:07     ENE
13    22.6    26.8   17:38    18.2   09:06     00.0     08.9    12.0   06.4     33.3    08:56      NE
14    23.7    29.6   15:16    19.7   06:41     00.0     10.0    02.0   02.3     20.4    17:51     NNE
15    22.5    26.9   11:20    19.4   06:35     00.0     08.8    04.4   04.5     29.6    13:18      NE
16    23.3    28.7   16:11    17.6   06:36     00.0     09.6    00.0   03.5     18.5    19:41     SSW
17    23.3    30.3   16:35    16.8   06:18     00.0     09.6    00.0   02.8     18.5    17:37      SE
18    25.0    31.5   16:32    18.9   05:35     00.0     11.3    00.0   02.8     22.2    18:39     ESE
19    26.0    32.6   17:01    19.2   05:45     00.0     12.3    00.0   02.9     16.7    14:54      E 
20    26.7    33.0   16:58    21.7   06:12     00.0     13.0    00.0   04.0     22.2    19:07     ENE
21    22.2    25.2   18:04    18.0   12:37     00.0     08.5    20.6   04.3     29.6    13:50      NE
22    20.9    26.8   14:08    17.3   22:43     00.0     07.2    00.4   03.7     42.6    15:30     NNE
23    22.8    28.0   17:22    18.0   01:06     00.0     09.1    00.0   04.5     33.3    15:36     ENE
24    24.0    29.1   15:35    20.1   04:32     00.0     10.3    01.4   01.9     22.2    21:48     NNE
25    23.6    28.8   16:15    18.7   06:45     00.0     09.9    00.0   01.9     16.7    20:09      N 
26    25.2    31.6   16:44    19.1   06:55     00.0     11.5    00.0   02.0     16.7    14:11      SE
27    27.5    33.6   16:21    21.7   06:57     00.0     13.8    00.0   01.8     14.8    13:46      E 
28    27.5    33.3   17:14    22.5   00:00     00.0     13.8    02.6   02.3     18.5    20:38      E 
29    26.7    33.6   15:22    21.4   05:14     00.0     13.0    00.2   03.7     22.2    19:12      SE
30    26.2    31.0   15:12    22.1   04:11     00.0     12.5    00.0   05.3     27.8    13:59     ENE
31    26.4    32.1   14:52    20.1   06:52     00.0     12.7    00.0   03.3     22.2    13:34     ENE
----------------------------------------------------------------------------------------------------------------------------------------------------------
25.5 (25.7)   35.7  day 01     16.8  day 17   000.0    367.1   063.6   03.4     48.1   day 11     ENE
Max >=  27: 27
Max Rain: 20.6 ON 21-07-12
Days of Rain: 11 (> .2mm) 6 (> 2mm) 1 (> 20mm)