MONTHLY CLIMATOLOGICAL SUMMARY for JUL. 2013

NAME: Davis Vantage pro 2   CITY: Rossano Veneto STATE: Italia
ELEV: 86 LAT: 4542'30.22" LONG: 1148'17.75"

                            TEMPERATURE ( C), RAIN (mm), WIND SPEED (kmh)

                                               HEAT     COOL           AVG
      MEAN                                     DEG      DEG            WIND                       DOM
DAY   TEMP    HIGH   TIME     LOW    TIME      DAYS     DAYS    RAIN   SPEED    HIGH    TIME      DIR
----------------------------------------------------------------------------------------------------------------------------------------------------------
01    22.4    28.2   16:20    17.4   06:20     00.0     08.7    00.0   02.4     22.2    18:27      E 
02    23.3    29.7   16:31    16.4   06:10     00.0     09.6    00.0   01.5     18.5    19:31     ESE
03    23.9    29.3   15:46    18.9   04:11     00.0     10.2    00.0   01.4     18.5    15:32      E 
04    24.6    30.6   14:55    20.3   03:09     00.0     10.9    00.0   03.4     25.9    15:02     NNW
05    26.6    33.4   16:14    20.6   05:12     00.0     12.9    00.2   01.7     18.5    13:37     NNW
06    24.7    32.2   15:31    20.8   05:54     00.0     11.0    06.8   01.8     31.5    16:11     WNW
07    26.0    31.0   17:24    20.6   06:41     00.0     12.3    00.0   03.0     24.1    14:15      NE
08    26.4    30.9   13:34    21.4   05:55     00.0     12.7    00.0   02.1     20.4    13:16      E 
09    26.9    31.8   17:48    21.4   06:21     00.0     13.2    00.0   02.2     18.5    14:10     ENE
10    26.2    31.0   15:02    22.5   05:20     00.0     12.5    00.0   01.6     14.8    15:17      N 
11    26.2    32.7   15:56    19.2   00:00     00.0     12.5    04.0   03.1     37.0    21:09      NE
12    24.1    29.1   15:00    18.8   06:12     00.0     10.4    02.8   02.5     18.5    12:46      E 
13    24.5    29.9   16:20    18.3   21:41     00.0     10.8    21.8   02.4     50.0    20:43      E 
14    24.2    29.9   14:29    18.1   05:09     00.0     10.5    00.0   02.5     20.4    11:41     ESE
15    25.6    30.8   14:52    20.3   06:54     00.0     11.9    00.0   01.9     18.5    18:03     SSE
16    25.1    28.8   15:10    22.2   03:31     00.0     11.4    00.0   03.0     18.5    08:24      E 
17    24.9    29.9   16:08    20.7   04:40     00.0     11.2    00.0   01.6     14.8    19:43      E 
18    25.3    31.1   15:43    19.7   05:13     00.0     11.6    00.0   00.7     16.7    16:16      NE
19    26.1    32.3   15:18    19.2   06:05     00.0     12.4    00.0   01.3     14.8    22:37     NNE
20    27.4    33.3   16:01    21.3   04:05     00.0     13.7    00.0   01.5     16.7    15:16     NNE
21    26.4    31.6   15:47    22.4   04:00     00.0     12.7    00.0   02.1     20.4    11:38     ENE
22    27.5    32.3   16:18    21.9   06:49     00.0     13.8    00.0   01.7     16.7    14:36     SSW
23    28.4    33.9   14:55    22.8   06:50     00.0     14.7    00.0   02.4     18.5    07:13     WSW
24    26.5    33.3   15:37    22.5   06:52     00.0     12.8    00.6   01.5     20.4    18:26      NE
25    27.5    33.9   16:51    21.0   05:19     00.0     13.8    00.0   02.0     18.5    06:43     WNW
26    28.6    35.0   15:55    22.7   06:23     00.0     14.9    00.0   01.4     18.5    16:01      S 
27    29.5    35.6   15:55    23.6   06:19     00.0     15.8    00.0   02.4     20.4    16:18     SSE
28    29.9    36.8   16:32    24.2   07:00     00.0     16.2    00.0   01.8     16.7    19:12     ESE
29    24.8    30.0   11:57    17.0   21:19     00.0     11.1    36.4   02.4     55.5    19:53     NNE
30    23.9    31.2   16:37    16.0   06:03     00.0     10.2    00.2   01.7     16.7    23:50     WSW
31    26.0    31.3   16:02    19.4   06:38     00.0     12.3    00.0   02.1     18.5    15:22     SSW
----------------------------------------------------------------------------------------------------------------------------------------------------------
25.9 (26.0)   36.8  day 28     16.0  day 30   000.0    378.7   072.8   02.0     55.5   day 29     ENE
Max >=  27: 31
Max Rain: 36.4 ON 29-07-13
Days of Rain: 6 (> .2mm) 5 (> 2mm) 2 (> 20mm)