MONTHLY CLIMATOLOGICAL SUMMARY for AUG. 2010

NAME: LaCrossWS3600   CITY: Rossano Veneto STATE: Italia
ELEV: 86 LAT: 4542'30.22" LONG: 1148'17.75"

                            TEMPERATURE ( C), RAIN (mm), WIND SPEED (kmh)

                                                 HEAT     COOL           AVG
      MEAN                                       DEG      DEG            WIND                        DOM
DAY   TEMP    HIGH   TIME      LOW     TIME      DAYS     DAYS   RAIN    SPEED    HIGH    TIME       DIR
----------------------------------------------------------------------------------------------------------------------------------------------------------
01    23.6    30.3   17:25    17.0   05:30     00.0     10.8    00.0   01.9     16.7    15:53      S 
02    24.7    31.3   17:33    18.1   06:14     00.0     11.9    00.0   01.9     14.8    15:58      S 
03    24.6    29.7   15:09    20.6   06:52     00.0     11.8    00.0   01.9     20.4    23:58     ENE
04    23.4    29.2   16:41    17.8   06:57     00.0     10.6    01.3   02.3     16.7    15:41      E 
05    18.8    21.4   09:40    16.6   00:00     00.0     06.0    26.2   01.7     16.7    16:40      NE
06    19.8    25.6   14:54    15.5   06:26     00.0     07.0    00.3   02.4     35.2    18:09      N 
07    21.7    28.4   17:42    14.6   07:09     00.0     08.9    00.0   02.3     16.7    16:54      SW
08    22.8    28.5   15:35    17.2   07:00     00.0     10.0    00.0   02.4     16.7    17:40     ESE
09    24.2    29.9   16:28    18.3   06:53     00.0     11.4    00.0   01.4     16.7    16:43      SE
10    24.4    30.4   17:08    19.6   04:48     00.0     11.6    00.0   01.5     18.5    18:53      NE
11    24.8    31.3   15:55    18.9   06:25     00.0     12.0    00.0   01.7     13.0    16:23      NW
12    24.5    29.4   17:03    19.9   05:53     00.0     11.7    00.0   02.4     18.5    12:18     ENE
13    19.8    22.6   00:21    16.8   04:22     00.0     07.0    42.4   02.5     50.0    02:37      NE
14    19.7    24.1   12:01    16.4   06:23     00.0     06.9    20.2   04.8     27.8    19:32     ENE
15    22.4    28.4   16:23    18.5   00:00     00.0     09.6    00.0   03.4     20.4    12:00      SW
16    20.6    25.8   13:35    15.3   07:01     00.0     07.8    00.0   03.1     20.4    15:55     WSW
17    20.8    26.4   16:20    14.8   06:30     00.0     08.0    00.0   01.9     09.3    16:20     ENE
18    22.9    28.0   17:15    19.1   04:15     00.0     10.1    00.0   02.4     16.7    16:00      SE
19    23.5    29.2   16:40    18.3   05:10     00.0     10.7    00.0   01.9     14.8    12:05      E 
20    24.3    29.6   13:50    20.3   06:55     00.0     11.5    00.0   01.6     13.0    17:35     WNW
21    25.8    31.9   16:40    19.3   06:55     00.0     13.0    00.0   01.6     07.4    19:20      NE
22    26.6    32.2   16:30    21.0   06:54     00.0     13.8    00.0   01.4     16.7    16:00     WSW
23    26.2    32.8   16:51    20.4   06:58     00.0     13.4    00.0   02.2     18.5    13:10      S 
24    25.2    30.6   16:42    20.6   05:54     00.0     12.4    00.0   02.6     20.4    17:57      SE
25    26.0    30.8   17:40    22.2   07:02     00.0     13.2    00.0   02.4     16.7    11:56      E 
26    25.9    31.3   16:58    20.5   06:23     00.0     13.1    00.0   01.8     13.0    16:26     ESE
27    25.6    30.3   17:17    22.3   00:00     00.0     12.8    00.0   02.8     44.4    17:16     WSW
28    22.2    29.1   13:38    17.4   23:39     00.0     09.4    09.6   03.1     46.3    15:47     ENE
29    20.1    25.0   17:14    15.0   07:24     00.0     07.3    00.0   02.2     14.8    18:36     ESE
30    16.8    20.3   10:52    13.9   00:00     00.0     04.0    02.5   03.0     31.5    15:15      E 
31    18.1    26.5   16:53    10.4   07:05     00.0     05.3    00.0   02.3     22.2    23:11     NNE
----------------------------------------------------------------------------------------------------------------------------------------------------------
22.9 (23.2)   32.8  day 23     10.4  day 31   000.0    313.0   102.5   02.3     50.0   day 13      E 
Max >=  20: 31
Max Rain: 42.4 ON 13-08-10
Days of Rain: 7 (> .2mm) 5 (> 2mm) 3 (> 20mm)